Last updated on 2022-08-09 23:53:52 CEST.
Flavor | Version | Tinstall | Tcheck | Ttotal | Status | Flags |
---|---|---|---|---|---|---|
r-devel-linux-x86_64-debian-clang | 0.1.2 | 2.86 | 33.90 | 36.76 | NOTE | |
r-devel-linux-x86_64-debian-gcc | 0.1.2 | 2.20 | 26.02 | 28.22 | NOTE | |
r-devel-linux-x86_64-fedora-clang | 0.1.2 | 55.27 | NOTE | |||
r-devel-linux-x86_64-fedora-gcc | 0.1.2 | 55.10 | NOTE | |||
r-devel-windows-x86_64 | 0.1.2 | 14.00 | 63.00 | 77.00 | NOTE | |
r-patched-linux-x86_64 | 0.1.2 | 3.17 | 32.49 | 35.66 | NOTE | |
r-release-linux-x86_64 | 0.1.2 | NOTE | ||||
r-release-macos-arm64 | 0.1.2 | 18.00 | NOTE | |||
r-release-macos-x86_64 | 0.1.2 | 31.00 | NOTE | |||
r-release-windows-x86_64 | 0.1.2 | 6.00 | 64.00 | 70.00 | NOTE | |
r-oldrel-macos-arm64 | 0.1.2 | 22.00 | NOTE | |||
r-oldrel-macos-x86_64 | 0.1.2 | 26.00 | NOTE | |||
r-oldrel-windows-ix86+x86_64 | 0.1.2 | 8.00 | 51.00 | 59.00 | NOTE |
Version: 0.1.2
Check: LazyData
Result: NOTE
'LazyData' is specified without a 'data' directory
Flavors: r-devel-linux-x86_64-debian-clang, r-devel-linux-x86_64-debian-gcc, r-devel-linux-x86_64-fedora-clang, r-devel-linux-x86_64-fedora-gcc, r-devel-windows-x86_64, r-patched-linux-x86_64, r-release-linux-x86_64, r-release-macos-arm64, r-release-macos-x86_64, r-release-windows-x86_64, r-oldrel-macos-arm64, r-oldrel-macos-x86_64, r-oldrel-windows-ix86+x86_64