CRAN Package Check Results for Package dataesgobr

Last updated on 2020-02-24 14:48:00 CET.

Flavor Version Tinstall Tcheck Ttotal Status Flags
r-devel-linux-x86_64-debian-clang 1.0.0 5.88 50.22 56.10 OK
r-devel-linux-x86_64-debian-gcc 1.0.0 4.86 38.00 42.86 OK
r-devel-linux-x86_64-fedora-clang 1.0.0 66.49 NOTE
r-devel-linux-x86_64-fedora-gcc 1.0.0 67.49 NOTE
r-devel-windows-ix86+x86_64 1.0.0 13.00 65.00 78.00 OK
r-devel-windows-ix86+x86_64-gcc8 1.0.0 23.00 97.00 120.00 OK
r-patched-linux-x86_64 1.0.0 OK
r-patched-solaris-x86 1.0.0 101.60 NOTE
r-release-linux-x86_64 1.0.0 4.70 44.31 49.01 OK
r-release-windows-ix86+x86_64 1.0.0 12.00 58.00 70.00 OK
r-release-osx-x86_64 1.0.0 NOTE
r-oldrel-windows-ix86+x86_64 1.0.0 8.00 65.00 73.00 OK
r-oldrel-osx-x86_64 1.0.0 NOTE

Check Details

Version: 1.0.0
Check: dependencies in R code
Result: NOTE
    Namespaces in Imports field not imported from:
     ‘DT’ ‘shinyFiles’ ‘shinycssloaders’ ‘shinyjs’ ‘shinythemes’
     All declared Imports should be used.
Flavors: r-devel-linux-x86_64-fedora-clang, r-devel-linux-x86_64-fedora-gcc, r-patched-solaris-x86, r-release-osx-x86_64, r-oldrel-osx-x86_64