CRAN Package Check Results for Package dataesgobr

Last updated on 2019-09-23 14:47:20 CEST.

Flavor Version Tinstall Tcheck Ttotal Status Flags
r-devel-linux-x86_64-debian-clang 1.0.0 5.75 44.24 49.99 OK
r-devel-linux-x86_64-debian-gcc 1.0.0 4.23 34.41 38.64 OK
r-devel-linux-x86_64-fedora-clang 1.0.0 59.77 NOTE
r-devel-linux-x86_64-fedora-gcc 1.0.0 57.89 NOTE
r-devel-windows-ix86+x86_64 1.0.0 37.00 97.00 134.00 OK
r-patched-linux-x86_64 1.0.0 5.70 42.26 47.96 OK
r-patched-solaris-x86 1.0.0 92.60 NOTE
r-release-linux-x86_64 1.0.0 4.29 42.17 46.46 OK
r-release-windows-ix86+x86_64 1.0.0 22.00 87.00 109.00 OK
r-release-osx-x86_64 1.0.0 NOTE
r-oldrel-windows-ix86+x86_64 1.0.0 7.00 60.00 67.00 OK
r-oldrel-osx-x86_64 1.0.0 NOTE

Check Details

Version: 1.0.0
Check: dependencies in R code
Result: NOTE
    Namespaces in Imports field not imported from:
     ‘DT’ ‘shinyFiles’ ‘shinycssloaders’ ‘shinyjs’ ‘shinythemes’
     All declared Imports should be used.
Flavors: r-devel-linux-x86_64-fedora-clang, r-devel-linux-x86_64-fedora-gcc, r-patched-solaris-x86, r-release-osx-x86_64, r-oldrel-osx-x86_64