CRAN Package Check Results for Package datafsm

Last updated on 2018-05-23 16:47:56 CEST.

Flavor Version Tinstall Tcheck Ttotal Status Flags
r-devel-linux-x86_64-debian-clang 0.2.1 15.40 93.00 108.40 OK
r-devel-linux-x86_64-debian-gcc 0.2.1 0.34 1.56 1.90 ERROR
r-devel-linux-x86_64-fedora-clang 0.2.1 130.37 OK
r-devel-linux-x86_64-fedora-gcc 0.2.1 124.53 OK
r-devel-windows-ix86+x86_64 0.2.1 30.00 182.00 212.00 OK
r-patched-linux-x86_64 0.2.1 15.85 85.47 101.32 OK
r-patched-solaris-x86 0.2.1 186.70 OK
r-release-linux-x86_64 0.2.1 18.45 85.69 104.14 OK
r-release-windows-ix86+x86_64 0.2.1 53.00 183.00 236.00 OK
r-release-osx-x86_64 0.2.1 OK
r-oldrel-windows-ix86+x86_64 0.2.1 41.00 197.00 238.00 OK
r-oldrel-osx-x86_64 0.2.1 OK

Additional issues

clang-ASAN

Check Details

Version: 0.2.1
Check: package dependencies
Result: ERROR
    Package required but not available: ‘caret’
    
    See section ‘The DESCRIPTION file’ in the ‘Writing R Extensions’
    manual.
Flavor: r-devel-linux-x86_64-debian-gcc