CRAN Package Check Results for Package dataone

Last updated on 2018-05-27 10:50:10 CEST.

Flavor Version Tinstall Tcheck Ttotal Status Flags
r-devel-linux-x86_64-debian-clang 2.1.0 9.63 182.85 192.48 WARN
r-devel-linux-x86_64-debian-gcc 2.1.0 8.13 151.90 160.03 WARN
r-devel-linux-x86_64-fedora-clang 2.1.0 214.41 OK
r-devel-linux-x86_64-fedora-gcc 2.1.0 210.68 OK
r-devel-windows-ix86+x86_64 2.1.0 18.00 257.00 275.00 OK
r-patched-linux-x86_64 2.1.0 6.88 173.05 179.93 OK
r-release-linux-x86_64 2.1.0 8.32 172.53 180.85 OK
r-release-windows-ix86+x86_64 2.1.0 24.00 341.00 365.00 OK
r-release-osx-x86_64 2.1.0 OK
r-oldrel-windows-ix86+x86_64 2.1.0 20.00 255.00 275.00 OK
r-oldrel-osx-x86_64 2.1.0 OK

Check Details

Version: 2.1.0
Check: for unstated dependencies in ‘tests’
Result: WARN
    'library' or 'require' call not declared from: ‘xml2’
Flavors: r-devel-linux-x86_64-debian-clang, r-devel-linux-x86_64-debian-gcc