CRAN Package Check Results for Package datardis

Last updated on 2024-03-02 12:48:16 CET.

Flavor Version Tinstall Tcheck Ttotal Status Flags
r-devel-linux-x86_64-debian-clang 0.0.4 3.88 41.48 45.36 OK
r-devel-linux-x86_64-debian-gcc 0.0.4 3.35 31.53 34.88 OK
r-devel-linux-x86_64-fedora-clang 0.0.4 56.25 NOTE
r-devel-linux-x86_64-fedora-gcc 0.0.4 53.46 NOTE
r-devel-windows-x86_64 0.0.4 5.00 52.00 57.00 OK
r-patched-linux-x86_64 0.0.4 3.71 40.41 44.12 OK
r-release-linux-x86_64 0.0.4 3.85 40.33 44.18 OK
r-release-macos-arm64 0.0.4 28.00 OK
r-release-macos-x86_64 0.0.4 42.00 OK
r-release-windows-x86_64 0.0.4 6.00 56.00 62.00 OK
r-oldrel-macos-arm64 0.0.4 27.00 OK
r-oldrel-windows-x86_64 0.0.4 8.00 60.00 68.00 OK

Check Details

Version: 0.0.4
Check: data for non-ASCII characters
Result: NOTE Note: found 2 marked UTF-8 strings Flavors: r-devel-linux-x86_64-fedora-clang, r-devel-linux-x86_64-fedora-gcc