CRAN Package Check Results for Package datarobot

Last updated on 2018-08-21 10:50:20 CEST.

Flavor Version Tinstall Tcheck Ttotal Status Flags
r-devel-linux-x86_64-debian-clang 2.8.0 4.86 92.77 97.63 OK
r-devel-linux-x86_64-debian-gcc 2.8.0 4.76 72.79 77.55 OK
r-devel-linux-x86_64-fedora-clang 2.8.0 120.50 NOTE
r-devel-linux-x86_64-fedora-gcc 2.8.0 118.62 NOTE
r-devel-windows-ix86+x86_64 2.8.0 16.00 106.00 122.00 OK
r-patched-linux-x86_64 2.8.0 5.54 87.93 93.47 OK
r-patched-solaris-x86 2.8.0 138.20 NOTE
r-release-linux-x86_64 2.8.0 4.72 88.08 92.80 OK
r-release-windows-ix86+x86_64 2.8.0 17.00 137.00 154.00 OK
r-release-osx-x86_64 2.8.0 NOTE
r-oldrel-windows-ix86+x86_64 2.8.0 8.00 163.00 171.00 OK
r-oldrel-osx-x86_64 2.8.0 NOTE

Check Details

Version: 2.8.0
Check: dependencies in R code
Result: NOTE
    Namespace in Imports field not imported from: ‘curl’
     All declared Imports should be used.
Flavors: r-devel-linux-x86_64-fedora-clang, r-devel-linux-x86_64-fedora-gcc, r-patched-solaris-x86, r-release-osx-x86_64, r-oldrel-osx-x86_64