CRAN Package Check Results for Package datarobot

Last updated on 2018-05-23 14:46:39 CEST.

Flavor Version Tinstall Tcheck Ttotal Status Flags
r-devel-linux-x86_64-debian-clang 2.8.0 5.63 91.68 97.31 OK
r-devel-linux-x86_64-debian-gcc 2.8.0 4.25 1.99 6.24 ERROR
r-devel-linux-x86_64-fedora-clang 2.8.0 118.29 NOTE
r-devel-linux-x86_64-fedora-gcc 2.8.0 116.11 NOTE
r-devel-windows-ix86+x86_64 2.8.0 17.00 147.00 164.00 OK
r-patched-linux-x86_64 2.8.0 5.74 88.64 94.38 OK
r-patched-solaris-x86 2.8.0 137.70 NOTE
r-release-linux-x86_64 2.8.0 6.06 86.01 92.07 OK
r-release-windows-ix86+x86_64 2.8.0 15.00 138.00 153.00 OK
r-release-osx-x86_64 2.8.0 NOTE
r-oldrel-windows-ix86+x86_64 2.8.0 14.00 160.00 174.00 OK
r-oldrel-osx-x86_64 2.8.0 NOTE

Check Details

Version: 2.8.0
Check: package dependencies
Result: ERROR
    Packages suggested but not available for checking:
     ‘car’ ‘doBy’ ‘ggplot2’ ‘colormap’
    
    VignetteBuilder packages required for checking but not installed:
     ‘car’ ‘doBy’ ‘ggplot2’ ‘colormap’
    
    See section ‘The DESCRIPTION file’ in the ‘Writing R Extensions’
    manual.
Flavor: r-devel-linux-x86_64-debian-gcc

Version: 2.8.0
Check: dependencies in R code
Result: NOTE
    Namespace in Imports field not imported from: ‘curl’
     All declared Imports should be used.
Flavors: r-devel-linux-x86_64-fedora-clang, r-devel-linux-x86_64-fedora-gcc, r-patched-solaris-x86, r-release-osx-x86_64, r-oldrel-osx-x86_64