Last updated on 2022-07-05 19:55:15 CEST.
Flavor | Version | Tinstall | Tcheck | Ttotal | Status | Flags |
---|---|---|---|---|---|---|
r-devel-linux-x86_64-debian-clang | 2.18.2 | 12.09 | 128.00 | 140.09 | NOTE | |
r-devel-linux-x86_64-debian-gcc | 2.18.2 | 9.83 | 96.54 | 106.37 | NOTE | |
r-devel-linux-x86_64-fedora-clang | 2.18.2 | 172.58 | NOTE | |||
r-devel-linux-x86_64-fedora-gcc | 2.18.2 | 187.41 | NOTE | |||
r-devel-windows-x86_64 | 2.18.2 | 255.00 | 229.00 | 484.00 | OK | |
r-patched-linux-x86_64 | 2.18.2 | 14.76 | 120.71 | 135.47 | NOTE | |
r-release-linux-x86_64 | 2.18.2 | 11.27 | 119.99 | 131.26 | NOTE | |
r-release-macos-arm64 | 2.18.2 | 105.00 | OK | |||
r-release-macos-x86_64 | 2.18.2 | 143.00 | OK | |||
r-release-windows-x86_64 | 2.18.2 | 270.00 | 217.00 | 487.00 | OK | |
r-oldrel-macos-arm64 | 2.18.2 | 133.00 | OK | |||
r-oldrel-macos-x86_64 | 2.18.2 | 144.00 | OK | |||
r-oldrel-windows-ix86+x86_64 | 2.18.2 | 21.00 | 170.00 | 191.00 | OK |
Version: 2.18.2
Check: package dependencies
Result: NOTE
Package suggested but not available for checking: 'stubthat'
Flavors: r-devel-linux-x86_64-debian-clang, r-devel-linux-x86_64-debian-gcc, r-devel-linux-x86_64-fedora-clang, r-devel-linux-x86_64-fedora-gcc, r-patched-linux-x86_64, r-release-linux-x86_64