CRAN Package Check Results for Package datarobot

Last updated on 2018-02-21 00:46:44 CET.

Flavor Version Tinstall Tcheck Ttotal Status Flags
r-devel-linux-x86_64-debian-clang 2.8.0 5.30 88.71 94.01 OK
r-devel-linux-x86_64-debian-gcc 2.8.0 4.04 71.22 75.26 OK
r-devel-linux-x86_64-fedora-clang 2.8.0 115.10 NOTE
r-devel-linux-x86_64-fedora-gcc 2.8.0 111.76 NOTE
r-devel-windows-ix86+x86_64 2.8.0 11.00 101.00 112.00 OK
r-patched-linux-x86_64 2.8.0 3.20 102.28 105.48 OK
r-patched-solaris-x86 2.8.0 143.40 NOTE
r-release-linux-x86_64 2.8.0 3.70 100.22 103.92 OK
r-release-windows-ix86+x86_64 2.8.0 10.00 147.00 157.00 OK
r-release-osx-x86_64 2.8.0 NOTE
r-oldrel-windows-ix86+x86_64 2.8.0 11.00 147.00 158.00 OK
r-oldrel-osx-x86_64 2.7.1 NOTE

Check Details

Version: 2.8.0
Check: dependencies in R code
Result: NOTE
    Namespace in Imports field not imported from: ‘curl’
     All declared Imports should be used.
Flavors: r-devel-linux-x86_64-fedora-clang, r-devel-linux-x86_64-fedora-gcc, r-patched-solaris-x86, r-release-osx-x86_64

Version: 2.7.1
Check: dependencies in R code
Result: NOTE
    Namespace in Imports field not imported from: ‘curl’
     All declared Imports should be used.
Flavor: r-oldrel-osx-x86_64