CRAN Package Check Results for Package datastructures

Last updated on 2018-11-20 13:46:19 CET.

Flavor Version Tinstall Tcheck Ttotal Status Flags
r-devel-linux-x86_64-debian-clang 0.2.7 146.65 116.27 262.92 OK
r-devel-linux-x86_64-debian-gcc 0.2.7 149.96 90.76 240.72 OK
r-devel-linux-x86_64-fedora-clang 0.2.7 377.43 NOTE
r-devel-linux-x86_64-fedora-gcc 0.2.7 357.47 OK
r-devel-windows-ix86+x86_64 0.2.7 402.00 181.00 583.00 NOTE
r-patched-linux-x86_64 0.2.7 184.63 112.22 296.85 OK
r-patched-solaris-x86 0.2.7 374.80 NOTE
r-release-linux-x86_64 0.2.7 182.39 112.98 295.37 OK
r-release-windows-ix86+x86_64 0.2.7 335.00 252.00 587.00 NOTE
r-release-osx-x86_64 0.2.7 NOTE
r-oldrel-windows-ix86+x86_64 0.2.7 403.00 227.00 630.00 NOTE
r-oldrel-osx-x86_64 0.2.7 NOTE

Check Details

Version: 0.2.7
Check: installed package size
Result: NOTE
     installed size is 64.8Mb
     sub-directories of 1Mb or more:
     doc 1.2Mb
     libs 62.7Mb
Flavors: r-devel-linux-x86_64-fedora-clang, r-devel-windows-ix86+x86_64, r-patched-solaris-x86, r-release-windows-ix86+x86_64, r-release-osx-x86_64, r-oldrel-windows-ix86+x86_64, r-oldrel-osx-x86_64