CRAN Package Check Results for Package datastructures

Last updated on 2018-02-18 10:47:32 CET.

Flavor Version Tinstall Tcheck Ttotal Status Flags
r-devel-linux-x86_64-debian-clang 0.2.1 174.38 131.85 306.23 OK
r-devel-linux-x86_64-debian-gcc 0.2.1 164.11 100.52 264.63 OK
r-devel-linux-x86_64-fedora-clang 0.2.1 454.05 NOTE
r-devel-linux-x86_64-fedora-gcc 0.2.1 434.54 NOTE
r-devel-windows-ix86+x86_64 0.2.1 377.00 208.00 585.00 NOTE
r-patched-linux-x86_64 0.2.1 191.87 140.68 332.55 OK
r-patched-solaris-x86 0.2.1 452.70 NOTE
r-release-linux-x86_64 0.2.1 192.36 139.75 332.11 OK
r-release-windows-ix86+x86_64 0.2.1 485.00 262.00 747.00 NOTE
r-release-osx-x86_64 0.2.1 NOTE
r-oldrel-osx-x86_64 0.2.0 ERROR

Check Details

Version: 0.2.1
Check: installed package size
Result: NOTE
     installed size is 77.0Mb
     sub-directories of 1Mb or more:
     doc 1.2Mb
     libs 74.9Mb
Flavors: r-devel-linux-x86_64-fedora-clang, r-devel-linux-x86_64-fedora-gcc, r-devel-windows-ix86+x86_64, r-patched-solaris-x86, r-release-windows-ix86+x86_64, r-release-osx-x86_64

Version: 0.2.0
Check: whether package can be installed
Result: ERROR
    Installation failed.
Flavor: r-oldrel-osx-x86_64