Last updated on 2022-08-09 01:54:46 CEST.
Flavor | Version | Tinstall | Tcheck | Ttotal | Status | Flags |
---|---|---|---|---|---|---|
r-devel-linux-x86_64-debian-clang | 0.2.9 | 171.80 | 163.36 | 335.16 | OK | |
r-devel-linux-x86_64-debian-gcc | 0.2.9 | 173.18 | 120.62 | 293.80 | OK | |
r-devel-linux-x86_64-fedora-clang | 0.2.9 | 480.62 | NOTE | |||
r-devel-linux-x86_64-fedora-gcc | 0.2.9 | 511.99 | NOTE | |||
r-devel-windows-x86_64 | 0.2.9 | 243.00 | 221.00 | 464.00 | OK | |
r-patched-linux-x86_64 | 0.2.9 | 179.14 | 157.96 | 337.10 | OK | |
r-release-linux-x86_64 | 0.2.9 | OK | ||||
r-release-macos-arm64 | 0.2.9 | 105.00 | NOTE | |||
r-release-macos-x86_64 | 0.2.9 | 147.00 | NOTE | |||
r-release-windows-x86_64 | 0.2.9 | 270.00 | 231.00 | 501.00 | OK | |
r-oldrel-macos-arm64 | 0.2.9 | 118.00 | NOTE | |||
r-oldrel-macos-x86_64 | 0.2.9 | 245.00 | NOTE | |||
r-oldrel-windows-ix86+x86_64 | 0.2.9 | 408.00 | 276.00 | 684.00 | NOTE |
Version: 0.2.9
Check: installed package size
Result: NOTE
installed size is 40.8Mb
sub-directories of 1Mb or more:
libs 39.9Mb
Flavors: r-devel-linux-x86_64-fedora-clang, r-release-macos-arm64, r-release-macos-x86_64, r-oldrel-macos-arm64, r-oldrel-macos-x86_64, r-oldrel-windows-ix86+x86_64
Version: 0.2.9
Check: top-level files
Result: NOTE
‘cleanup’: ‘env bash’ is not portable as bash need not be installed
Flavors: r-devel-linux-x86_64-fedora-clang, r-devel-linux-x86_64-fedora-gcc