CRAN Package Check Results for Package datastructures

Last updated on 2018-08-21 21:50:59 CEST.

Flavor Version Tinstall Tcheck Ttotal Status Flags
r-devel-linux-x86_64-debian-clang 0.2.7 136.86 135.07 271.93 OK
r-devel-linux-x86_64-debian-gcc 0.2.7 148.68 107.86 256.54 OK
r-devel-linux-x86_64-fedora-clang 0.2.7 383.74 NOTE
r-devel-linux-x86_64-fedora-gcc 0.2.7 397.92 OK
r-devel-windows-ix86+x86_64 0.2.7 401.00 203.00 604.00 NOTE
r-patched-linux-x86_64 0.2.7 178.53 111.85 290.38 OK
r-patched-solaris-x86 0.2.7 327.40 NOTE
r-release-linux-x86_64 0.2.7 173.05 112.25 285.30 OK
r-release-windows-ix86+x86_64 0.2.7 389.00 240.00 629.00 NOTE
r-release-osx-x86_64 0.2.7 NOTE
r-oldrel-windows-ix86+x86_64 0.2.7 252.00 191.00 443.00 NOTE
r-oldrel-osx-x86_64 0.2.7 NOTE

Check Details

Version: 0.2.7
Check: installed package size
Result: NOTE
     installed size is 63.8Mb
     sub-directories of 1Mb or more:
     doc 1.2Mb
     libs 61.7Mb
Flavors: r-devel-linux-x86_64-fedora-clang, r-devel-windows-ix86+x86_64, r-patched-solaris-x86, r-release-windows-ix86+x86_64, r-release-osx-x86_64, r-oldrel-windows-ix86+x86_64, r-oldrel-osx-x86_64