CRAN Package Check Results for Package datastructures

Last updated on 2018-05-23 18:52:28 CEST.

Flavor Version Tinstall Tcheck Ttotal Status Flags
r-devel-linux-x86_64-debian-clang 0.2.6 129.48 118.29 247.77 OK
r-devel-linux-x86_64-debian-gcc 0.2.6 0.44 1.42 1.86 ERROR
r-devel-linux-x86_64-fedora-clang 0.2.6 366.98 NOTE
r-devel-linux-x86_64-fedora-gcc 0.2.6 348.50 NOTE
r-devel-windows-ix86+x86_64 0.2.6 299.00 244.00 543.00 NOTE
r-patched-linux-x86_64 0.2.6 150.47 96.78 247.25 OK
r-patched-solaris-x86 0.2.6 327.50 OK
r-release-linux-x86_64 0.2.6 144.01 97.40 241.41 OK
r-release-windows-ix86+x86_64 0.2.6 368.00 206.00 574.00 NOTE
r-release-osx-x86_64 0.2.6 NOTE
r-oldrel-windows-ix86+x86_64 0.2.6 365.00 212.00 577.00 WARN
r-oldrel-osx-x86_64 0.2.5 NOTE

Check Details

Version: 0.2.6
Check: package dependencies
Result: ERROR
    Package required but not available: ‘purrr’
    
    See section ‘The DESCRIPTION file’ in the ‘Writing R Extensions’
    manual.
Flavor: r-devel-linux-x86_64-debian-gcc

Version: 0.2.6
Check: installed package size
Result: NOTE
     installed size is 61.4Mb
     sub-directories of 1Mb or more:
     doc 1.3Mb
     libs 59.3Mb
Flavors: r-devel-linux-x86_64-fedora-clang, r-devel-linux-x86_64-fedora-gcc, r-devel-windows-ix86+x86_64, r-release-windows-ix86+x86_64, r-release-osx-x86_64, r-oldrel-windows-ix86+x86_64

Version: 0.2.6
Check: re-building of vignette outputs
Result: WARN
    Error in re-building vignettes:
     ...
Flavor: r-oldrel-windows-ix86+x86_64

Version: 0.2.5
Check: installed package size
Result: NOTE
     installed size is 89.6Mb
     sub-directories of 1Mb or more:
     doc 1.2Mb
     libs 87.5Mb
Flavor: r-oldrel-osx-x86_64