CRAN Package Check Results for Package datastructures

Last updated on 2019-02-16 18:46:16 CET.

Flavor Version Tinstall Tcheck Ttotal Status Flags
r-devel-linux-x86_64-debian-clang 0.2.8 136.67 120.60 257.27 OK
r-devel-linux-x86_64-debian-gcc 0.2.8 132.69 92.09 224.78 OK
r-devel-linux-x86_64-fedora-clang 0.2.8 390.25 NOTE
r-devel-linux-x86_64-fedora-gcc 0.2.8 369.97 OK
r-devel-windows-ix86+x86_64 0.2.8 487.00 259.00 746.00 NOTE
r-patched-linux-x86_64 0.2.8 160.92 117.77 278.69 OK
r-patched-solaris-x86 0.2.8 383.80 NOTE
r-release-linux-x86_64 0.2.8 OK
r-release-windows-ix86+x86_64 0.2.8 296.00 192.00 488.00 NOTE
r-release-osx-x86_64 0.2.8 NOTE
r-oldrel-windows-ix86+x86_64 0.2.8 403.00 267.00 670.00 NOTE
r-oldrel-osx-x86_64 0.2.8 NOTE

Check Details

Version: 0.2.8
Check: installed package size
Result: NOTE
     installed size is 45.5Mb
     sub-directories of 1Mb or more:
     doc 1.2Mb
     libs 43.5Mb
Flavors: r-devel-linux-x86_64-fedora-clang, r-devel-windows-ix86+x86_64, r-patched-solaris-x86, r-release-windows-ix86+x86_64, r-release-osx-x86_64, r-oldrel-windows-ix86+x86_64, r-oldrel-osx-x86_64