CRAN Package Check Results for Package datasus

Last updated on 2018-08-17 21:48:02 CEST.

Flavor Version Tinstall Tcheck Ttotal Status Flags
r-devel-linux-x86_64-debian-clang 0.4.1 11.18 54.62 65.80 OK
r-devel-linux-x86_64-debian-gcc 0.4.1 9.40 42.51 51.91 OK
r-devel-linux-x86_64-fedora-clang 0.4.1 79.25 NOTE
r-devel-linux-x86_64-fedora-gcc 0.4.1 78.67 NOTE
r-devel-windows-ix86+x86_64 0.4.1 19.00 98.00 117.00 OK
r-patched-linux-x86_64 0.4.1 8.73 53.69 62.42 OK
r-patched-solaris-x86 0.4.1 101.90 NOTE
r-release-linux-x86_64 0.4.1 11.40 52.95 64.35 OK
r-release-windows-ix86+x86_64 0.4.1 21.00 97.00 118.00 OK
r-release-osx-x86_64 0.4.1 NOTE
r-oldrel-windows-ix86+x86_64 0.4.1 4.00 74.00 78.00 OK
r-oldrel-osx-x86_64 0.4.1 WARN

Check Details

Version: 0.4.1
Check: dependencies in R code
Result: NOTE
    Namespace in Imports field not imported from: ‘RCurl’
     All declared Imports should be used.
Flavors: r-devel-linux-x86_64-fedora-clang, r-devel-linux-x86_64-fedora-gcc, r-patched-solaris-x86, r-release-osx-x86_64, r-oldrel-osx-x86_64

Version: 0.4.1
Check: re-building of vignette outputs
Result: WARN
    Error in re-building vignettes:
     ...
    Warning in engine$weave(file, quiet = quiet, encoding = enc) :
     Pandoc (>= 1.12.3) and/or pandoc-citeproc not available. Falling back to R Markdown v1.
    
    Attaching package: 'dplyr'
    
    The following objects are masked from 'package:stats':
    
     filter, lag
    
    The following objects are masked from 'package:base':
    
     intersect, setdiff, setequal, union
    
    Quitting from lines 78-85 (Introduction_to_datasus.Rmd)
    Error: processing vignette 'Introduction_to_datasus.Rmd' failed with diagnostics:
    Timeout was reached: Connection timed out after 10010 milliseconds
    Execution halted
Flavor: r-oldrel-osx-x86_64