CRAN Package Check Results for Package datasus

Last updated on 2018-10-21 18:46:35 CEST.

Flavor Version Tinstall Tcheck Ttotal Status Flags
r-devel-linux-x86_64-debian-clang 0.4.1 10.52 50.69 61.21 WARN
r-devel-linux-x86_64-debian-gcc 0.4.1 10.12 39.50 49.62 WARN
r-devel-linux-x86_64-fedora-clang 0.4.1 86.40 NOTE
r-devel-linux-x86_64-fedora-gcc 0.4.1 77.36 NOTE
r-devel-windows-ix86+x86_64 0.4.1 20.00 92.00 112.00 OK
r-patched-linux-x86_64 0.4.1 10.11 49.11 59.22 WARN
r-patched-solaris-x86 0.4.1 100.20 NOTE
r-release-linux-x86_64 0.4.1 8.83 48.85 57.68 WARN
r-release-windows-ix86+x86_64 0.4.1 19.00 85.00 104.00 OK
r-release-osx-x86_64 0.4.1 NOTE
r-oldrel-windows-ix86+x86_64 0.4.1 4.00 88.00 92.00 OK
r-oldrel-osx-x86_64 0.4.1 WARN

Check Details

Version: 0.4.1
Check: re-building of vignette outputs
Result: WARN
    Error in re-building vignettes:
     ...
    
    Attaching package: 'dplyr'
    
    The following objects are masked from 'package:stats':
    
     filter, lag
    
    The following objects are masked from 'package:base':
    
     intersect, setdiff, setequal, union
    
    Quitting from lines 78-85 (Introduction_to_datasus.Rmd)
    Error: processing vignette ‘Introduction_to_datasus.Rmd’ failed with diagnostics:
    Timeout was reached: Connection timed out after 10000 milliseconds
    Execution halted
Flavors: r-devel-linux-x86_64-debian-clang, r-devel-linux-x86_64-debian-gcc, r-patched-linux-x86_64, r-release-linux-x86_64

Version: 0.4.1
Check: dependencies in R code
Result: NOTE
    Namespace in Imports field not imported from: ‘RCurl’
     All declared Imports should be used.
Flavors: r-devel-linux-x86_64-fedora-clang, r-devel-linux-x86_64-fedora-gcc, r-patched-solaris-x86, r-release-osx-x86_64, r-oldrel-osx-x86_64

Version: 0.4.1
Check: re-building of vignette outputs
Result: WARN
    Error in re-building vignettes:
     ...
    Warning in engine$weave(file, quiet = quiet, encoding = enc) :
     Pandoc (>= 1.12.3) and/or pandoc-citeproc not available. Falling back to R Markdown v1.
    
    Attaching package: 'dplyr'
    
    The following objects are masked from 'package:stats':
    
     filter, lag
    
    The following objects are masked from 'package:base':
    
     intersect, setdiff, setequal, union
    
    Quitting from lines 78-85 (Introduction_to_datasus.Rmd)
    Error: processing vignette 'Introduction_to_datasus.Rmd' failed with diagnostics:
    Timeout was reached: Connection timed out after 10010 milliseconds
    Execution halted
Flavor: r-oldrel-osx-x86_64