CRAN Package Check Results for Package datasus

Last updated on 2018-02-22 20:46:26 CET.

Flavor Version Tinstall Tcheck Ttotal Status Flags
r-devel-linux-x86_64-debian-clang 0.4.0 11.08 49.81 60.89 OK
r-devel-linux-x86_64-debian-gcc 0.4.0 9.59 43.83 53.42 OK
r-devel-linux-x86_64-fedora-clang 0.4.0 78.19 NOTE
r-devel-linux-x86_64-fedora-gcc 0.4.0 80.62 NOTE
r-devel-windows-ix86+x86_64 0.4.0 21.00 71.00 92.00 OK
r-patched-linux-x86_64 0.4.0 1.24 58.92 60.16 OK
r-patched-solaris-x86 0.4.0 82.50 NOTE
r-release-linux-x86_64 0.4.0 1.35 58.24 59.59 OK
r-release-windows-ix86+x86_64 0.4.0 6.00 88.00 94.00 OK
r-release-osx-x86_64 0.4.0 NOTE
r-oldrel-windows-ix86+x86_64 0.4.0 4.00 70.00 74.00 OK
r-oldrel-osx-x86_64 0.4.0 NOTE

Check Details

Version: 0.4.0
Check: dependencies in R code
Result: NOTE
    Namespace in Imports field not imported from: ‘RCurl’
     All declared Imports should be used.
Flavors: r-devel-linux-x86_64-fedora-clang, r-devel-linux-x86_64-fedora-gcc, r-patched-solaris-x86, r-release-osx-x86_64, r-oldrel-osx-x86_64

Version: 0.4.0
Check: for unstated dependencies in vignettes
Result: NOTE
    Warning: parse error in file '/Builds/CRAN-QA-Simon/packages/mavericks-x86_64/results/3.3/datasus.Rcheck/datasus/doc/Introduction_to_datasus.R':
    invalid multibyte character in parser at line 50
Flavor: r-oldrel-osx-x86_64