CRAN Package Check Results for Package datelife

Last updated on 2022-10-07 19:52:07 CEST.

Flavor Version Tinstall Tcheck Ttotal Status Flags
r-devel-linux-x86_64-debian-clang 0.6.5 24.56 94.46 119.02 OK
r-devel-linux-x86_64-debian-gcc 0.6.5 18.19 69.79 87.98 OK
r-devel-linux-x86_64-fedora-clang 0.6.5 164.10 NOTE
r-devel-linux-x86_64-fedora-gcc 0.6.5 150.37 NOTE
r-devel-windows-x86_64 0.6.5 130.00 163.00 293.00 OK
r-patched-linux-x86_64 0.6.5 28.88 86.01 114.89 OK
r-release-linux-x86_64 0.6.5 18.94 84.15 103.09 OK
r-release-macos-arm64 0.6.5 58.00 NOTE
r-release-macos-x86_64 0.6.5 68.00 NOTE
r-release-windows-x86_64 0.6.5 125.00 128.00 253.00 OK
r-oldrel-macos-arm64 0.6.5 42.00 NOTE
r-oldrel-macos-x86_64 0.6.5 67.00 NOTE
r-oldrel-windows-ix86+x86_64 0.6.5 39.00 119.00 158.00 OK

Check Details

Version: 0.6.5
Check: package dependencies
Result: NOTE
    Package suggested but not available for checking: ‘msa’
    
    Imports includes 21 non-default packages.
    Importing from so many packages makes the package vulnerable to any of
    them becoming unavailable. Move as many as possible to Suggests and
    use conditionally.
Flavor: r-devel-linux-x86_64-fedora-clang

Version: 0.6.5
Check: data for non-ASCII characters
Result: NOTE
     Note: found 2596 marked UTF-8 strings
Flavors: r-devel-linux-x86_64-fedora-clang, r-devel-linux-x86_64-fedora-gcc, r-release-macos-arm64, r-release-macos-x86_64, r-oldrel-macos-arm64, r-oldrel-macos-x86_64

Version: 0.6.5
Check: package dependencies
Result: NOTE
    Package suggested but not available for checking: ‘msa’
Flavors: r-devel-linux-x86_64-fedora-gcc, r-release-macos-arm64, r-release-macos-x86_64, r-oldrel-macos-arm64, r-oldrel-macos-x86_64