CRAN Package Check Results for Package datos

Last updated on 2024-02-28 17:48:24 CET.

Flavor Version Tinstall Tcheck Ttotal Status Flags
r-devel-linux-x86_64-debian-clang 0.5.1 7.00 90.75 97.75 OK
r-devel-linux-x86_64-debian-gcc 0.5.1 4.43 70.85 75.28 OK
r-devel-linux-x86_64-fedora-clang 0.5.1 120.58 NOTE
r-devel-linux-x86_64-fedora-gcc 0.5.1 116.18 NOTE
r-devel-windows-x86_64 0.5.1 7.00 95.00 102.00 OK
r-patched-linux-x86_64 0.5.1 6.98 86.43 93.41 OK
r-release-linux-x86_64 0.5.1 5.66 89.22 94.88 OK
r-release-macos-arm64 0.5.1 47.00 OK
r-release-macos-x86_64 0.5.1 107.00 OK
r-release-windows-x86_64 0.5.1 10.00 110.00 120.00 OK
r-oldrel-macos-arm64 0.5.1 52.00 OK
r-oldrel-windows-x86_64 0.5.1 10.00 130.00 140.00 OK

Check Details

Version: 0.5.1
Check: data for non-ASCII characters
Result: NOTE Note: found 54339 marked UTF-8 strings Flavors: r-devel-linux-x86_64-fedora-clang, r-devel-linux-x86_64-fedora-gcc