CRAN Package Check Results for Package dbWebForms

Last updated on 2024-03-02 14:48:20 CET.

Flavor Version Tinstall Tcheck Ttotal Status Flags
r-devel-linux-x86_64-debian-clang 0.1.0 3.04 33.87 36.91 NOTE
r-devel-linux-x86_64-debian-gcc 0.1.0 2.83 25.62 28.45 NOTE
r-devel-linux-x86_64-fedora-clang 0.1.0 45.45 NOTE
r-devel-linux-x86_64-fedora-gcc 0.1.0 42.84 NOTE
r-devel-windows-x86_64 0.1.0 4.00 46.00 50.00 NOTE
r-patched-linux-x86_64 0.1.0 2.98 32.77 35.75 NOTE
r-release-linux-x86_64 0.1.0 3.80 32.59 36.39 NOTE
r-release-macos-arm64 0.1.0 20.00 NOTE
r-release-macos-x86_64 0.1.0 27.00 NOTE
r-release-windows-x86_64 0.1.0 4.00 49.00 53.00 NOTE
r-oldrel-macos-arm64 0.1.0 18.00 NOTE
r-oldrel-windows-x86_64 0.1.0 5.00 52.00 57.00 NOTE

Check Details

Version: 0.1.0
Check: LazyData
Result: NOTE 'LazyData' is specified without a 'data' directory Flavors: r-devel-linux-x86_64-debian-clang, r-devel-linux-x86_64-debian-gcc, r-devel-linux-x86_64-fedora-clang, r-devel-linux-x86_64-fedora-gcc, r-devel-windows-x86_64, r-patched-linux-x86_64, r-release-linux-x86_64, r-release-macos-arm64, r-release-macos-x86_64, r-release-windows-x86_64, r-oldrel-macos-arm64, r-oldrel-windows-x86_64

Version: 0.1.0
Check: dependencies in R code
Result: NOTE Namespace in Imports field not imported from: ‘html5’ All declared Imports should be used. Flavors: r-devel-linux-x86_64-fedora-clang, r-devel-linux-x86_64-fedora-gcc