CRAN Package Check Results for Package dbfaker

Last updated on 2018-08-22 08:48:45 CEST.

Flavor Version Tinstall Tcheck Ttotal Status Flags
r-devel-linux-x86_64-debian-clang 0.1.0 2.38 35.17 37.55 OK
r-devel-linux-x86_64-debian-gcc 0.1.0 2.35 27.51 29.86 OK
r-devel-linux-x86_64-fedora-clang 0.1.0 45.16 OK
r-devel-linux-x86_64-fedora-gcc 0.1.0 43.46 OK
r-devel-windows-ix86+x86_64 0.1.0 5.00 49.00 54.00 NOTE
r-patched-linux-x86_64 0.1.0 2.37 29.37 31.74 OK
r-patched-solaris-x86 0.1.0 58.50 OK
r-release-linux-x86_64 0.1.0 1.94 29.25 31.19 OK
r-release-windows-ix86+x86_64 0.1.0 9.00 46.00 55.00 NOTE
r-release-osx-x86_64 0.1.0 OK
r-oldrel-windows-ix86+x86_64 0.1.0 6.00 70.00 76.00 NOTE
r-oldrel-osx-x86_64 0.1.0 OK

Check Details

Version: 0.1.0
Check: package dependencies
Result: NOTE
    Package suggested but not available for checking: 'doMC'
Flavors: r-devel-windows-ix86+x86_64, r-release-windows-ix86+x86_64, r-oldrel-windows-ix86+x86_64