CRAN Package Check Results for Package dbfaker

Last updated on 2018-11-20 19:47:39 CET.

Flavor Version Tinstall Tcheck Ttotal Status Flags
r-devel-linux-x86_64-debian-clang 0.1.0 2.51 32.85 35.36 OK
r-devel-linux-x86_64-debian-gcc 0.1.0 1.96 26.00 27.96 OK
r-devel-linux-x86_64-fedora-clang 0.1.0 42.45 OK
r-devel-linux-x86_64-fedora-gcc 0.1.0 40.07 OK
r-devel-windows-ix86+x86_64 0.1.0 7.00 86.00 93.00 NOTE
r-patched-linux-x86_64 0.1.0 2.37 29.46 31.83 OK
r-patched-solaris-x86 0.1.0 58.60 OK
r-release-linux-x86_64 0.1.0 1.59 29.45 31.04 OK
r-release-windows-ix86+x86_64 0.1.0 5.00 66.00 71.00 NOTE
r-release-osx-x86_64 0.1.0 OK
r-oldrel-windows-ix86+x86_64 0.1.0 5.00 51.00 56.00 NOTE
r-oldrel-osx-x86_64 0.1.0 OK

Check Details

Version: 0.1.0
Check: package dependencies
Result: NOTE
    Package suggested but not available for checking: 'doMC'
Flavors: r-devel-windows-ix86+x86_64, r-release-windows-ix86+x86_64, r-oldrel-windows-ix86+x86_64