CRAN Package Check Results for Package dbfaker

Last updated on 2018-05-23 04:48:28 CEST.

Flavor Version Tinstall Tcheck Ttotal Status Flags
r-devel-linux-x86_64-debian-clang 0.1.0 2.73 32.52 35.25 OK
r-devel-linux-x86_64-debian-gcc 0.1.0 2.22 25.90 28.12 OK
r-devel-linux-x86_64-fedora-clang 0.1.0 40.82 OK
r-devel-linux-x86_64-fedora-gcc 0.1.0 38.82 OK
r-devel-windows-ix86+x86_64 0.1.0 5.00 72.00 77.00 NOTE
r-patched-linux-x86_64 0.1.0 1.95 29.08 31.03 OK
r-patched-solaris-x86 0.1.0 57.10 OK
r-release-linux-x86_64 0.1.0 1.82 28.70 30.52 OK
r-release-windows-ix86+x86_64 0.1.0 10.00 63.00 73.00 NOTE
r-release-osx-x86_64 0.1.0 OK
r-oldrel-windows-ix86+x86_64 0.1.0 9.00 58.00 67.00 NOTE
r-oldrel-osx-x86_64 0.1.0 OK

Check Details

Version: 0.1.0
Check: package dependencies
Result: NOTE
    Package suggested but not available for checking: 'doMC'
Flavors: r-devel-windows-ix86+x86_64, r-release-windows-ix86+x86_64, r-oldrel-windows-ix86+x86_64