CRAN Package Check Results for Package dbfaker

Last updated on 2018-02-23 00:47:31 CET.

Flavor Version Tinstall Tcheck Ttotal Status Flags
r-devel-linux-x86_64-debian-clang 0.1.0 1.87 24.22 26.09 OK
r-devel-linux-x86_64-debian-gcc 0.1.0 1.70 22.67 24.37 OK
r-devel-linux-x86_64-fedora-clang 0.1.0 36.26 OK
r-devel-linux-x86_64-fedora-gcc 0.1.0 33.87 OK
r-devel-windows-ix86+x86_64 0.1.0 8.00 44.00 52.00 NOTE
r-patched-linux-x86_64 0.1.0 1.93 28.36 30.29 OK
r-patched-solaris-x86 0.1.0 51.00 OK
r-release-linux-x86_64 0.1.0 1.29 28.22 29.51 OK
r-release-windows-ix86+x86_64 0.1.0 10.00 69.00 79.00 NOTE
r-release-osx-x86_64 0.1.0 OK
r-oldrel-windows-ix86+x86_64 0.1.0 5.00 41.00 46.00 NOTE
r-oldrel-osx-x86_64 0.1.0 OK

Check Details

Version: 0.1.0
Check: package dependencies
Result: NOTE
    Package suggested but not available for checking: 'doMC'
Flavors: r-devel-windows-ix86+x86_64, r-release-windows-ix86+x86_64, r-oldrel-windows-ix86+x86_64