CRAN Package Check Results for Package dbfaker

Last updated on 2019-02-16 19:47:23 CET.

Flavor Version Tinstall Tcheck Ttotal Status Flags
r-devel-linux-x86_64-debian-clang 0.1.0 2.56 33.18 35.74 OK
r-devel-linux-x86_64-debian-gcc 0.1.0 2.03 26.39 28.42 OK
r-devel-linux-x86_64-fedora-clang 0.1.0 43.88 OK
r-devel-linux-x86_64-fedora-gcc 0.1.0 41.62 OK
r-devel-windows-ix86+x86_64 0.1.0 9.00 65.00 74.00 NOTE
r-patched-linux-x86_64 0.1.0 2.47 29.27 31.74 OK
r-patched-solaris-x86 0.1.0 58.80 OK
r-release-linux-x86_64 0.1.0 OK
r-release-windows-ix86+x86_64 0.1.0 5.00 43.00 48.00 NOTE
r-release-osx-x86_64 0.1.0 OK
r-oldrel-windows-ix86+x86_64 0.1.0 12.00 64.00 76.00 NOTE
r-oldrel-osx-x86_64 0.1.0 OK

Check Details

Version: 0.1.0
Check: package dependencies
Result: NOTE
    Package suggested but not available for checking: 'doMC'
Flavors: r-devel-windows-ix86+x86_64, r-release-windows-ix86+x86_64, r-oldrel-windows-ix86+x86_64