Last updated on 2021-03-09 05:47:03 CET.
Flavor | Version | Tinstall | Tcheck | Ttotal | Status | Flags |
---|---|---|---|---|---|---|
r-devel-linux-x86_64-debian-clang | 1.2.0 | 20.03 | 111.33 | 131.36 | OK | |
r-devel-linux-x86_64-debian-gcc | 1.2.0 | 16.89 | 83.17 | 100.06 | OK | |
r-devel-linux-x86_64-fedora-clang | 1.2.0 | 168.82 | OK | |||
r-devel-linux-x86_64-fedora-gcc | 1.2.0 | 157.24 | OK | |||
r-devel-windows-ix86+x86_64 | 1.2.0 | 40.00 | 111.00 | 151.00 | OK | |
r-devel-windows-x86_64-gcc10-UCRT | 1.2.0 | ERROR | ||||
r-patched-linux-x86_64 | 1.2.0 | 19.86 | 105.45 | 125.31 | OK | |
r-patched-solaris-x86 | 1.2.0 | 200.80 | OK | |||
r-release-linux-x86_64 | 1.2.0 | 20.97 | 105.98 | 126.95 | OK | |
r-release-macos-x86_64 | 1.2.0 | OK | ||||
r-release-windows-ix86+x86_64 | 1.2.0 | 28.00 | 154.00 | 182.00 | OK | |
r-oldrel-macos-x86_64 | 1.2.0 | OK | ||||
r-oldrel-windows-ix86+x86_64 | 1.2.0 | 26.00 | 109.00 | 135.00 | OK |
Version: 1.2.0
Check: package dependencies
Result: ERROR
Package required but not available: 'RMariaDB'
See section 'The DESCRIPTION file' in the 'Writing R Extensions'
manual.
Flavor: r-devel-windows-x86_64-gcc10-UCRT