CRAN Package Check Results for Package dbplyr

Last updated on 2019-02-22 21:57:37 CET.

Flavor Version Tinstall Tcheck Ttotal Status Flags
r-devel-linux-x86_64-debian-clang 1.3.0 9.10 87.25 96.35 OK
r-devel-linux-x86_64-debian-gcc 1.3.0 6.64 67.93 74.57 OK
r-devel-linux-x86_64-fedora-clang 1.3.0 116.74 OK
r-devel-linux-x86_64-fedora-gcc 1.3.0 109.01 OK
r-devel-windows-ix86+x86_64 1.3.0 19.00 112.00 131.00 OK
r-patched-linux-x86_64 1.3.0 8.04 77.08 85.12 OK
r-patched-solaris-x86 1.3.0 132.50 OK
r-release-linux-x86_64 1.3.0 OK
r-release-windows-ix86+x86_64 1.3.0 18.00 140.00 158.00 OK
r-release-osx-x86_64 1.3.0 NOTE
r-oldrel-windows-ix86+x86_64 1.3.0 7.00 118.00 125.00 OK
r-oldrel-osx-x86_64 1.3.0 NOTE

Check Details

Version: 1.3.0
Check: dependencies in R code
Result: NOTE
    Missing or unexported object: ‘dplyr::group_rows’
Flavors: r-release-osx-x86_64, r-oldrel-osx-x86_64