CRAN Package Check Results for Package dbplyr

Last updated on 2018-05-25 13:47:50 CEST.

Flavor Version Tinstall Tcheck Ttotal Status Flags
r-devel-linux-x86_64-debian-clang 1.2.1 8.42 87.00 95.42 WARN
r-devel-linux-x86_64-debian-gcc 1.2.1 7.35 67.02 74.37 WARN
r-devel-linux-x86_64-fedora-clang 1.2.1 113.06 NOTE
r-devel-linux-x86_64-fedora-gcc 1.2.1 112.00 NOTE
r-devel-windows-ix86+x86_64 1.2.1 11.00 104.00 115.00 OK
r-patched-linux-x86_64 1.2.1 8.84 77.79 86.63 OK
r-patched-solaris-x86 1.2.1 142.90 NOTE
r-release-linux-x86_64 1.2.1 7.33 76.78 84.11 OK
r-release-windows-ix86+x86_64 1.2.1 19.00 127.00 146.00 OK
r-release-osx-x86_64 1.2.1 NOTE
r-oldrel-windows-ix86+x86_64 1.2.1 10.00 101.00 111.00 OK
r-oldrel-osx-x86_64 1.2.1 NOTE

Check Details

Version: 1.2.1
Check: for unstated dependencies in ‘tests’
Result: WARN
    '::' or ':::' import not declared from: ‘withr’
Flavors: r-devel-linux-x86_64-debian-clang, r-devel-linux-x86_64-debian-gcc

Version: 1.2.1
Check: dependencies in R code
Result: NOTE
    Namespace in Imports field not imported from: ‘tibble’
     All declared Imports should be used.
Flavors: r-devel-linux-x86_64-fedora-clang, r-devel-linux-x86_64-fedora-gcc, r-patched-solaris-x86, r-release-osx-x86_64, r-oldrel-osx-x86_64