CRAN Package Check Results for Package dbscan

Last updated on 2018-08-19 20:50:05 CEST.

Flavor Version Tinstall Tcheck Ttotal Status Flags
r-devel-linux-x86_64-debian-clang 1.1-2 105.42 80.17 185.59 OK
r-devel-linux-x86_64-debian-gcc 1.1-2 90.02 61.19 151.21 OK
r-devel-linux-x86_64-fedora-clang 1.1-2 270.90 NOTE
r-devel-linux-x86_64-fedora-gcc 1.1-2 248.76 OK
r-devel-windows-ix86+x86_64 1.1-2 313.00 186.00 499.00 OK
r-patched-linux-x86_64 1.1-2 112.47 74.39 186.86 OK
r-patched-solaris-x86 1.1-2 271.70 OK
r-release-linux-x86_64 1.1-2 114.06 73.88 187.94 OK
r-release-windows-ix86+x86_64 1.1-2 313.00 180.00 493.00 OK
r-release-osx-x86_64 1.1-2 NOTE
r-oldrel-windows-ix86+x86_64 1.1-2 252.00 140.00 392.00 OK
r-oldrel-osx-x86_64 1.1-2 NOTE

Check Details

Version: 1.1-2
Check: installed package size
Result: NOTE
     installed size is 7.8Mb
     sub-directories of 1Mb or more:
     libs 6.5Mb
Flavors: r-devel-linux-x86_64-fedora-clang, r-release-osx-x86_64, r-oldrel-osx-x86_64