Last updated on 2019-02-19 22:51:24 CET.
Flavor | Version | Tinstall | Tcheck | Ttotal | Status | Flags |
---|---|---|---|---|---|---|
r-devel-linux-x86_64-debian-clang | 1.1-3 | 111.20 | 78.92 | 190.12 | OK | |
r-devel-linux-x86_64-debian-gcc | 1.1-3 | 84.49 | 59.56 | 144.05 | OK | |
r-devel-linux-x86_64-fedora-clang | 1.1-3 | 304.44 | NOTE | |||
r-devel-linux-x86_64-fedora-gcc | 1.1-3 | 260.61 | OK | |||
r-devel-windows-ix86+x86_64 | 1.1-3 | 285.00 | 195.00 | 480.00 | NOTE | |
r-patched-linux-x86_64 | 1.1-3 | 105.62 | 72.89 | 178.51 | OK | |
r-patched-solaris-x86 | 1.1-3 | 277.10 | OK | |||
r-release-linux-x86_64 | 1.1-3 | 106.29 | 71.48 | 177.77 | OK | |
r-release-windows-ix86+x86_64 | 1.1-3 | 237.00 | 182.00 | 419.00 | NOTE | |
r-release-osx-x86_64 | 1.1-3 | NOTE | ||||
r-oldrel-windows-ix86+x86_64 | 1.1-3 | 306.00 | 149.00 | 455.00 | OK | |
r-oldrel-osx-x86_64 | 1.1-3 | NOTE |
Version: 1.1-3
Check: installed package size
Result: NOTE
installed size is 9.0Mb
sub-directories of 1Mb or more:
doc 2.4Mb
libs 6.3Mb
Flavors: r-devel-linux-x86_64-fedora-clang, r-devel-windows-ix86+x86_64, r-release-windows-ix86+x86_64, r-release-osx-x86_64, r-oldrel-osx-x86_64