CRAN Package Check Results for Package dbscan

Last updated on 2018-11-15 13:47:31 CET.

Flavor Version Tinstall Tcheck Ttotal Status Flags
r-devel-linux-x86_64-debian-clang 1.1-3 114.56 79.27 193.83 OK
r-devel-linux-x86_64-debian-gcc 1.1-3 94.32 59.96 154.28 OK
r-devel-linux-x86_64-fedora-clang 1.1-3 282.57 NOTE
r-devel-linux-x86_64-fedora-gcc 1.1-3 157.25 OK
r-devel-windows-ix86+x86_64 1.1-3 265.00 183.00 448.00 NOTE
r-patched-linux-x86_64 1.1-3 119.73 73.20 192.93 OK
r-patched-solaris-x86 1.1-3 240.90 OK
r-release-linux-x86_64 1.1-3 120.69 72.57 193.26 OK
r-release-windows-ix86+x86_64 1.1-2 323.00 187.00 510.00 OK
r-release-osx-x86_64 1.1-3 NOTE
r-oldrel-windows-ix86+x86_64 1.1-3 277.00 213.00 490.00 OK
r-oldrel-osx-x86_64 1.1-3 NOTE

Check Details

Version: 1.1-3
Check: installed package size
Result: NOTE
     installed size is 9.5Mb
     sub-directories of 1Mb or more:
     doc 2.4Mb
     libs 6.8Mb
Flavors: r-devel-linux-x86_64-fedora-clang, r-devel-windows-ix86+x86_64, r-release-osx-x86_64, r-oldrel-osx-x86_64