CRAN Package Check Results for Package dbx

Last updated on 2019-09-15 05:46:12 CEST.

Flavor Version Tinstall Tcheck Ttotal Status Flags
r-devel-linux-x86_64-debian-clang 0.2.5 2.27 24.13 26.40 OK
r-devel-linux-x86_64-debian-gcc 0.2.5 1.91 19.18 21.09 OK
r-devel-linux-x86_64-fedora-clang 0.2.5 31.76 OK
r-devel-linux-x86_64-fedora-gcc 0.2.5 30.46 OK
r-devel-windows-ix86+x86_64 0.2.5 9.00 38.00 47.00 OK
r-patched-linux-x86_64 0.2.5 2.15 23.69 25.84 OK
r-patched-solaris-x86 0.2.5 46.10 NOTE
r-release-linux-x86_64 0.2.5 2.23 23.58 25.81 OK
r-release-windows-ix86+x86_64 0.2.5 5.00 38.00 43.00 OK
r-release-osx-x86_64 0.2.5 OK
r-oldrel-windows-ix86+x86_64 0.2.5 4.00 33.00 37.00 OK
r-oldrel-osx-x86_64 0.2.5 OK

Check Details

Version: 0.2.5
Check: package dependencies
Result: NOTE
    Package suggested but not available for checking: ‘RPostgres’
Flavor: r-patched-solaris-x86