CRAN Package Check Results for Package dbx

Last updated on 2020-01-27 02:47:12 CET.

Flavor Version Tinstall Tcheck Ttotal Status Flags
r-devel-linux-x86_64-debian-clang 0.2.5 2.62 26.57 29.19 OK
r-devel-linux-x86_64-debian-gcc 0.2.5 2.05 21.32 23.37 OK
r-devel-linux-x86_64-fedora-clang 0.2.5 35.44 OK
r-devel-linux-x86_64-fedora-gcc 0.2.5 39.39 OK
r-devel-windows-ix86+x86_64 0.2.5 9.00 56.00 65.00 OK
r-devel-windows-ix86+x86_64-gcc8 0.2.5 7.00 41.00 48.00 OK
r-patched-linux-x86_64 0.2.5 2.12 23.83 25.95 OK
r-patched-solaris-x86 0.2.5 48.90 NOTE
r-release-linux-x86_64 0.2.5 1.91 23.93 25.84 OK
r-release-windows-ix86+x86_64 0.2.5 4.00 32.00 36.00 OK
r-release-osx-x86_64 0.2.5 OK
r-oldrel-windows-ix86+x86_64 0.2.5 3.00 36.00 39.00 OK
r-oldrel-osx-x86_64 0.2.5 OK

Check Details

Version: 0.2.5
Check: package dependencies
Result: NOTE
    Package suggested but not available for checking: ‘RPostgres’
Flavor: r-patched-solaris-x86