CRAN Package Check Results for Package dc3net

Last updated on 2018-02-17 20:46:20 CET.

Flavor Version Tinstall Tcheck Ttotal Status Flags
r-devel-linux-x86_64-debian-clang 1.2.0 1.95 31.47 33.42 NOTE
r-devel-linux-x86_64-debian-gcc 1.2.0 1.52 24.19 25.71 NOTE
r-devel-windows-ix86+x86_64 1.2.0 4.00 41.00 45.00 OK
r-patched-linux-x86_64 1.2.0 1.37 30.06 31.43 OK
r-patched-solaris-x86 1.2.0 52.90 OK
r-release-linux-x86_64 1.2.0 1.09 29.69 30.78 OK
r-release-windows-ix86+x86_64 1.2.0 6.00 55.00 61.00 OK
r-release-osx-x86_64 1.2.0 ERROR
r-oldrel-windows-ix86+x86_64 1.2.0 5.00 62.00 67.00 OK
r-oldrel-osx-x86_64 1.2.0 ERROR

Check Details

Version: 1.2.0
Check: DESCRIPTION meta-information
Result: NOTE
    Dependence on R version ‘3.3.3’ not with patchlevel 0
Flavors: r-devel-linux-x86_64-debian-clang, r-devel-linux-x86_64-debian-gcc

Version: 1.2.0
Check: package dependencies
Result: ERROR
    Package required but not available: ‘RedeR’
    
    See section ‘The DESCRIPTION file’ in the ‘Writing R Extensions’
    manual.
Flavor: r-release-osx-x86_64

Version: 1.2.0
Check: whether package can be installed
Result: ERROR
    Installation failed.
Flavor: r-oldrel-osx-x86_64