CRAN Package Check Results for Package dc3net

Last updated on 2018-11-21 08:48:34 CET.

Flavor Version Tinstall Tcheck Ttotal Status Flags
r-devel-linux-x86_64-debian-clang 1.2.0 1.85 32.91 34.76 OK
r-devel-linux-x86_64-debian-gcc 1.2.0 1.44 26.35 27.79 OK
r-devel-linux-x86_64-fedora-clang 1.2.0 40.21 OK
r-devel-linux-x86_64-fedora-gcc 1.2.0 39.33 OK
r-devel-windows-ix86+x86_64 1.2.0 6.00 41.00 47.00 OK
r-patched-linux-x86_64 1.2.0 1.84 31.08 32.92 NOTE
r-patched-solaris-x86 1.2.0 62.90 OK
r-release-linux-x86_64 1.2.0 1.41 31.17 32.58 NOTE
r-release-windows-ix86+x86_64 1.2.0 4.00 58.00 62.00 OK
r-release-osx-x86_64 1.2.0 OK
r-oldrel-windows-ix86+x86_64 1.2.0 7.00 63.00 70.00 OK
r-oldrel-osx-x86_64 1.2.0 OK

Check Details

Version: 1.2.0
Check: DESCRIPTION meta-information
Result: NOTE
    Dependence on R version ‘3.3.3’ not with patchlevel 0
Flavors: r-patched-linux-x86_64, r-release-linux-x86_64