CRAN Package Check Results for Package dc3net

Last updated on 2018-05-23 16:47:56 CEST.

Flavor Version Tinstall Tcheck Ttotal Status Flags
r-devel-linux-x86_64-debian-clang 1.2.0 2.11 31.93 34.04 OK
r-devel-linux-x86_64-debian-gcc 1.2.0 1.49 25.26 26.75 OK
r-devel-linux-x86_64-fedora-clang 1.2.0 41.20 OK
r-devel-linux-x86_64-fedora-gcc 1.2.0 38.59 OK
r-devel-windows-ix86+x86_64 1.2.0 5.00 55.00 60.00 OK
r-patched-linux-x86_64 1.2.0 1.97 31.12 33.09 NOTE
r-patched-solaris-x86 1.2.0 62.50 OK
r-release-linux-x86_64 1.2.0 1.84 30.48 32.32 NOTE
r-release-windows-ix86+x86_64 1.2.0 7.00 43.00 50.00 OK
r-release-osx-x86_64 1.2.0 OK
r-oldrel-windows-ix86+x86_64 1.2.0 7.00 39.00 46.00 OK
r-oldrel-osx-x86_64 1.2.0 OK

Check Details

Version: 1.2.0
Check: DESCRIPTION meta-information
Result: NOTE
    Dependence on R version ‘3.3.3’ not with patchlevel 0
Flavors: r-patched-linux-x86_64, r-release-linux-x86_64