CRAN Package Check Results for Package dc3net

Last updated on 2019-02-21 07:48:32 CET.

Flavor Version Tinstall Tcheck Ttotal Status Flags
r-devel-linux-x86_64-debian-clang 1.2.0 1.98 33.83 35.81 OK
r-devel-linux-x86_64-debian-gcc 1.2.0 1.56 26.73 28.29 OK
r-devel-linux-x86_64-fedora-clang 1.2.0 43.37 OK
r-devel-linux-x86_64-fedora-gcc 1.2.0 40.13 OK
r-devel-windows-ix86+x86_64 1.2.0 6.00 60.00 66.00 OK
r-patched-linux-x86_64 1.2.0 NOTE
r-patched-solaris-x86 1.2.0 61.80 OK
r-release-linux-x86_64 1.2.0 NOTE
r-release-windows-ix86+x86_64 1.2.0 5.00 60.00 65.00 OK
r-release-osx-x86_64 1.2.0 OK
r-oldrel-windows-ix86+x86_64 1.2.0 4.00 57.00 61.00 OK
r-oldrel-osx-x86_64 1.2.0 OK

Check Details

Version: 1.2.0
Check: DESCRIPTION meta-information
Result: NOTE
    Dependence on R version ‘3.3.3’ not with patchlevel 0
Flavors: r-patched-linux-x86_64, r-release-linux-x86_64