CRAN Package Check Results for Package dcGOR

Last updated on 2018-05-24 06:46:44 CEST.

Flavor Version Tinstall Tcheck Ttotal Status Flags
r-devel-linux-x86_64-debian-clang 1.0.6 14.35 102.10 116.45 OK
r-devel-linux-x86_64-debian-gcc 1.0.6 13.50 95.10 108.60 OK
r-devel-linux-x86_64-fedora-clang 1.0.6 166.30 NOTE
r-devel-linux-x86_64-fedora-gcc 1.0.6 162.75 NOTE
r-devel-windows-ix86+x86_64 1.0.6 22.00 137.00 159.00 NOTE
r-patched-linux-x86_64 1.0.6 13.67 105.57 119.24 OK
r-patched-solaris-x86 1.0.6 214.00 NOTE
r-release-linux-x86_64 1.0.6 13.76 104.78 118.54 OK
r-release-windows-ix86+x86_64 1.0.6 32.00 106.00 138.00 NOTE
r-release-osx-x86_64 1.0.6 NOTE
r-oldrel-windows-ix86+x86_64 1.0.6 19.00 158.00 177.00 NOTE
r-oldrel-osx-x86_64 1.0.6 OK

Check Details

Version: 1.0.6
Check: installed package size
Result: NOTE
     installed size is 5.4Mb
     sub-directories of 1Mb or more:
     data 4.1Mb
Flavors: r-devel-linux-x86_64-fedora-clang, r-devel-linux-x86_64-fedora-gcc, r-devel-windows-ix86+x86_64, r-patched-solaris-x86, r-release-windows-ix86+x86_64, r-release-osx-x86_64

Version: 1.0.6
Check: package dependencies
Result: NOTE
    Package suggested but not available for checking: 'doMC'
Flavors: r-devel-windows-ix86+x86_64, r-release-windows-ix86+x86_64, r-oldrel-windows-ix86+x86_64