CRAN Package Check Results for Package dcGOR

Last updated on 2018-02-23 02:48:03 CET.

Flavor Version Tinstall Tcheck Ttotal Status Flags
r-devel-linux-x86_64-debian-clang 1.0.6 14.72 95.62 110.34 OK
r-devel-linux-x86_64-debian-gcc 1.0.6 11.19 84.04 95.23 OK
r-devel-windows-ix86+x86_64 1.0.6 31.00 106.00 137.00 NOTE
r-patched-linux-x86_64 1.0.6 7.44 110.09 117.53 OK
r-patched-solaris-x86 1.0.6 208.90 NOTE
r-release-linux-x86_64 1.0.6 6.18 110.80 116.98 OK
r-release-windows-ix86+x86_64 1.0.6 20.00 156.00 176.00 NOTE
r-release-osx-x86_64 1.0.6 ERROR
r-oldrel-windows-ix86+x86_64 1.0.6 15.00 148.00 163.00 NOTE
r-oldrel-osx-x86_64 1.0.6 NOTE

Check Details

Version: 1.0.6
Check: package dependencies
Result: NOTE
    Package suggested but not available for checking: 'doMC'
Flavors: r-devel-windows-ix86+x86_64, r-release-windows-ix86+x86_64, r-oldrel-windows-ix86+x86_64

Version: 1.0.6
Check: installed package size
Result: NOTE
     installed size is 5.3Mb
     sub-directories of 1Mb or more:
     data 4.1Mb
Flavors: r-devel-windows-ix86+x86_64, r-patched-solaris-x86, r-oldrel-osx-x86_64

Version: 1.0.6
Check: package dependencies
Result: ERROR
    Package required but not available: ‘dnet’
    
    See section ‘The DESCRIPTION file’ in the ‘Writing R Extensions’
    manual.
Flavor: r-release-osx-x86_64