CRAN Package Check Results for Package dcGOR

Last updated on 2019-02-16 19:47:23 CET.

Flavor Version Tinstall Tcheck Ttotal Status Flags
r-devel-linux-x86_64-debian-clang 1.0.6 14.65 110.51 125.16 OK
r-devel-linux-x86_64-debian-gcc 1.0.6 12.56 98.57 111.13 OK
r-devel-linux-x86_64-fedora-clang 1.0.6 153.69 NOTE
r-devel-linux-x86_64-fedora-gcc 1.0.6 162.22 OK
r-devel-windows-ix86+x86_64 1.0.6 47.00 153.00 200.00 NOTE
r-patched-linux-x86_64 1.0.6 12.06 103.94 116.00 OK
r-patched-solaris-x86 1.0.6 209.30 NOTE
r-release-linux-x86_64 1.0.6 OK
r-release-windows-ix86+x86_64 1.0.6 23.00 148.00 171.00 NOTE
r-release-osx-x86_64 1.0.6 NOTE
r-oldrel-windows-ix86+x86_64 1.0.6 24.00 183.00 207.00 NOTE
r-oldrel-osx-x86_64 1.0.6 OK

Check Details

Version: 1.0.6
Check: installed package size
Result: NOTE
     installed size is 5.4Mb
     sub-directories of 1Mb or more:
     data 4.1Mb
Flavors: r-devel-linux-x86_64-fedora-clang, r-devel-windows-ix86+x86_64, r-patched-solaris-x86, r-release-windows-ix86+x86_64, r-release-osx-x86_64

Version: 1.0.6
Check: package dependencies
Result: NOTE
    Package suggested but not available for checking: 'doMC'
Flavors: r-devel-windows-ix86+x86_64, r-release-windows-ix86+x86_64, r-oldrel-windows-ix86+x86_64