CRAN Package Check Results for Package dcGOR

Last updated on 2018-11-18 23:49:47 CET.

Flavor Version Tinstall Tcheck Ttotal Status Flags
r-devel-linux-x86_64-debian-clang 1.0.6 11.85 107.97 119.82 OK
r-devel-linux-x86_64-debian-gcc 1.0.6 12.11 87.30 99.41 OK
r-devel-linux-x86_64-fedora-clang 1.0.6 145.31 NOTE
r-devel-linux-x86_64-fedora-gcc 1.0.6 142.32 OK
r-devel-windows-ix86+x86_64 1.0.6 29.00 116.00 145.00 NOTE
r-patched-linux-x86_64 1.0.6 12.02 104.45 116.47 OK
r-patched-solaris-x86 1.0.6 216.70 NOTE
r-release-linux-x86_64 1.0.6 10.27 105.17 115.44 OK
r-release-windows-ix86+x86_64 1.0.6 31.00 160.00 191.00 NOTE
r-release-osx-x86_64 1.0.6 NOTE
r-oldrel-windows-ix86+x86_64 1.0.6 23.00 156.00 179.00 NOTE
r-oldrel-osx-x86_64 1.0.6 OK

Check Details

Version: 1.0.6
Check: installed package size
Result: NOTE
     installed size is 5.4Mb
     sub-directories of 1Mb or more:
     data 4.1Mb
Flavors: r-devel-linux-x86_64-fedora-clang, r-devel-windows-ix86+x86_64, r-patched-solaris-x86, r-release-windows-ix86+x86_64, r-release-osx-x86_64

Version: 1.0.6
Check: package dependencies
Result: NOTE
    Package suggested but not available for checking: 'doMC'
Flavors: r-devel-windows-ix86+x86_64, r-release-windows-ix86+x86_64, r-oldrel-windows-ix86+x86_64