CRAN Package Check Results for Package dcGOR

Last updated on 2018-08-20 09:47:34 CEST.

Flavor Version Tinstall Tcheck Ttotal Status Flags
r-devel-linux-x86_64-debian-clang 1.0.6 11.91 120.54 132.45 OK
r-devel-linux-x86_64-debian-gcc 1.0.6 13.37 98.01 111.38 OK
r-devel-linux-x86_64-fedora-clang 1.0.6 162.23 NOTE
r-devel-linux-x86_64-fedora-gcc 1.0.6 158.85 OK
r-devel-windows-ix86+x86_64 1.0.6 32.00 168.00 200.00 NOTE
r-patched-linux-x86_64 1.0.6 14.12 105.57 119.69 OK
r-patched-solaris-x86 1.0.6 214.00 NOTE
r-release-linux-x86_64 1.0.6 11.35 106.23 117.58 OK
r-release-windows-ix86+x86_64 1.0.6 31.00 150.00 181.00 NOTE
r-release-osx-x86_64 1.0.6 NOTE
r-oldrel-windows-ix86+x86_64 1.0.6 16.00 152.00 168.00 NOTE
r-oldrel-osx-x86_64 1.0.6 OK

Check Details

Version: 1.0.6
Check: installed package size
Result: NOTE
     installed size is 5.4Mb
     sub-directories of 1Mb or more:
     data 4.1Mb
Flavors: r-devel-linux-x86_64-fedora-clang, r-devel-windows-ix86+x86_64, r-patched-solaris-x86, r-release-windows-ix86+x86_64, r-release-osx-x86_64

Version: 1.0.6
Check: package dependencies
Result: NOTE
    Package suggested but not available for checking: 'doMC'
Flavors: r-devel-windows-ix86+x86_64, r-release-windows-ix86+x86_64, r-oldrel-windows-ix86+x86_64