CRAN Package Check Results for Package dccmidas

Last updated on 2022-05-26 12:53:36 CEST.

Flavor Version Tinstall Tcheck Ttotal Status Flags
r-devel-linux-x86_64-debian-clang 0.1.0 50.79 127.75 178.54 OK
r-devel-linux-x86_64-debian-gcc 0.1.0 44.54 108.87 153.41 OK
r-devel-linux-x86_64-fedora-clang 0.1.0 229.90 NOTE
r-devel-linux-x86_64-fedora-gcc 0.1.0 217.30 NOTE
r-devel-windows-x86_64 0.1.0 64.00 156.00 220.00 OK
r-patched-linux-x86_64 0.1.0 39.37 120.48 159.85 OK
r-release-linux-x86_64 0.1.0 OK
r-release-macos-arm64 0.1.0 57.00 NOTE
r-release-macos-x86_64 0.1.0 105.00 NOTE
r-release-windows-x86_64 0.1.0 66.00 158.00 224.00 OK
r-oldrel-macos-arm64 0.1.0 65.00 NOTE
r-oldrel-macos-x86_64 0.1.0 120.00 NOTE
r-oldrel-windows-ix86+x86_64 0.1.0 127.00 189.00 316.00 OK

Check Details

Version: 0.1.0
Check: dependencies in R code
Result: NOTE
    Namespaces in Imports field not imported from:
     ‘Rcpp’ ‘lubridate’ ‘tseries’
     All declared Imports should be used.
Flavors: r-devel-linux-x86_64-fedora-clang, r-devel-linux-x86_64-fedora-gcc, r-release-macos-arm64, r-release-macos-x86_64, r-oldrel-macos-arm64, r-oldrel-macos-x86_64