CRAN Package Check Results for Package dcortools

Last updated on 2024-03-04 01:52:49 CET.

Flavor Version Tinstall Tcheck Ttotal Status Flags
r-devel-linux-x86_64-debian-clang 0.1.6 63.27 58.52 121.79 NOTE
r-devel-linux-x86_64-debian-gcc 0.1.6 59.08 43.67 102.75 NOTE
r-devel-linux-x86_64-fedora-clang 0.1.6 182.19 NOTE
r-devel-linux-x86_64-fedora-gcc 0.1.6 177.77 NOTE
r-devel-windows-x86_64 0.1.6 56.00 81.00 137.00 NOTE
r-patched-linux-x86_64 0.1.6 49.79 58.21 108.00 NOTE
r-release-linux-x86_64 0.1.6 55.33 56.65 111.98 NOTE
r-release-macos-arm64 0.1.6 43.00 NOTE
r-release-macos-x86_64 0.1.6 75.00 NOTE
r-release-windows-x86_64 0.1.6 72.00 97.00 169.00 NOTE
r-oldrel-macos-arm64 0.1.6 44.00 OK
r-oldrel-windows-x86_64 0.1.6 70.00 92.00 162.00 OK

Check Details

Version: 0.1.6
Check: C++ specification
Result: NOTE Specified C++11: please drop specification unless essential Flavors: r-devel-linux-x86_64-debian-clang, r-devel-linux-x86_64-debian-gcc, r-devel-linux-x86_64-fedora-clang, r-devel-linux-x86_64-fedora-gcc, r-devel-windows-x86_64, r-patched-linux-x86_64, r-release-linux-x86_64, r-release-macos-arm64, r-release-macos-x86_64, r-release-windows-x86_64