Last updated on 2023-09-25 12:01:37 CEST.
Flavor | Version | Tinstall | Tcheck | Ttotal | Status | Flags |
---|---|---|---|---|---|---|
r-devel-linux-x86_64-debian-clang | 0.1.1 | 145.36 | 28.31 | 173.67 | NOTE | |
r-devel-linux-x86_64-debian-gcc | 0.1.1 | 97.95 | 22.48 | 120.43 | NOTE | |
r-devel-linux-x86_64-fedora-clang | 0.1.1 | 274.09 | NOTE | |||
r-devel-linux-x86_64-fedora-gcc | 0.1.1 | 271.40 | NOTE | |||
r-devel-windows-x86_64 | 0.1.1 | 111.00 | 64.00 | 175.00 | NOTE | |
r-patched-linux-x86_64 | 0.1.1 | 148.58 | 28.12 | 176.70 | NOTE | |
r-release-linux-x86_64 | 0.1.1 | 137.95 | 28.77 | 166.72 | NOTE | |
r-release-macos-arm64 | 0.1.1 | 61.00 | NOTE | |||
r-release-macos-x86_64 | 0.1.1 | 101.00 | NOTE | |||
r-release-windows-x86_64 | 0.1.1 | 141.00 | 70.00 | 211.00 | NOTE | |
r-oldrel-macos-arm64 | 0.1.1 | 53.00 | NOTE | |||
r-oldrel-macos-x86_64 | 0.1.1 | 79.00 | NOTE | |||
r-oldrel-windows-x86_64 | 0.1.1 | 136.00 | 68.00 | 204.00 | NOTE |
Version: 0.1.1
Check: LazyData
Result: NOTE
'LazyData' is specified without a 'data' directory
Flavors: r-devel-linux-x86_64-debian-clang, r-devel-linux-x86_64-debian-gcc, r-devel-linux-x86_64-fedora-clang, r-devel-linux-x86_64-fedora-gcc, r-devel-windows-x86_64, r-patched-linux-x86_64, r-release-linux-x86_64, r-release-macos-arm64, r-release-macos-x86_64, r-release-windows-x86_64, r-oldrel-macos-arm64, r-oldrel-macos-x86_64, r-oldrel-windows-x86_64