CRAN Package Check Results for Package dcov

Last updated on 2022-11-30 18:50:20 CET.

Flavor Version Tinstall Tcheck Ttotal Status Flags
r-devel-linux-x86_64-debian-clang 0.1.1 143.60 29.61 173.21 NOTE
r-devel-linux-x86_64-debian-gcc 0.1.1 109.17 23.09 132.26 NOTE
r-devel-linux-x86_64-fedora-clang 0.1.1 271.04 NOTE
r-devel-linux-x86_64-fedora-gcc 0.1.1 232.48 NOTE
r-devel-windows-x86_64 0.1.1 105.00 79.00 184.00 NOTE
r-patched-linux-x86_64 0.1.1 115.19 28.07 143.26 NOTE
r-release-linux-x86_64 0.1.1 112.69 28.35 141.04 NOTE
r-release-macos-arm64 0.1.1 51.00 NOTE
r-release-macos-x86_64 0.1.1 79.00 NOTE
r-release-windows-x86_64 0.1.1 116.00 79.00 195.00 NOTE
r-oldrel-macos-arm64 0.1.1 54.00 NOTE
r-oldrel-macos-x86_64 0.1.1 115.00 NOTE
r-oldrel-windows-ix86+x86_64 0.1.1 341.00 78.00 419.00 NOTE

Check Details

Version: 0.1.1
Check: LazyData
Result: NOTE
     'LazyData' is specified without a 'data' directory
Flavors: r-devel-linux-x86_64-debian-clang, r-devel-linux-x86_64-debian-gcc, r-devel-linux-x86_64-fedora-clang, r-devel-linux-x86_64-fedora-gcc, r-devel-windows-x86_64, r-patched-linux-x86_64, r-release-linux-x86_64, r-release-macos-arm64, r-release-macos-x86_64, r-release-windows-x86_64, r-oldrel-macos-arm64, r-oldrel-macos-x86_64, r-oldrel-windows-ix86+x86_64

Version: 0.1.1
Check: installed package size
Result: NOTE
     installed size is 5.0Mb
     sub-directories of 1Mb or more:
     libs 4.9Mb
Flavor: r-oldrel-macos-arm64