CRAN Package Check Results for Package ddR

Last updated on 2018-02-22 02:51:36 CET.

Flavor Version Tinstall Tcheck Ttotal Status Flags
r-devel-linux-x86_64-debian-clang 0.1.2 16.24 52.04 68.28 NOTE
r-devel-linux-x86_64-debian-gcc 0.1.2 14.22 45.51 59.73 NOTE
r-devel-linux-x86_64-fedora-clang 0.1.2 97.09 NOTE
r-devel-linux-x86_64-fedora-gcc 0.1.2 90.88 NOTE
r-devel-windows-ix86+x86_64 0.1.2 46.00 275.00 321.00 OK
r-patched-linux-x86_64 0.1.2 13.29 66.24 79.53 NOTE
r-patched-solaris-x86 0.1.2 158.70 OK
r-release-linux-x86_64 0.1.2 12.59 66.30 78.89 NOTE
r-release-windows-ix86+x86_64 0.1.2 29.00 392.00 421.00 FAIL
r-release-osx-x86_64 0.1.2 OK
r-oldrel-windows-ix86+x86_64 0.1.2 29.00 238.00 267.00 FAIL
r-oldrel-osx-x86_64 0.1.2 OK

Check Details

Version: 0.1.2
Check: compiled code
Result: NOTE
    File ‘ddR/libs/ddR.so’:
     Found no calls to: ‘R_registerRoutines’, ‘R_useDynamicSymbols’
    
    It is good practice to register native routines and to disable symbol
    search.
    
    See ‘Writing portable packages’ in the ‘Writing R Extensions’ manual.
Flavors: r-devel-linux-x86_64-debian-clang, r-devel-linux-x86_64-debian-gcc, r-devel-linux-x86_64-fedora-clang, r-devel-linux-x86_64-fedora-gcc, r-patched-linux-x86_64, r-release-linux-x86_64

Version: 0.1.2
Check: re-building of vignette outputs
Result: FAIL
    
Flavors: r-release-windows-ix86+x86_64, r-oldrel-windows-ix86+x86_64