CRAN Package Check Results for Package ddiv

Last updated on 2022-06-25 18:51:01 CEST.

Flavor Version Tinstall Tcheck Ttotal Status Flags
r-devel-linux-x86_64-debian-clang 0.1.1 3.16 54.29 57.45 OK
r-devel-linux-x86_64-debian-gcc 0.1.1 2.40 41.92 44.32 OK
r-devel-linux-x86_64-fedora-clang 0.1.1 82.66 NOTE
r-devel-linux-x86_64-fedora-gcc 0.1.1 78.31 NOTE
r-devel-windows-x86_64 0.1.1 22.00 96.00 118.00 OK
r-patched-linux-x86_64 0.1.1 2.76 52.98 55.74 OK
r-release-linux-x86_64 0.1.1 2.89 52.94 55.83 OK
r-release-macos-arm64 0.1.1 27.00 NOTE
r-release-macos-x86_64 0.1.1 35.00 NOTE
r-release-windows-x86_64 0.1.1 20.00 96.00 116.00 OK
r-oldrel-macos-arm64 0.1.1 26.00 NOTE
r-oldrel-macos-x86_64 0.1.1 49.00 NOTE
r-oldrel-windows-ix86+x86_64 0.1.1 8.00 84.00 92.00 OK

Check Details

Version: 0.1.1
Check: dependencies in R code
Result: NOTE
    Namespaces in Imports field not imported from:
     ‘MASS’ ‘qpdf’
     All declared Imports should be used.
Flavors: r-devel-linux-x86_64-fedora-clang, r-devel-linux-x86_64-fedora-gcc, r-release-macos-arm64, r-release-macos-x86_64, r-oldrel-macos-arm64, r-oldrel-macos-x86_64