CRAN Package Check Results for Package ddpcr

Last updated on 2019-02-15 22:46:36 CET.

Flavor Version Tinstall Tcheck Ttotal Status Flags
r-devel-linux-x86_64-debian-clang 1.11 6.79 109.10 115.89 OK
r-devel-linux-x86_64-debian-gcc 1.11 4.86 82.03 86.89 OK
r-devel-linux-x86_64-fedora-clang 1.11 139.53 OK
r-devel-linux-x86_64-fedora-gcc 1.11 138.36 OK
r-devel-windows-ix86+x86_64 1.11 17.00 168.00 185.00 OK
r-patched-linux-x86_64 1.11 4.81 101.19 106.00 OK
r-patched-solaris-x86 1.11 184.40 NOTE
r-release-linux-x86_64 1.11 4.50 100.58 105.08 OK
r-release-windows-ix86+x86_64 1.11 13.00 119.00 132.00 OK
r-release-osx-x86_64 1.11 OK
r-oldrel-windows-ix86+x86_64 1.11 19.00 180.00 199.00 OK
r-oldrel-osx-x86_64 1.11 OK

Check Details

Version: 1.11
Check: installed package size
Result: NOTE
     installed size is 5.7Mb
     sub-directories of 1Mb or more:
     sample_data 3.6Mb
Flavor: r-patched-solaris-x86