CRAN Package Check Results for Package ddpcr

Last updated on 2018-11-13 02:48:32 CET.

Flavor Version Tinstall Tcheck Ttotal Status Flags
r-devel-linux-x86_64-debian-clang 1.9 5.49 110.49 115.98 OK
r-devel-linux-x86_64-debian-gcc 1.9 4.60 82.02 86.62 OK
r-devel-linux-x86_64-fedora-clang 1.9 136.29 OK
r-devel-linux-x86_64-fedora-gcc 1.9 138.17 OK
r-devel-windows-ix86+x86_64 1.9 10.00 130.00 140.00 OK
r-patched-linux-x86_64 1.9 5.46 101.30 106.76 OK
r-patched-solaris-x86 1.9 187.70 NOTE
r-release-linux-x86_64 1.9 3.58 102.32 105.90 OK
r-release-windows-ix86+x86_64 1.9 19.00 111.00 130.00 OK
r-release-osx-x86_64 1.9 OK
r-oldrel-windows-ix86+x86_64 1.9 12.00 177.00 189.00 OK
r-oldrel-osx-x86_64 1.9 OK

Check Details

Version: 1.9
Check: installed package size
Result: NOTE
     installed size is 5.7Mb
     sub-directories of 1Mb or more:
     sample_data 3.6Mb
Flavor: r-patched-solaris-x86