CRAN Package Check Results for Package ddpcr

Last updated on 2018-08-20 01:46:20 CEST.

Flavor Version Tinstall Tcheck Ttotal Status Flags
r-devel-linux-x86_64-debian-clang 1.9 4.80 110.57 115.37 OK
r-devel-linux-x86_64-debian-gcc 1.9 4.77 82.73 87.50 OK
r-devel-linux-x86_64-fedora-clang 1.9 136.64 OK
r-devel-linux-x86_64-fedora-gcc 1.9 137.48 OK
r-devel-windows-ix86+x86_64 1.9 18.00 156.00 174.00 OK
r-patched-linux-x86_64 1.9 5.59 103.10 108.69 OK
r-patched-solaris-x86 1.9 190.10 NOTE
r-release-linux-x86_64 1.9 5.57 105.95 111.52 OK
r-release-windows-ix86+x86_64 1.9 19.00 152.00 171.00 OK
r-release-osx-x86_64 1.9 OK
r-oldrel-windows-ix86+x86_64 1.9 9.00 188.00 197.00 OK
r-oldrel-osx-x86_64 1.9 OK

Check Details

Version: 1.9
Check: installed package size
Result: NOTE
     installed size is 5.7Mb
     sub-directories of 1Mb or more:
     sample_data 3.6Mb
Flavor: r-patched-solaris-x86