CRAN Package Check Results for Package ddpcr

Last updated on 2018-02-19 21:49:27 CET.

Flavor Version Tinstall Tcheck Ttotal Status Flags
r-devel-linux-x86_64-debian-clang 1.8 5.51 102.96 108.47 OK
r-devel-linux-x86_64-debian-gcc 1.8 3.43 88.32 91.75 OK
r-devel-linux-x86_64-fedora-clang 1.8 145.64 OK
r-devel-linux-x86_64-fedora-gcc 1.8 144.94 OK
r-devel-windows-ix86+x86_64 1.8 11.00 129.00 140.00 OK
r-patched-linux-x86_64 1.8 2.65 128.79 131.44 OK
r-patched-solaris-x86 1.8 197.50 NOTE
r-release-linux-x86_64 1.8 3.11 134.63 137.74 OK
r-release-windows-ix86+x86_64 1.8 14.00 185.00 199.00 OK
r-release-osx-x86_64 1.8 OK
r-oldrel-windows-ix86+x86_64 1.8 14.00 160.00 174.00 OK
r-oldrel-osx-x86_64 1.8 OK

Check Details

Version: 1.8
Check: installed package size
Result: NOTE
     installed size is 5.5Mb
     sub-directories of 1Mb or more:
     sample_data 3.6Mb
Flavor: r-patched-solaris-x86