CRAN Package Check Results for Package deBInfer

Last updated on 2018-02-23 14:49:19 CET.

Flavor Version Tinstall Tcheck Ttotal Status Flags
r-devel-linux-x86_64-debian-clang 0.4.1 2.31 486.96 489.27 WARN
r-devel-linux-x86_64-debian-gcc 0.4.1 2.16 332.94 335.10 WARN
r-devel-linux-x86_64-fedora-clang 0.4.1 531.87 WARN
r-devel-linux-x86_64-fedora-gcc 0.4.1 509.82 WARN
r-devel-windows-ix86+x86_64 0.4.1 12.00 240.00 252.00 WARN --no-vignettes
r-patched-linux-x86_64 0.4.1 2.00 566.05 568.05 OK
r-patched-solaris-x86 0.4.1 552.10 OK
r-release-linux-x86_64 0.4.1 1.81 480.10 481.91 OK
r-release-windows-ix86+x86_64 0.4.1 7.00 330.00 337.00 OK --no-vignettes
r-release-osx-x86_64 0.4.1 WARN
r-oldrel-windows-ix86+x86_64 0.4.1 6.00 332.00 338.00 OK --no-vignettes
r-oldrel-osx-x86_64 0.4.1 OK

Check Details

Version: 0.4.1
Check: whether package can be installed
Result: WARN
    Found the following significant warnings:
     Note: break may be used in wrong context: no loop is visible
Flavors: r-devel-linux-x86_64-debian-clang, r-devel-linux-x86_64-debian-gcc, r-devel-linux-x86_64-fedora-clang, r-devel-linux-x86_64-fedora-gcc

Version: 0.4.1
Flags: --no-vignettes
Check: whether package can be installed
Result: WARN
    Found the following significant warnings:
     Note: break may be used in wrong context: no loop is visible
Flavor: r-devel-windows-ix86+x86_64

Version: 0.4.1
Check: package dependencies
Result: NOTE
    Package suggested but not available for checking: ‘devtools’
Flavor: r-release-osx-x86_64

Version: 0.4.1
Check: re-building of vignette outputs
Result: WARN
    Error in re-building vignettes:
     ...
    Warning in engine$weave(file, quiet = quiet, encoding = enc) :
     Pandoc (>= 1.12.3) and/or pandoc-citeproc not available. Falling back to R Markdown v1.
    Quitting from lines 29-31 (chytrid_dede_example.Rmd)
    Error: processing vignette 'chytrid_dede_example.Rmd' failed with diagnostics:
    there is no package called 'devtools'
    Execution halted
Flavor: r-release-osx-x86_64