CRAN Package Check Results for Package deGradInfer

Last updated on 2018-08-21 16:50:19 CEST.

Flavor Version Tinstall Tcheck Ttotal Status Flags
r-devel-linux-x86_64-debian-clang 1.0.0 9.23 138.91 148.14 OK
r-devel-linux-x86_64-debian-gcc 1.0.0 7.29 109.31 116.60 OK
r-devel-linux-x86_64-fedora-clang 1.0.0 171.16 OK
r-devel-linux-x86_64-fedora-gcc 1.0.0 168.79 OK
r-devel-windows-ix86+x86_64 1.0.0 19.00 129.00 148.00 OK
r-patched-linux-x86_64 1.0.0 6.08 115.87 121.95 NOTE
r-patched-solaris-x86 1.0.0 207.80 OK
r-release-linux-x86_64 1.0.0 7.05 116.37 123.42 NOTE
r-release-windows-ix86+x86_64 1.0.0 15.00 120.00 135.00 OK
r-release-osx-x86_64 1.0.0 OK
r-oldrel-windows-ix86+x86_64 1.0.0 8.00 189.00 197.00 OK
r-oldrel-osx-x86_64 1.0.0 OK

Check Details

Version: 1.0.0
Check: DESCRIPTION meta-information
Result: NOTE
    Dependence on R version ‘3.3.1’ not with patchlevel 0
Flavors: r-patched-linux-x86_64, r-release-linux-x86_64