CRAN Package Check Results for Package deGradInfer

Last updated on 2018-11-21 16:48:15 CET.

Flavor Version Tinstall Tcheck Ttotal Status Flags
r-devel-linux-x86_64-debian-clang 1.0.0 6.94 118.84 125.78 OK
r-devel-linux-x86_64-debian-gcc 1.0.0 5.92 94.63 100.55 OK
r-devel-linux-x86_64-fedora-clang 1.0.0 145.54 OK
r-devel-linux-x86_64-fedora-gcc 1.0.0 144.09 OK
r-devel-windows-ix86+x86_64 1.0.0 16.00 190.00 206.00 OK
r-patched-linux-x86_64 1.0.0 6.19 114.92 121.11 NOTE
r-patched-solaris-x86 1.0.0 208.50 OK
r-release-linux-x86_64 1.0.0 7.71 117.09 124.80 NOTE
r-release-windows-ix86+x86_64 1.0.0 12.00 162.00 174.00 OK
r-release-osx-x86_64 1.0.0 OK
r-oldrel-windows-ix86+x86_64 1.0.0 12.00 157.00 169.00 OK
r-oldrel-osx-x86_64 1.0.0 OK

Check Details

Version: 1.0.0
Check: DESCRIPTION meta-information
Result: NOTE
    Dependence on R version ‘3.3.1’ not with patchlevel 0
Flavors: r-patched-linux-x86_64, r-release-linux-x86_64