CRAN Package Check Results for Package deGradInfer

Last updated on 2019-02-21 07:48:32 CET.

Flavor Version Tinstall Tcheck Ttotal Status Flags
r-devel-linux-x86_64-debian-clang 1.0.0 8.56 120.57 129.13 OK
r-devel-linux-x86_64-debian-gcc 1.0.0 7.02 91.86 98.88 OK
r-devel-linux-x86_64-fedora-clang 1.0.0 154.72 OK
r-devel-linux-x86_64-fedora-gcc 1.0.0 144.52 OK
r-devel-windows-ix86+x86_64 1.0.0 17.00 167.00 184.00 OK
r-patched-linux-x86_64 1.0.0 NOTE
r-patched-solaris-x86 1.0.0 203.40 OK
r-release-linux-x86_64 1.0.0 NOTE
r-release-windows-ix86+x86_64 1.0.0 13.00 164.00 177.00 OK
r-release-osx-x86_64 1.0.0 OK
r-oldrel-windows-ix86+x86_64 1.0.0 9.00 148.00 157.00 OK
r-oldrel-osx-x86_64 1.0.0 OK

Check Details

Version: 1.0.0
Check: DESCRIPTION meta-information
Result: NOTE
    Dependence on R version ‘3.3.1’ not with patchlevel 0
Flavors: r-patched-linux-x86_64, r-release-linux-x86_64