CRAN Package Check Results for Package deGradInfer

Last updated on 2018-05-22 15:48:29 CEST.

Flavor Version Tinstall Tcheck Ttotal Status Flags
r-devel-linux-x86_64-debian-clang 1.0.0 6.82 140.73 147.55 OK
r-devel-linux-x86_64-debian-gcc 1.0.0 5.59 103.82 109.41 OK
r-devel-linux-x86_64-fedora-clang 1.0.0 169.61 OK
r-devel-linux-x86_64-fedora-gcc 1.0.0 167.50 OK
r-devel-windows-ix86+x86_64 1.0.0 11.00 178.00 189.00 OK
r-patched-linux-x86_64 1.0.0 4.93 114.19 119.12 NOTE
r-patched-solaris-x86 1.0.0 200.40 OK
r-release-linux-x86_64 1.0.0 7.05 114.23 121.28 NOTE
r-release-windows-ix86+x86_64 1.0.0 15.00 171.00 186.00 OK
r-release-osx-x86_64 1.0.0 OK
r-oldrel-windows-ix86+x86_64 1.0.0 14.00 182.00 196.00 OK
r-oldrel-osx-x86_64 1.0.0 OK

Check Details

Version: 1.0.0
Check: DESCRIPTION meta-information
Result: NOTE
    Dependence on R version ‘3.3.1’ not with patchlevel 0
Flavors: r-patched-linux-x86_64, r-release-linux-x86_64