CRAN Package Check Results for Package deGradInfer

Last updated on 2018-02-23 16:48:28 CET.

Flavor Version Tinstall Tcheck Ttotal Status Flags
r-devel-linux-x86_64-debian-clang 1.0.0 5.41 119.91 125.32 NOTE
r-devel-linux-x86_64-debian-gcc 1.0.0 4.66 89.55 94.21 NOTE
r-devel-linux-x86_64-fedora-clang 1.0.0 148.05 NOTE
r-devel-linux-x86_64-fedora-gcc 1.0.0 143.29 NOTE
r-devel-windows-ix86+x86_64 1.0.0 15.00 161.00 176.00 OK
r-patched-linux-x86_64 1.0.0 4.24 129.72 133.96 OK
r-patched-solaris-x86 1.0.0 208.50 OK
r-release-linux-x86_64 1.0.0 4.39 131.47 135.86 OK
r-release-windows-ix86+x86_64 1.0.0 13.00 182.00 195.00 OK
r-release-osx-x86_64 1.0.0 OK
r-oldrel-windows-ix86+x86_64 1.0.0 8.00 132.00 140.00 OK
r-oldrel-osx-x86_64 1.0.0 OK

Check Details

Version: 1.0.0
Check: DESCRIPTION meta-information
Result: NOTE
    Dependence on R version ‘3.3.1’ not with patchlevel 0
Flavors: r-devel-linux-x86_64-debian-clang, r-devel-linux-x86_64-debian-gcc, r-devel-linux-x86_64-fedora-clang, r-devel-linux-x86_64-fedora-gcc