CRAN Package Check Results for Package decode

Last updated on 2018-08-19 02:47:42 CEST.

Flavor Version Tinstall Tcheck Ttotal Status Flags
r-devel-linux-x86_64-debian-clang 1.2 2.21 24.47 26.68 OK
r-devel-linux-x86_64-debian-gcc 1.2 1.36 19.57 20.93 OK
r-devel-linux-x86_64-fedora-clang 1.2 31.83 NOTE
r-devel-linux-x86_64-fedora-gcc 1.2 30.32 OK
r-devel-windows-ix86+x86_64 1.2 6.00 47.00 53.00 OK
r-patched-linux-x86_64 1.2 1.67 22.91 24.58 OK
r-patched-solaris-x86 1.2 46.00 NOTE
r-release-linux-x86_64 1.2 1.87 22.60 24.47 OK
r-release-windows-ix86+x86_64 1.2 5.00 46.00 51.00 OK
r-release-osx-x86_64 1.2 OK
r-oldrel-windows-ix86+x86_64 1.2 3.00 46.00 49.00 OK
r-oldrel-osx-x86_64 1.2 OK

Check Details

Version: 1.2
Check: installed package size
Result: NOTE
     installed size is 5.0Mb
     sub-directories of 1Mb or more:
     extdata 4.8Mb
Flavors: r-devel-linux-x86_64-fedora-clang, r-patched-solaris-x86