CRAN Package Check Results for Package decode

Last updated on 2018-02-25 13:47:00 CET.

Flavor Version Tinstall Tcheck Ttotal Status Flags
r-devel-linux-x86_64-debian-clang 1.2 2.25 22.82 25.07 OK
r-devel-linux-x86_64-debian-gcc 1.2 1.74 18.00 19.74 OK
r-devel-linux-x86_64-fedora-clang 1.2 31.95 NOTE
r-devel-linux-x86_64-fedora-gcc 1.2 28.89 NOTE
r-devel-windows-ix86+x86_64 1.2 6.00 30.00 36.00 OK
r-patched-linux-x86_64 1.2 1.04 24.37 25.41 OK
r-patched-solaris-x86 1.2 39.80 NOTE
r-release-linux-x86_64 1.2 1.34 24.25 25.59 OK
r-release-windows-ix86+x86_64 1.2 3.00 45.00 48.00 OK
r-release-osx-x86_64 1.2 OK
r-oldrel-windows-ix86+x86_64 1.2 3.00 34.00 37.00 OK
r-oldrel-osx-x86_64 1.2 OK

Check Details

Version: 1.2
Check: installed package size
Result: NOTE
     installed size is 5.0Mb
     sub-directories of 1Mb or more:
     extdata 4.8Mb
Flavors: r-devel-linux-x86_64-fedora-clang, r-devel-linux-x86_64-fedora-gcc, r-patched-solaris-x86