CRAN Package Check Results for Package decode

Last updated on 2019-02-20 11:51:26 CET.

Flavor Version Tinstall Tcheck Ttotal Status Flags
r-devel-linux-x86_64-debian-clang 1.2 2.10 24.07 26.17 OK
r-devel-linux-x86_64-debian-gcc 1.2 1.97 19.12 21.09 OK
r-devel-linux-x86_64-fedora-clang 1.2 32.76 NOTE
r-devel-linux-x86_64-fedora-gcc 1.2 30.47 OK
r-devel-windows-ix86+x86_64 1.2 6.00 46.00 52.00 OK
r-patched-linux-x86_64 1.2 OK
r-patched-solaris-x86 1.2 44.40 NOTE
r-release-linux-x86_64 1.2 1.54 22.55 24.09 OK
r-release-windows-ix86+x86_64 1.2 4.00 45.00 49.00 OK
r-release-osx-x86_64 1.2 OK
r-oldrel-windows-ix86+x86_64 1.2 3.00 40.00 43.00 OK
r-oldrel-osx-x86_64 1.2 OK

Check Details

Version: 1.2
Check: installed package size
Result: NOTE
     installed size is 5.0Mb
     sub-directories of 1Mb or more:
     extdata 4.8Mb
Flavors: r-devel-linux-x86_64-fedora-clang, r-patched-solaris-x86