CRAN Package Check Results for Package decode

Last updated on 2018-05-25 06:48:47 CEST.

Flavor Version Tinstall Tcheck Ttotal Status Flags
r-devel-linux-x86_64-debian-clang 1.2 1.48 22.01 23.49 OK
r-devel-linux-x86_64-debian-gcc 1.2 1.72 18.65 20.37 OK
r-devel-linux-x86_64-fedora-clang 1.2 31.16 NOTE
r-devel-linux-x86_64-fedora-gcc 1.2 29.48 NOTE
r-devel-windows-ix86+x86_64 1.2 5.00 46.00 51.00 OK
r-patched-linux-x86_64 1.2 2.06 22.68 24.74 OK
r-patched-solaris-x86 1.2 45.40 NOTE
r-release-linux-x86_64 1.2 1.64 22.47 24.11 OK
r-release-windows-ix86+x86_64 1.2 6.00 35.00 41.00 OK
r-release-osx-x86_64 1.2 OK
r-oldrel-windows-ix86+x86_64 1.2 4.00 33.00 37.00 OK
r-oldrel-osx-x86_64 1.2 OK

Check Details

Version: 1.2
Check: installed package size
Result: NOTE
     installed size is 5.0Mb
     sub-directories of 1Mb or more:
     extdata 4.8Mb
Flavors: r-devel-linux-x86_64-fedora-clang, r-devel-linux-x86_64-fedora-gcc, r-patched-solaris-x86