CRAN Package Check Results for Package decode

Last updated on 2018-11-21 08:48:34 CET.

Flavor Version Tinstall Tcheck Ttotal Status Flags
r-devel-linux-x86_64-debian-clang 1.2 2.16 24.24 26.40 OK
r-devel-linux-x86_64-debian-gcc 1.2 1.61 20.15 21.76 OK
r-devel-linux-x86_64-fedora-clang 1.2 30.97 NOTE
r-devel-linux-x86_64-fedora-gcc 1.2 30.02 OK
r-devel-windows-ix86+x86_64 1.2 6.00 32.00 38.00 OK
r-patched-linux-x86_64 1.2 1.81 22.85 24.66 OK
r-patched-solaris-x86 1.2 45.60 NOTE
r-release-linux-x86_64 1.2 2.14 22.69 24.83 OK
r-release-windows-ix86+x86_64 1.2 4.00 46.00 50.00 OK
r-release-osx-x86_64 1.2 OK
r-oldrel-windows-ix86+x86_64 1.2 6.00 39.00 45.00 OK
r-oldrel-osx-x86_64 1.2 OK

Check Details

Version: 1.2
Check: installed package size
Result: NOTE
     installed size is 5.0Mb
     sub-directories of 1Mb or more:
     extdata 4.8Mb
Flavors: r-devel-linux-x86_64-fedora-clang, r-patched-solaris-x86