CRAN Package Check Results for Package decoder

Last updated on 2018-05-21 17:48:04 CEST.

Flavor Version Tinstall Tcheck Ttotal Status Flags
r-devel-linux-x86_64-debian-clang 1.1.12 1.82 25.02 26.84 OK
r-devel-linux-x86_64-debian-gcc 1.1.12 1.62 22.18 23.80 OK
r-devel-linux-x86_64-fedora-clang 1.1.12 35.65 OK
r-devel-linux-x86_64-fedora-gcc 1.1.12 33.85 OK
r-devel-windows-ix86+x86_64 1.1.12 8.00 42.00 50.00 OK
r-patched-linux-x86_64 1.1.12 1.80 26.38 28.18 OK
r-patched-solaris-x86 1.1.12 50.60 WARN
r-release-linux-x86_64 1.1.12 1.97 26.61 28.58 OK
r-release-windows-ix86+x86_64 1.1.12 5.00 43.00 48.00 OK
r-release-osx-x86_64 1.1.12 WARN
r-oldrel-windows-ix86+x86_64 1.1.12 5.00 62.00 67.00 OK
r-oldrel-osx-x86_64 1.1.12 WARN

Check Details

Version: 1.1.12
Check: re-building of vignette outputs
Result: WARN
    Error in re-building vignettes:
     ...
    Warning in engine$weave(file, quiet = quiet, encoding = enc) :
     Pandoc (>= 1.12.3) and/or pandoc-citeproc not available. Falling back to R Markdown v1.
    Warning in engine$weave(file, quiet = quiet, encoding = enc) :
     Pandoc (>= 1.12.3) and/or pandoc-citeproc not available. Falling back to R Markdown v1.
    Warning in engine$weave(file, quiet = quiet, encoding = enc) :
     Pandoc (>= 1.12.3) and/or pandoc-citeproc not available. Falling back to R Markdown v1.
    Joining, by = "key"
    Joining, by = "key"
    Quitting from lines 102-122 (sjukhus.Rmd)
    Error: processing vignette 'sjukhus.Rmd' failed with diagnostics:
    there is no package called 'webshot'
    Execution halted
Flavor: r-patched-solaris-x86

Version: 1.1.12
Check: re-building of vignette outputs
Result: WARN
    Error in re-building vignettes:
     ...
    Warning in engine$weave(file, quiet = quiet, encoding = enc) :
     Pandoc (>= 1.12.3) and/or pandoc-citeproc not available. Falling back to R Markdown v1.
    Warning in engine$weave(file, quiet = quiet, encoding = enc) :
     Pandoc (>= 1.12.3) and/or pandoc-citeproc not available. Falling back to R Markdown v1.
    Warning in engine$weave(file, quiet = quiet, encoding = enc) :
     Pandoc (>= 1.12.3) and/or pandoc-citeproc not available. Falling back to R Markdown v1.
    Joining, by = "key"
    Joining, by = "key"
    PhantomJS not found. You can install it with webshot::install_phantomjs(). If it is installed, please make sure the phantomjs executable can be found via the PATH variable.
    Quitting from lines 102-122 (sjukhus.Rmd)
    Error: processing vignette 'sjukhus.Rmd' failed with diagnostics:
    cannot open the connection
    Execution halted
Flavors: r-release-osx-x86_64, r-oldrel-osx-x86_64