CRAN Package Check Results for Package decoder

Last updated on 2018-02-18 02:46:53 CET.

Flavor Version Tinstall Tcheck Ttotal Status Flags
r-devel-linux-x86_64-debian-clang 1.1.12 1.88 27.18 29.06 OK
r-devel-linux-x86_64-debian-gcc 1.1.12 1.54 21.55 23.09 OK
r-devel-linux-x86_64-fedora-clang 1.1.12 34.32 OK
r-devel-linux-x86_64-fedora-gcc 1.1.12 33.43 OK
r-devel-windows-ix86+x86_64 1.1.12 4.00 40.00 44.00 OK
r-patched-linux-x86_64 1.1.12 1.90 31.88 33.78 OK
r-patched-solaris-x86 1.1.12 49.50 WARN
r-release-linux-x86_64 1.1.12 1.40 32.24 33.64 OK
r-release-windows-ix86+x86_64 1.1.12 5.00 62.00 67.00 OK
r-release-osx-x86_64 1.1.12 WARN
r-oldrel-windows-ix86+x86_64 1.1.12 3.00 53.00 56.00 OK
r-oldrel-osx-x86_64 1.1.12 WARN

Check Details

Version: 1.1.12
Check: re-building of vignette outputs
Result: WARN
    Error in re-building vignettes:
     ...
    Warning in engine$weave(file, quiet = quiet, encoding = enc) :
     Pandoc (>= 1.12.3) and/or pandoc-citeproc not available. Falling back to R Markdown v1.
    Warning in engine$weave(file, quiet = quiet, encoding = enc) :
     Pandoc (>= 1.12.3) and/or pandoc-citeproc not available. Falling back to R Markdown v1.
    Warning in engine$weave(file, quiet = quiet, encoding = enc) :
     Pandoc (>= 1.12.3) and/or pandoc-citeproc not available. Falling back to R Markdown v1.
    Joining, by = "key"
    Joining, by = "key"
    PhantomJS not found. You can install it with webshot::install_phantomjs(). If it is installed, please make sure the phantomjs executable can be found via the PATH variable.
    Quitting from lines 102-122 (sjukhus.Rmd)
    Error: processing vignette 'sjukhus.Rmd' failed with diagnostics:
    cannot open the connection
    Execution halted
Flavors: r-patched-solaris-x86, r-release-osx-x86_64, r-oldrel-osx-x86_64