CRAN Package Check Results for Package decoder

Last updated on 2019-02-17 21:47:30 CET.

Flavor Version Tinstall Tcheck Ttotal Status Flags
r-devel-linux-x86_64-debian-clang 1.1.13 2.38 31.17 33.55 OK
r-devel-linux-x86_64-debian-gcc 1.1.13 1.95 24.65 26.60 OK
r-devel-linux-x86_64-fedora-clang 1.1.13 41.81 OK
r-devel-linux-x86_64-fedora-gcc 1.1.13 40.15 OK
r-devel-windows-ix86+x86_64 1.1.13 6.00 47.00 53.00 OK
r-patched-linux-x86_64 1.1.13 1.91 26.51 28.42 OK
r-patched-solaris-x86 1.1.13 49.00 WARN
r-release-linux-x86_64 1.1.13 OK
r-release-windows-ix86+x86_64 1.1.13 4.00 42.00 46.00 OK
r-release-osx-x86_64 1.1.13 WARN
r-oldrel-windows-ix86+x86_64 1.1.13 4.00 49.00 53.00 OK
r-oldrel-osx-x86_64 1.1.13 WARN

Check Details

Version: 1.1.13
Check: re-building of vignette outputs
Result: WARN
    Error in re-building vignettes:
     ...
    Warning in engine$weave(file, quiet = quiet, encoding = enc) :
     Pandoc (>= 1.12.3) and/or pandoc-citeproc not available. Falling back to R Markdown v1.
    Warning in engine$weave(file, quiet = quiet, encoding = enc) :
     Pandoc (>= 1.12.3) and/or pandoc-citeproc not available. Falling back to R Markdown v1.
    Warning in engine$weave(file, quiet = quiet, encoding = enc) :
     Pandoc (>= 1.12.3) and/or pandoc-citeproc not available. Falling back to R Markdown v1.
    Joining, by = "key"
    Joining, by = "key"
    PhantomJS not found. You can install it with webshot::install_phantomjs(). If it is installed, please make sure the phantomjs executable can be found via the PATH variable.
    Quitting from lines 102-122 (sjukhus.Rmd)
    Error: processing vignette 'sjukhus.Rmd' failed with diagnostics:
    cannot open the connection
    Execution halted
Flavors: r-patched-solaris-x86, r-release-osx-x86_64, r-oldrel-osx-x86_64