CRAN Package Check Results for Package decomposedPSF

Last updated on 2018-05-23 18:52:28 CEST.

Flavor Version Tinstall Tcheck Ttotal Status Flags
r-devel-linux-x86_64-debian-clang 0.1.3 3.94 50.76 54.70 OK
r-devel-linux-x86_64-debian-gcc 0.1.3 0.29 1.47 1.76 ERROR
r-devel-linux-x86_64-fedora-clang 0.1.3 64.09 OK
r-devel-linux-x86_64-fedora-gcc 0.1.3 61.26 OK
r-devel-windows-ix86+x86_64 0.1.3 7.00 86.00 93.00 OK
r-patched-linux-x86_64 0.1.3 2.38 43.66 46.04 OK
r-patched-solaris-x86 0.1.3 87.40 OK
r-release-linux-x86_64 0.1.3 3.53 44.17 47.70 OK
r-release-windows-ix86+x86_64 0.1.3 10.00 83.00 93.00 OK
r-release-osx-x86_64 0.1.3 OK
r-oldrel-windows-ix86+x86_64 0.1.3 13.00 86.00 99.00 OK
r-oldrel-osx-x86_64 0.1.3 OK

Check Details

Version: 0.1.3
Check: package dependencies
Result: ERROR
    Packages required but not available: ‘PSF’ ‘forecast’
    
    See section ‘The DESCRIPTION file’ in the ‘Writing R Extensions’
    manual.
Flavor: r-devel-linux-x86_64-debian-gcc