CRAN Package Check Results for Package decomposedPSF

Last updated on 2020-07-07 07:47:52 CEST.

Flavor Version Tinstall Tcheck Ttotal Status Flags
r-devel-linux-x86_64-debian-clang 0.1.3 7.06 66.20 73.26 NOTE
r-devel-linux-x86_64-debian-gcc 0.1.3 5.67 59.22 64.89 NOTE
r-devel-linux-x86_64-fedora-clang 0.1.3 88.16 OK
r-devel-linux-x86_64-fedora-gcc 0.1.3 81.60 OK
r-devel-windows-ix86+x86_64 0.1.3 17.00 80.00 97.00 NOTE
r-patched-linux-x86_64 0.1.3 6.50 64.01 70.51 NOTE
r-patched-solaris-x86 0.1.3 119.10 OK
r-release-linux-x86_64 0.1.3 4.70 62.90 67.60 NOTE
r-release-osx-x86_64 0.1.3 OK
r-release-windows-ix86+x86_64 0.1.3 16.00 78.00 94.00 NOTE
r-oldrel-osx-x86_64 0.1.3 OK
r-oldrel-windows-ix86+x86_64 0.1.3 25.00 71.00 96.00 OK

Check Details

Version: 0.1.3
Check: package vignettes
Result: NOTE
    Package vignette with placeholder title 'Vignette Title':
     'decomposedPSF-vignette.Rmd'
Flavors: r-devel-linux-x86_64-debian-clang, r-devel-linux-x86_64-debian-gcc, r-devel-windows-ix86+x86_64, r-patched-linux-x86_64, r-release-linux-x86_64, r-release-windows-ix86+x86_64