CRAN Package Check Results for Package decomposedPSF

Last updated on 2019-11-20 00:48:59 CET.

Flavor Version Tinstall Tcheck Ttotal Status Flags
r-devel-linux-x86_64-debian-clang 0.1.3 5.98 59.12 65.10 NOTE
r-devel-linux-x86_64-debian-gcc 0.1.3 5.07 53.93 59.00 NOTE
r-devel-linux-x86_64-fedora-clang 0.1.3 71.26 OK
r-devel-linux-x86_64-fedora-gcc 0.1.3 79.05 OK
r-devel-windows-ix86+x86_64 0.1.3 24.00 96.00 120.00 NOTE
r-devel-windows-ix86+x86_64-gcc8 0.1.3 16.00 72.00 88.00 NOTE
r-patched-linux-x86_64 0.1.3 4.51 57.79 62.30 OK
r-patched-solaris-x86 0.1.3 99.70 OK
r-release-linux-x86_64 0.1.3 5.42 52.50 57.92 OK
r-release-windows-ix86+x86_64 0.1.3 25.00 105.00 130.00 OK
r-release-osx-x86_64 0.1.3 OK
r-oldrel-windows-ix86+x86_64 0.1.3 8.00 67.00 75.00 OK
r-oldrel-osx-x86_64 0.1.3 OK

Check Details

Version: 0.1.3
Check: package vignettes
Result: NOTE
    Package vignette with placeholder title 'Vignette Title':
     'decomposedPSF-vignette.Rmd'
Flavors: r-devel-linux-x86_64-debian-clang, r-devel-linux-x86_64-debian-gcc, r-devel-windows-ix86+x86_64, r-devel-windows-ix86+x86_64-gcc8