CRAN Package Check Results for Package decomposedPSF

Last updated on 2021-04-14 16:47:23 CEST.

Flavor Version Tinstall Tcheck Ttotal Status Flags
r-devel-linux-x86_64-debian-clang 0.1.3 6.77 68.07 74.84 NOTE
r-devel-linux-x86_64-debian-gcc 0.1.3 5.69 51.17 56.86 NOTE
r-devel-linux-x86_64-fedora-clang 0.1.3 95.49 NOTE
r-devel-linux-x86_64-fedora-gcc 0.1.3 86.13 NOTE
r-devel-windows-ix86+x86_64 0.1.3 18.00 91.00 109.00 NOTE
r-devel-windows-x86_64-gcc10-UCRT 0.1.3 NOTE
r-patched-linux-x86_64 0.1.3 6.26 63.74 70.00 NOTE
r-patched-solaris-x86 0.1.3 135.00 OK
r-release-linux-x86_64 0.1.3 6.35 63.94 70.29 NOTE
r-release-macos-x86_64 0.1.3 OK
r-release-windows-ix86+x86_64 0.1.3 18.00 99.00 117.00 NOTE
r-oldrel-macos-x86_64 0.1.3 OK
r-oldrel-windows-ix86+x86_64 0.1.3 11.00 62.00 73.00 OK

Check Details

Version: 0.1.3
Check: LazyData
Result: NOTE
     'LazyData' is specified without a 'data' directory
Flavors: r-devel-linux-x86_64-debian-clang, r-devel-linux-x86_64-debian-gcc, r-devel-linux-x86_64-fedora-clang, r-devel-linux-x86_64-fedora-gcc, r-devel-windows-ix86+x86_64, r-devel-windows-x86_64-gcc10-UCRT

Version: 0.1.3
Check: package vignettes
Result: NOTE
    Package vignette with placeholder title 'Vignette Title':
     'decomposedPSF-vignette.Rmd'
Flavors: r-devel-linux-x86_64-debian-clang, r-devel-linux-x86_64-debian-gcc, r-devel-windows-ix86+x86_64, r-patched-linux-x86_64, r-release-linux-x86_64, r-release-windows-ix86+x86_64