CRAN Package Check Results for Package deconstructSigs

Last updated on 2022-10-01 23:55:09 CEST.

Flavor Version Tinstall Tcheck Ttotal Status Flags
r-devel-linux-x86_64-debian-clang 1.8.0 2.72 52.15 54.87 OK
r-devel-linux-x86_64-debian-gcc 1.8.0 2.72 39.72 42.44 OK
r-devel-linux-x86_64-fedora-clang 1.8.0 78.59 OK
r-devel-linux-x86_64-fedora-gcc 1.8.0 80.31 OK
r-devel-windows-x86_64 1.8.0 35.00 80.00 115.00 OK
r-patched-linux-x86_64 1.8.0 3.60 48.97 52.57 OK
r-release-linux-x86_64 1.8.0 2.46 49.78 52.24 OK
r-release-macos-arm64 1.8.0 7.00 ERROR
r-release-macos-x86_64 1.8.0 7.00 ERROR
r-release-windows-x86_64 1.8.0 37.00 74.00 111.00 OK
r-oldrel-macos-arm64 1.8.0 32.00 OK
r-oldrel-macos-x86_64 1.8.0 33.00 OK
r-oldrel-windows-ix86+x86_64 1.8.0 7.00 72.00 79.00 OK

Check Details

Version: 1.8.0
Check: package dependencies
Result: ERROR
    Package required but not available: ‘BSgenome.Hsapiens.UCSC.hg19’
    
    See section ‘The DESCRIPTION file’ in the ‘Writing R Extensions’
    manual.
Flavors: r-release-macos-arm64, r-release-macos-x86_64