Last updated on 2022-05-26 07:53:19 CEST.
Flavor | Version | Tinstall | Tcheck | Ttotal | Status | Flags |
---|---|---|---|---|---|---|
r-devel-linux-x86_64-debian-clang | 0.1 | 16.38 | 130.13 | 146.51 | OK | |
r-devel-linux-x86_64-debian-gcc | 0.1 | 12.98 | 108.24 | 121.22 | OK | |
r-devel-linux-x86_64-fedora-clang | 0.1 | 178.93 | NOTE | |||
r-devel-linux-x86_64-fedora-gcc | 0.1 | 176.31 | NOTE | |||
r-devel-windows-x86_64 | 0.1 | 183.00 | 147.00 | 330.00 | OK | |
r-patched-linux-x86_64 | 0.1 | 10.31 | 120.93 | 131.24 | OK | |
r-release-linux-x86_64 | 0.1 | OK | ||||
r-release-macos-arm64 | 0.1 | 51.00 | NOTE | |||
r-release-macos-x86_64 | 0.1 | 104.00 | NOTE | |||
r-release-windows-x86_64 | 0.1 | 176.00 | 141.00 | 317.00 | OK | |
r-oldrel-macos-arm64 | 0.1 | 45.00 | NOTE | |||
r-oldrel-macos-x86_64 | 0.1 | 62.00 | NOTE | |||
r-oldrel-windows-ix86+x86_64 | 0.1 | 32.00 | 136.00 | 168.00 | OK |
Version: 0.1
Check: dependencies in R code
Result: NOTE
Namespaces in Imports field not imported from:
‘Metrics’ ‘purrr’ ‘utils’
All declared Imports should be used.
Flavors: r-devel-linux-x86_64-fedora-clang, r-devel-linux-x86_64-fedora-gcc, r-release-macos-arm64, r-release-macos-x86_64, r-oldrel-macos-arm64, r-oldrel-macos-x86_64