CRAN Package Check Results for Package deforestable

Last updated on 2024-02-27 08:55:14 CET.

Flavor Version Tinstall Tcheck Ttotal Status Flags
r-devel-linux-x86_64-debian-clang 3.1.1 71.51 420.74 492.25 NOTE
r-devel-linux-x86_64-debian-gcc 3.1.1 57.33 386.85 444.18 NOTE
r-devel-linux-x86_64-fedora-clang 3.1.1 632.13 NOTE
r-devel-linux-x86_64-fedora-gcc 3.1.1 603.57 NOTE
r-devel-windows-x86_64 3.1.1 57.00 345.00 402.00 NOTE
r-patched-linux-x86_64 3.1.1 55.43 406.87 462.30 NOTE
r-release-linux-x86_64 3.1.1 50.26 412.83 463.09 NOTE
r-release-macos-arm64 3.1.1 150.00 NOTE
r-release-macos-x86_64 3.1.1 256.00 NOTE
r-release-windows-x86_64 3.1.1 76.00 400.00 476.00 NOTE
r-oldrel-macos-arm64 3.1.1 138.00 OK
r-oldrel-windows-x86_64 3.1.1 76.00 391.00 467.00 OK

Check Details

Version: 3.1.1
Check: C++ specification
Result: NOTE Specified C++11: please drop specification unless essential Flavors: r-devel-linux-x86_64-debian-clang, r-devel-linux-x86_64-debian-gcc, r-devel-linux-x86_64-fedora-clang, r-devel-linux-x86_64-fedora-gcc, r-devel-windows-x86_64, r-patched-linux-x86_64, r-release-linux-x86_64, r-release-macos-arm64, r-release-macos-x86_64, r-release-windows-x86_64