CRAN Package Check Results for Package defrostR

Last updated on 2019-01-24 11:52:08 CET.

Flavor Version Tinstall Tcheck Ttotal Status Flags
r-oldrel-osx-x86_64 1.1.0 NOTE

Check Details

Version: 1.1.0
Check: data for non-ASCII characters
Result: NOTE
     Note: found 83 marked Latin-1 strings
     Note: found 62 marked UTF-8 strings
Flavor: r-oldrel-osx-x86_64