CRAN Package Check Results for Package defrostR

Last updated on 2018-02-19 11:48:53 CET.

Flavor Version Tinstall Tcheck Ttotal Status Flags
r-devel-linux-x86_64-debian-clang 1.1.0 2.14 29.90 32.04 OK
r-devel-linux-x86_64-debian-gcc 1.1.0 2.28 26.57 28.85 OK
r-devel-linux-x86_64-fedora-clang 1.1.0 42.69 NOTE
r-devel-linux-x86_64-fedora-gcc 1.1.0 41.17 NOTE
r-devel-windows-ix86+x86_64 1.1.0 4.00 53.00 57.00 OK
r-patched-linux-x86_64 1.1.0 1.60 37.02 38.62 OK
r-patched-solaris-x86 1.1.0 63.60 NOTE
r-release-linux-x86_64 1.1.0 1.86 36.20 38.06 OK
r-release-windows-ix86+x86_64 1.1.0 5.00 71.00 76.00 OK
r-release-osx-x86_64 1.1.0 NOTE
r-oldrel-windows-ix86+x86_64 1.1.0 6.00 62.00 68.00 OK
r-oldrel-osx-x86_64 1.0.0 NOTE

Check Details

Version: 1.1.0
Check: data for non-ASCII characters
Result: NOTE
     Note: found 83 marked Latin-1 strings
     Note: found 62 marked UTF-8 strings
Flavors: r-devel-linux-x86_64-fedora-clang, r-devel-linux-x86_64-fedora-gcc, r-patched-solaris-x86, r-release-osx-x86_64

Version: 1.0.0
Check: data for non-ASCII characters
Result: NOTE
     Note: found 83 marked Latin-1 strings
     Note: found 71 marked UTF-8 strings
Flavor: r-oldrel-osx-x86_64