CRAN Package Check Results for Package deisotoper

Last updated on 2019-09-19 13:46:08 CEST.

Flavor Version Tinstall Tcheck Ttotal Status Flags
r-devel-linux-x86_64-debian-clang 0.0.7 3.33 41.13 44.46 OK
r-devel-linux-x86_64-debian-gcc 0.0.7 2.75 33.12 35.87 OK
r-devel-linux-x86_64-fedora-clang 0.0.7 55.74 OK
r-devel-linux-x86_64-fedora-gcc 0.0.7 56.57 OK
r-devel-windows-ix86+x86_64 0.0.7 7.00 7.00 14.00 ERROR
r-patched-linux-x86_64 0.0.7 2.87 39.50 42.37 OK
r-release-linux-x86_64 0.0.7 3.20 40.36 43.56 OK
r-release-windows-ix86+x86_64 0.0.7 8.00 58.00 66.00 OK
r-release-osx-x86_64 0.0.7 OK
r-oldrel-windows-ix86+x86_64 0.0.7 4.00 62.00 66.00 OK
r-oldrel-osx-x86_64 0.0.7 OK

Check Details

Version: 0.0.7
Check: whether package can be installed
Result: ERROR
    Installation failed.
Flavor: r-devel-windows-ix86+x86_64