CRAN Package Check Results for Package deisotoper

Last updated on 2018-08-19 22:53:10 CEST.

Flavor Version Tinstall Tcheck Ttotal Status Flags
r-devel-linux-x86_64-debian-clang 0.0.3 2.07 50.90 52.97 OK
r-devel-linux-x86_64-debian-gcc 0.0.3 1.88 40.77 42.65 OK
r-devel-linux-x86_64-fedora-clang 0.0.3 60.40 OK
r-devel-linux-x86_64-fedora-gcc 0.0.3 57.75 OK
r-devel-windows-ix86+x86_64 0.0.3 6.00 87.00 93.00 ERROR
r-patched-linux-x86_64 0.0.3 2.10 44.25 46.35 OK
r-release-linux-x86_64 0.0.3 1.73 44.01 45.74 OK
r-release-windows-ix86+x86_64 0.0.3 7.00 75.00 82.00 OK
r-release-osx-x86_64 0.0.3 OK
r-oldrel-windows-ix86+x86_64 0.0.3 5.00 92.00 97.00 OK
r-oldrel-osx-x86_64 0.0.3 OK

Check Details

Version: 0.0.3
Check: examples
Result: ERROR
    Running examples in 'deisotoper-Ex.R' failed
    The error most likely occurred in:
    
    > ### Name: deisotope
    > ### Title: Deisotope a Mass Spectrum
    > ### Aliases: deisotope
    >
    > ### ** Examples
    >
    >
    > x <- list(mZ = c(1, 2, 2.5, 3), intensity = rep(1, 4), pepmass=600, charge=2)
    >
    > xd <- deisotope(dtoper <- deisotoper(), x)
    > plot.deisotoper(x, xd)
    > summary(dtoper)
     NumberOfIsotopicSets NumberOfIsotopicClusters NumberOfPeaksInIsotopicClusters
    1 1 2 4
     NumberOfPeaks
    1 4
    >
    >
    >
    >
    > cleanEx()
    Error: connections left open:
     Summary (textConnection)
    Execution halted
Flavor: r-devel-windows-ix86+x86_64