CRAN Package Check Results for Package dejaVu

Last updated on 2018-11-18 21:47:19 CET.

Flavor Version Tinstall Tcheck Ttotal Status Flags
r-devel-linux-x86_64-debian-clang 0.2.0 2.68 448.32 451.00 OK
r-devel-linux-x86_64-debian-gcc 0.2.0 1.78 323.97 325.75 OK
r-devel-linux-x86_64-fedora-clang 0.2.0 514.24 OK
r-devel-linux-x86_64-fedora-gcc 0.2.0 505.69 OK
r-devel-windows-ix86+x86_64 0.2.0 6.00 437.00 443.00 OK
r-patched-linux-x86_64 0.2.0 2.18 443.38 445.56 OK
r-patched-solaris-x86 0.2.0 649.20 OK
r-release-linux-x86_64 0.2.0 2.63 432.71 435.34 OK
r-release-windows-ix86+x86_64 0.2.0 6.00 528.00 534.00 OK
r-release-osx-x86_64 0.2.0 OK
r-oldrel-windows-ix86+x86_64 0.2.0 7.00 507.00 514.00 OK
r-oldrel-osx-x86_64 0.2.0 WARN

Check Details

Version: 0.2.0
Check: re-building of vignette outputs
Result: WARN
    Error in re-building vignettes:
     ...
    Warning: running command 'kpsewhich framed.sty' had status 1
    Warning in test_latex_pkg("framed", system.file("misc", "framed.sty", package = "knitr")) :
     unable to find LaTeX package 'framed'; will use a copy from knitr
    Note due to namespace conflicts between MASS and trafficlight this package will not work if trafficlight is loaded
    Error in texi2dvi(file = file, pdf = TRUE, clean = clean, quiet = quiet, :
     Running 'texi2dvi' on 'UserGuide.tex' failed.
    LaTeX errors:
    ! LaTeX Error: File `fullpage.sty' not found.
    
    Type X to quit or <RETURN> to proceed,
    or enter new name. (Default extension: sty)
    
    ! Emergency stop.
    <read *>
    
    l.54 \usepackage
     {url}^^M
    ! ==> Fatal error occurred, no output PDF file produced!
    Calls: buildVignettes -> texi2pdf -> texi2dvi
    Execution halted
Flavor: r-oldrel-osx-x86_64