CRAN Package Check Results for Package dejaVu

Last updated on 2018-05-20 20:47:43 CEST.

Flavor Version Tinstall Tcheck Ttotal Status Flags
r-devel-linux-x86_64-debian-clang 0.2.0 2.20 435.69 437.89 OK
r-devel-linux-x86_64-debian-gcc 0.2.0 1.70 312.51 314.21 OK
r-devel-linux-x86_64-fedora-clang 0.2.0 518.51 OK
r-devel-linux-x86_64-fedora-gcc 0.2.0 501.04 OK
r-devel-windows-ix86+x86_64 0.2.0 7.00 411.00 418.00 OK
r-patched-linux-x86_64 0.2.0 2.29 468.40 470.69 OK
r-patched-solaris-x86 0.2.0 623.20 OK
r-release-linux-x86_64 0.2.0 2.10 483.99 486.09 OK
r-release-windows-ix86+x86_64 0.2.0 5.00 416.00 421.00 OK
r-release-osx-x86_64 0.2.0 OK
r-oldrel-windows-ix86+x86_64 0.2.0 4.00 494.00 498.00 OK
r-oldrel-osx-x86_64 0.2.0 WARN

Check Details

Version: 0.2.0
Check: re-building of vignette outputs
Result: WARN
    Error in re-building vignettes:
     ...
    Warning: running command 'kpsewhich framed.sty' had status 1
    Warning in test_latex_pkg("framed", system.file("misc", "framed.sty", package = "knitr")) :
     unable to find LaTeX package 'framed'; will use a copy from knitr
    Note due to namespace conflicts between MASS and trafficlight this package will not work if trafficlight is loaded
    Error in texi2dvi(file = file, pdf = TRUE, clean = clean, quiet = quiet, :
     Running 'texi2dvi' on 'UserGuide.tex' failed.
    LaTeX errors:
    ! LaTeX Error: File `fullpage.sty' not found.
    
    Type X to quit or <RETURN> to proceed,
    or enter new name. (Default extension: sty)
    
    ! Emergency stop.
    <read *>
    
    l.54 \usepackage
     {url}^^M
    ! ==> Fatal error occurred, no output PDF file produced!
    Calls: buildVignettes -> texi2pdf -> texi2dvi
    Execution halted
Flavor: r-oldrel-osx-x86_64