CRAN Package Check Results for Package demoShiny

Last updated on 2024-06-13 14:48:56 CEST.

Flavor Version Tinstall Tcheck Ttotal Status Flags
r-devel-linux-x86_64-debian-clang 0.1 4.16 41.78 45.94 NOTE
r-devel-linux-x86_64-debian-gcc 0.1 3.50 31.46 34.96 NOTE
r-devel-linux-x86_64-fedora-clang 0.1 57.07 NOTE
r-devel-linux-x86_64-fedora-gcc 0.1 66.65 NOTE
r-devel-windows-x86_64 0.1 5.00 52.00 57.00 NOTE
r-patched-linux-x86_64 0.1 3.35 39.94 43.29 NOTE
r-release-linux-x86_64 0.1 4.02 40.26 44.28 NOTE
r-release-macos-arm64 0.1 27.00 NOTE
r-release-macos-x86_64 0.1 40.00 NOTE
r-release-windows-x86_64 0.1 4.00 55.00 59.00 NOTE
r-oldrel-macos-arm64 0.1 26.00 NOTE
r-oldrel-macos-x86_64 0.1 40.00 NOTE
r-oldrel-windows-x86_64 0.1 6.00 54.00 60.00 NOTE

Check Details

Version: 0.1
Check: LazyData
Result: NOTE 'LazyData' is specified without a 'data' directory Flavors: r-devel-linux-x86_64-debian-clang, r-devel-linux-x86_64-debian-gcc, r-devel-linux-x86_64-fedora-clang, r-devel-linux-x86_64-fedora-gcc, r-devel-windows-x86_64, r-patched-linux-x86_64, r-release-linux-x86_64, r-release-macos-arm64, r-release-macos-x86_64, r-release-windows-x86_64, r-oldrel-macos-arm64, r-oldrel-macos-x86_64, r-oldrel-windows-x86_64