CRAN Package Check Results for Package demoShiny

Last updated on 2022-08-19 08:53:41 CEST.

Flavor Version Tinstall Tcheck Ttotal Status Flags
r-devel-linux-x86_64-debian-clang 0.1 4.32 40.81 45.13 NOTE
r-devel-linux-x86_64-debian-gcc 0.1 2.48 31.94 34.42 NOTE
r-devel-linux-x86_64-fedora-clang 0.1 64.74 NOTE
r-devel-linux-x86_64-fedora-gcc 0.1 67.30 NOTE
r-devel-windows-x86_64 0.1 12.00 70.00 82.00 NOTE
r-patched-linux-x86_64 0.1 3.66 39.84 43.50 NOTE
r-release-linux-x86_64 0.1 NOTE
r-release-macos-arm64 0.1 19.00 NOTE
r-release-macos-x86_64 0.1 38.00 NOTE
r-release-windows-x86_64 0.1 11.00 71.00 82.00 NOTE
r-oldrel-macos-arm64 0.1 25.00 NOTE
r-oldrel-macos-x86_64 0.1 35.00 NOTE
r-oldrel-windows-ix86+x86_64 0.1 11.00 66.00 77.00 NOTE

Check Details

Version: 0.1
Check: LazyData
Result: NOTE
     'LazyData' is specified without a 'data' directory
Flavors: r-devel-linux-x86_64-debian-clang, r-devel-linux-x86_64-debian-gcc, r-devel-linux-x86_64-fedora-clang, r-devel-linux-x86_64-fedora-gcc, r-devel-windows-x86_64, r-patched-linux-x86_64, r-release-linux-x86_64, r-release-macos-arm64, r-release-macos-x86_64, r-release-windows-x86_64, r-oldrel-macos-arm64, r-oldrel-macos-x86_64, r-oldrel-windows-ix86+x86_64