Last updated on 2022-05-27 06:51:21 CEST.
Flavor | Version | Tinstall | Tcheck | Ttotal | Status | Flags |
---|---|---|---|---|---|---|
r-devel-linux-x86_64-debian-clang | 0.3.0 | 53.56 | 96.20 | 149.76 | NOTE | |
r-devel-linux-x86_64-debian-gcc | 0.3.0 | 43.60 | 70.86 | 114.46 | NOTE | |
r-devel-linux-x86_64-fedora-clang | 0.3.0 | 192.49 | NOTE | |||
r-devel-linux-x86_64-fedora-gcc | 0.3.0 | 178.28 | NOTE | |||
r-devel-windows-x86_64 | 0.3.0 | 44.00 | 126.00 | 170.00 | NOTE | |
r-patched-linux-x86_64 | 0.3.0 | 50.46 | 89.87 | 140.33 | NOTE | |
r-release-linux-x86_64 | 0.3.0 | 50.19 | 89.32 | 139.51 | NOTE | |
r-release-macos-arm64 | 0.3.0 | 50.00 | NOTE | |||
r-release-macos-x86_64 | 0.3.0 | 89.00 | NOTE | |||
r-release-windows-x86_64 | 0.3.0 | 48.00 | 132.00 | 180.00 | NOTE | |
r-oldrel-macos-arm64 | 0.3.0 | 63.00 | NOTE | |||
r-oldrel-macos-x86_64 | 0.3.0 | 89.00 | NOTE | |||
r-oldrel-windows-ix86+x86_64 | 0.3.0 | 125.00 | 149.00 | 274.00 | NOTE |
Version: 0.3.0
Check: LazyData
Result: NOTE
'LazyData' is specified without a 'data' directory
Flavors: r-devel-linux-x86_64-debian-clang, r-devel-linux-x86_64-debian-gcc, r-devel-linux-x86_64-fedora-clang, r-devel-linux-x86_64-fedora-gcc, r-devel-windows-x86_64, r-patched-linux-x86_64, r-release-linux-x86_64, r-release-macos-arm64, r-release-macos-x86_64, r-release-windows-x86_64, r-oldrel-macos-arm64, r-oldrel-macos-x86_64, r-oldrel-windows-ix86+x86_64
Version: 0.3.0
Check: installed package size
Result: NOTE
installed size is 5.1Mb
sub-directories of 1Mb or more:
libs 4.9Mb
Flavor: r-oldrel-macos-arm64