CRAN Package Check Results for Package demu

Last updated on 2024-03-04 23:54:10 CET.

Flavor Version Tinstall Tcheck Ttotal Status Flags
r-devel-linux-x86_64-debian-clang 0.3.0 53.01 80.61 133.62 NOTE
r-devel-linux-x86_64-debian-gcc 0.3.0 40.04 60.61 100.65 NOTE
r-devel-linux-x86_64-fedora-clang 0.3.0 175.63 NOTE
r-devel-linux-x86_64-fedora-gcc 0.3.0 179.49 NOTE
r-devel-windows-x86_64 0.3.0 43.00 103.00 146.00 NOTE
r-patched-linux-x86_64 0.3.0 58.95 79.42 138.37 NOTE
r-release-linux-x86_64 0.3.0 51.76 79.01 130.77 NOTE
r-release-macos-arm64 0.3.0 50.00 NOTE
r-release-macos-x86_64 0.3.0 82.00 NOTE
r-release-windows-x86_64 0.3.0 53.00 116.00 169.00 NOTE
r-oldrel-macos-arm64 0.3.0 50.00 NOTE
r-oldrel-windows-x86_64 0.3.0 52.00 120.00 172.00 NOTE

Check Details

Version: 0.3.0
Check: LazyData
Result: NOTE 'LazyData' is specified without a 'data' directory Flavors: r-devel-linux-x86_64-debian-clang, r-devel-linux-x86_64-debian-gcc, r-devel-linux-x86_64-fedora-clang, r-devel-linux-x86_64-fedora-gcc, r-devel-windows-x86_64, r-patched-linux-x86_64, r-release-linux-x86_64, r-release-macos-arm64, r-release-macos-x86_64, r-release-windows-x86_64, r-oldrel-macos-arm64, r-oldrel-windows-x86_64