CRAN Package Check Results for Package dendroTools

Last updated on 2018-02-22 11:57:46 CET.

Flavor Version Tinstall Tcheck Ttotal Status Flags
r-devel-linux-x86_64-debian-clang 0.0.6 16.82 913.00 929.82 OK
r-devel-linux-x86_64-debian-gcc 0.0.6 14.24 765.17 779.41 OK
r-devel-windows-ix86+x86_64 0.0.6 36.00 940.00 976.00 OK
r-patched-linux-x86_64 0.0.6 14.40 1033.52 1047.92 OK
r-release-linux-x86_64 0.0.6 12.98 1049.75 1062.73 OK
r-release-windows-ix86+x86_64 0.0.6 39.00 1213.00 1252.00 OK
r-release-osx-x86_64 0.0.6 OK
r-oldrel-osx-x86_64 0.0.5 ERROR

Check Details

Version: 0.0.5
Check: package dependencies
Result: ERROR
    Package required and available but unsuitable version: ‘RWeka’
    
    See section ‘The DESCRIPTION file’ in the ‘Writing R Extensions’
    manual.
Flavor: r-oldrel-osx-x86_64