CRAN Package Check Results for Package dendroTools

Last updated on 2018-05-27 09:47:54 CEST.

Flavor Version Tinstall Tcheck Ttotal Status Flags
r-devel-linux-x86_64-debian-clang 0.0.8 14.98 1062.26 1077.24 WARN
r-devel-linux-x86_64-debian-gcc 0.0.8 11.73 928.38 940.11 OK
r-devel-linux-x86_64-fedora-clang 0.0.8 1359.19 OK
r-devel-linux-x86_64-fedora-gcc 0.0.8 1357.84 OK
r-devel-windows-ix86+x86_64 0.0.8 24.00 1040.00 1064.00 OK
r-patched-linux-x86_64 0.0.8 12.14 1087.80 1099.94 WARN
r-release-linux-x86_64 0.0.8 13.46 1050.22 1063.68 WARN
r-release-windows-ix86+x86_64 0.0.8 26.00 1199.00 1225.00 OK
r-release-osx-x86_64 0.0.8 OK
r-oldrel-windows-ix86+x86_64 0.0.8 27.00 1014.00 1041.00 OK
r-oldrel-osx-x86_64 0.0.7 OK

Check Details

Version: 0.0.8
Check: re-building of vignette outputs
Result: WARN
    Error in re-building vignettes:
     ...
    Warning: Removed 92 rows containing missing values (geom_path).
    Warning: Removed 71 rows containing missing values (geom_path).
    Warning: Removed 120 rows containing missing values (geom_path).
    Warning: Removed 125 rows containing missing values (geom_path).
    Warning: Removed 30 rows containing missing values (geom_path).
    May 25, 2018 8:23:08 AM com.github.fommil.netlib.BLAS <clinit>
    WARNING: Failed to load implementation from: com.github.fommil.netlib.NativeSystemBLAS
    May 25, 2018 8:23:08 AM com.github.fommil.netlib.BLAS <clinit>
    WARNING: Failed to load implementation from: com.github.fommil.netlib.NativeRefBLAS
    May 25, 2018 8:23:08 AM com.github.fommil.netlib.LAPACK <clinit>
    WARNING: Failed to load implementation from: com.github.fommil.netlib.NativeSystemLAPACK
    May 25, 2018 8:23:08 AM com.github.fommil.netlib.LAPACK <clinit>
    WARNING: Failed to load implementation from: com.github.fommil.netlib.NativeRefLAPACK
    Killed
Flavor: r-devel-linux-x86_64-debian-clang

Version: 0.0.8
Check: re-building of vignette outputs
Result: WARN
    Error in re-building vignettes:
     ...
    Warning: Removed 92 rows containing missing values (geom_path).
    Warning: Removed 71 rows containing missing values (geom_path).
    Warning: Removed 120 rows containing missing values (geom_path).
    Warning: Removed 125 rows containing missing values (geom_path).
    Warning: Removed 30 rows containing missing values (geom_path).
    May 25, 2018 7:51:18 PM com.github.fommil.netlib.BLAS <clinit>
    WARNING: Failed to load implementation from: com.github.fommil.netlib.NativeSystemBLAS
    May 25, 2018 7:51:18 PM com.github.fommil.netlib.BLAS <clinit>
    WARNING: Failed to load implementation from: com.github.fommil.netlib.NativeRefBLAS
    May 25, 2018 7:51:18 PM com.github.fommil.netlib.LAPACK <clinit>
    WARNING: Failed to load implementation from: com.github.fommil.netlib.NativeSystemLAPACK
    May 25, 2018 7:51:18 PM com.github.fommil.netlib.LAPACK <clinit>
    WARNING: Failed to load implementation from: com.github.fommil.netlib.NativeRefLAPACK
    Killed
Flavor: r-patched-linux-x86_64

Version: 0.0.8
Check: re-building of vignette outputs
Result: WARN
    Error in re-building vignettes:
     ...
    Warning: Removed 92 rows containing missing values (geom_path).
    Warning: Removed 71 rows containing missing values (geom_path).
    Warning: Removed 120 rows containing missing values (geom_path).
    Warning: Removed 125 rows containing missing values (geom_path).
    Warning: Removed 30 rows containing missing values (geom_path).
    May 26, 2018 7:51:23 AM com.github.fommil.netlib.BLAS <clinit>
    WARNING: Failed to load implementation from: com.github.fommil.netlib.NativeSystemBLAS
    May 26, 2018 7:51:23 AM com.github.fommil.netlib.BLAS <clinit>
    WARNING: Failed to load implementation from: com.github.fommil.netlib.NativeRefBLAS
    May 26, 2018 7:51:23 AM com.github.fommil.netlib.LAPACK <clinit>
    WARNING: Failed to load implementation from: com.github.fommil.netlib.NativeSystemLAPACK
    May 26, 2018 7:51:23 AM com.github.fommil.netlib.LAPACK <clinit>
    WARNING: Failed to load implementation from: com.github.fommil.netlib.NativeRefLAPACK
    Killed
Flavor: r-release-linux-x86_64