Last updated on 2022-07-06 12:53:33 CEST.
Flavor | Version | Tinstall | Tcheck | Ttotal | Status | Flags |
---|---|---|---|---|---|---|
r-devel-linux-x86_64-debian-clang | 0.9.16 | 11.78 | 44.74 | 56.52 | NOTE | |
r-devel-linux-x86_64-debian-gcc | 0.9.16 | 9.09 | 34.38 | 43.47 | NOTE | |
r-devel-linux-x86_64-fedora-clang | 0.9.16 | 78.27 | NOTE | |||
r-devel-linux-x86_64-fedora-gcc | 0.9.16 | 77.09 | NOTE | |||
r-devel-windows-x86_64 | 0.9.16 | 30.00 | 72.00 | 102.00 | NOTE | |
r-patched-linux-x86_64 | 0.9.16 | 11.09 | 42.49 | 53.58 | NOTE | |
r-release-linux-x86_64 | 0.9.16 | 9.32 | 43.51 | 52.83 | NOTE | |
r-release-macos-arm64 | 0.9.16 | 25.00 | NOTE | |||
r-release-macos-x86_64 | 0.9.16 | 34.00 | NOTE | |||
r-release-windows-x86_64 | 0.9.16 | 33.00 | 76.00 | 109.00 | NOTE | |
r-oldrel-macos-arm64 | 0.9.16 | 31.00 | NOTE | |||
r-oldrel-macos-x86_64 | 0.9.16 | 44.00 | NOTE | |||
r-oldrel-windows-ix86+x86_64 | 0.9.16 | 28.00 | 75.00 | 103.00 | NOTE |
Version: 0.9.16
Check: package dependencies
Result: NOTE
Package suggested but not available for checking: 'Rdonlp2'
Flavors: r-devel-linux-x86_64-debian-clang, r-devel-linux-x86_64-debian-gcc, r-devel-linux-x86_64-fedora-clang, r-devel-linux-x86_64-fedora-gcc, r-devel-windows-x86_64, r-patched-linux-x86_64, r-release-linux-x86_64, r-release-macos-arm64, r-release-macos-x86_64, r-release-windows-x86_64, r-oldrel-macos-arm64, r-oldrel-macos-x86_64, r-oldrel-windows-ix86+x86_64
Version: 0.9.16
Check: Rd files
Result: NOTE
checkRd: (-1) discrimination.Rd:19: Escaped LaTeX specials: \&
checkRd: (-1) fitdmm.Rd:59: Escaped LaTeX specials: \$
Flavors: r-devel-linux-x86_64-debian-clang, r-devel-linux-x86_64-debian-gcc, r-devel-linux-x86_64-fedora-clang, r-devel-linux-x86_64-fedora-gcc, r-devel-windows-x86_64