CRAN Package Check Results for Package depmixS4

Last updated on 2022-01-28 10:53:10 CET.

Flavor Version Tinstall Tcheck Ttotal Status Flags
r-devel-linux-x86_64-debian-clang 1.5-0 9.19 133.31 142.50 NOTE
r-devel-linux-x86_64-debian-gcc 1.5-0 8.41 94.65 103.06 NOTE
r-devel-linux-x86_64-fedora-clang 1.5-0 171.31 NOTE
r-devel-linux-x86_64-fedora-gcc 1.5-0 159.16 NOTE
r-devel-windows-x86_64-new-UL 1.5-0 144.00 183.00 327.00 NOTE
r-devel-windows-x86_64-new-TK 1.5-0 NOTE
r-patched-linux-x86_64 1.5-0 12.50 124.26 136.76 NOTE
r-release-linux-x86_64 1.5-0 9.23 123.97 133.20 NOTE
r-release-macos-arm64 1.5-0 NOTE
r-release-macos-x86_64 1.5-0 NOTE
r-release-windows-ix86+x86_64 1.5-0 23.00 209.00 232.00 NOTE
r-oldrel-macos-x86_64 1.5-0 NOTE
r-oldrel-windows-ix86+x86_64 1.5-0 25.00 211.00 236.00 NOTE

Check Details

Version: 1.5-0
Check: package dependencies
Result: NOTE
    Package suggested but not available for checking: 'Rdonlp2'
Flavors: r-devel-linux-x86_64-debian-clang, r-devel-linux-x86_64-debian-gcc, r-devel-linux-x86_64-fedora-clang, r-devel-linux-x86_64-fedora-gcc, r-devel-windows-x86_64-new-UL, r-devel-windows-x86_64-new-TK, r-patched-linux-x86_64, r-release-linux-x86_64, r-release-macos-arm64, r-release-macos-x86_64, r-release-windows-ix86+x86_64, r-oldrel-macos-x86_64, r-oldrel-windows-ix86+x86_64