CRAN Package Check Results for Package depmixS4

Last updated on 2019-07-17 19:46:47 CEST.

Flavor Version Tinstall Tcheck Ttotal Status Flags
r-devel-linux-x86_64-debian-clang 1.4-0 9.14 96.72 105.86 NOTE
r-devel-linux-x86_64-debian-gcc 1.4-0 7.07 70.68 77.75 NOTE
r-devel-linux-x86_64-fedora-clang 1.4-0 123.95 NOTE
r-devel-linux-x86_64-fedora-gcc 1.4-0 120.71 NOTE
r-devel-windows-ix86+x86_64 1.4-0 24.00 135.00 159.00 NOTE
r-patched-linux-x86_64 1.4-0 7.66 95.45 103.11 NOTE
r-patched-solaris-x86 1.4-0 156.70 NOTE
r-release-linux-x86_64 1.4-0 7.99 93.93 101.92 NOTE
r-release-windows-ix86+x86_64 1.4-0 16.00 145.00 161.00 NOTE
r-release-osx-x86_64 1.4-0 NOTE
r-oldrel-windows-ix86+x86_64 1.4-0 14.00 157.00 171.00 NOTE
r-oldrel-osx-x86_64 1.4-0 NOTE

Check Details

Version: 1.4-0
Check: package dependencies
Result: NOTE
    Package suggested but not available for checking: 'Rdonlp2'
Flavors: r-devel-linux-x86_64-debian-clang, r-devel-linux-x86_64-debian-gcc, r-devel-linux-x86_64-fedora-clang, r-devel-linux-x86_64-fedora-gcc, r-devel-windows-ix86+x86_64, r-patched-linux-x86_64, r-patched-solaris-x86, r-release-linux-x86_64, r-release-windows-ix86+x86_64, r-release-osx-x86_64, r-oldrel-windows-ix86+x86_64, r-oldrel-osx-x86_64