CRAN Package Check Results for Package depmixS4

Last updated on 2019-04-25 14:52:37 CEST.

Flavor Version Tinstall Tcheck Ttotal Status Flags
r-devel-linux-x86_64-debian-clang 1.3-5 7.22 87.76 94.98 NOTE
r-devel-linux-x86_64-debian-gcc 1.3-5 7.45 64.80 72.25 NOTE
r-devel-linux-x86_64-fedora-clang 1.3-5 113.14 NOTE
r-devel-linux-x86_64-fedora-gcc 1.3-5 107.52 NOTE
r-devel-windows-ix86+x86_64 1.3-5 21.00 170.00 191.00 NOTE
r-patched-linux-x86_64 1.3-5 8.57 85.42 93.99 NOTE
r-patched-solaris-x86 1.3-5 150.10 NOTE
r-release-linux-x86_64 1.3-5 7.55 82.39 89.94 NOTE
r-release-windows-ix86+x86_64 1.3-5 14.00 169.00 183.00 NOTE
r-release-osx-x86_64 1.3-5 NOTE
r-oldrel-windows-ix86+x86_64 1.3-3 10.00 166.00 176.00 NOTE
r-oldrel-osx-x86_64 1.3-5 ERROR

Check Details

Version: 1.3-5
Check: package dependencies
Result: NOTE
    Package suggested but not available for checking: 'Rdonlp2'
Flavors: r-devel-linux-x86_64-debian-clang, r-devel-linux-x86_64-debian-gcc, r-devel-linux-x86_64-fedora-clang, r-devel-linux-x86_64-fedora-gcc, r-devel-windows-ix86+x86_64, r-patched-linux-x86_64, r-patched-solaris-x86, r-release-linux-x86_64, r-release-windows-ix86+x86_64, r-release-osx-x86_64, r-oldrel-osx-x86_64

Version: 1.3-3
Check: package dependencies
Result: NOTE
    Package suggested but not available for checking: 'Rdonlp2'
Flavor: r-oldrel-windows-ix86+x86_64

Version: 1.3-5
Check: whether package can be installed
Result: ERROR
    Installation failed.
Flavor: r-oldrel-osx-x86_64