CRAN Package Check Results for Package depth

Last updated on 2019-09-15 05:46:12 CEST.

Flavor Version Tinstall Tcheck Ttotal Status Flags
r-devel-linux-x86_64-debian-clang 2.1-1 11.25 50.17 61.42 OK
r-devel-linux-x86_64-debian-gcc 2.1-1 9.62 39.01 48.63 OK
r-devel-linux-x86_64-fedora-clang 2.1-1 73.03 NOTE
r-devel-linux-x86_64-fedora-gcc 2.1-1 71.57 NOTE
r-devel-windows-ix86+x86_64 2.1-1 36.00 91.00 127.00 OK
r-patched-linux-x86_64 2.1-1 10.50 49.23 59.73 OK
r-patched-solaris-x86 2.1-1 103.40 OK
r-release-linux-x86_64 2.1-1 9.01 49.81 58.82 OK
r-release-windows-ix86+x86_64 2.1-1 27.00 89.00 116.00 OK
r-release-osx-x86_64 2.1-1 WARN
r-oldrel-windows-ix86+x86_64 2.1-1 27.00 87.00 114.00 OK
r-oldrel-osx-x86_64 2.1-1 OK

Check Details

Version: 2.1-1
Check: compiled code
Result: NOTE
    File ‘depth/libs/depth.so’:
     Found no calls to: ‘R_registerRoutines’, ‘R_useDynamicSymbols’
    
    It is good practice to register native routines and to disable symbol
    search.
    
    See ‘Writing portable packages’ in the ‘Writing R Extensions’ manual.
Flavors: r-devel-linux-x86_64-fedora-clang, r-devel-linux-x86_64-fedora-gcc

Version: 2.1-1
Check: whether package can be installed
Result: WARN
    Found the following significant warnings:
     Warning: 'rgl_init' failed, running with rgl.useNULL = TRUE
Flavor: r-release-osx-x86_64