CRAN Package Check Results for Package derivmkts

Last updated on 2018-12-17 17:47:50 CET.

Flavor Version Tinstall Tcheck Ttotal Status Flags
r-devel-linux-x86_64-debian-clang 0.2.3 3.12 40.79 43.91 OK
r-devel-linux-x86_64-debian-gcc 0.2.3 2.64 31.95 34.59 OK
r-devel-linux-x86_64-fedora-clang 0.2.3 53.50 NOTE
r-devel-linux-x86_64-fedora-gcc 0.2.3 51.08 NOTE
r-devel-windows-ix86+x86_64 0.2.3 9.00 86.00 95.00 OK
r-patched-linux-x86_64 0.2.3 3.31 38.71 42.02 OK
r-patched-solaris-x86 0.2.3 66.50 NOTE
r-release-linux-x86_64 0.2.3 2.61 38.97 41.58 OK
r-release-windows-ix86+x86_64 0.2.3 6.00 90.00 96.00 OK
r-release-osx-x86_64 0.2.3 NOTE
r-oldrel-windows-ix86+x86_64 0.2.3 5.00 93.00 98.00 OK
r-oldrel-osx-x86_64 0.2.3 NOTE

Check Details

Version: 0.2.3
Check: dependencies in R code
Result: NOTE
    Namespace in Imports field not imported from: ‘testthat’
     All declared Imports should be used.
Flavors: r-devel-linux-x86_64-fedora-clang, r-devel-linux-x86_64-fedora-gcc, r-patched-solaris-x86, r-release-osx-x86_64, r-oldrel-osx-x86_64