CRAN Package Check Results for Package derivmkts

Last updated on 2018-09-22 04:52:08 CEST.

Flavor Version Tinstall Tcheck Ttotal Status Flags
r-devel-linux-x86_64-debian-clang 0.2.3 2.65 40.58 43.23 OK
r-devel-linux-x86_64-debian-gcc 0.2.3 2.67 31.54 34.21 OK
r-devel-linux-x86_64-fedora-clang 0.2.3 52.75 NOTE
r-devel-linux-x86_64-fedora-gcc 0.2.3 51.01 NOTE
r-devel-windows-ix86+x86_64 0.2.3 8.00 103.00 111.00 OK
r-patched-linux-x86_64 0.2.3 2.41 38.25 40.66 OK
r-patched-solaris-x86 0.2.3 65.90 NOTE
r-release-linux-x86_64 0.2.3 3.53 38.65 42.18 OK
r-release-windows-ix86+x86_64 0.2.3 5.00 87.00 92.00 OK
r-release-osx-x86_64 0.2.3 NOTE
r-oldrel-windows-ix86+x86_64 0.2.3 3.00 91.00 94.00 OK
r-oldrel-osx-x86_64 0.2.3 NOTE

Check Details

Version: 0.2.3
Check: dependencies in R code
Result: NOTE
    Namespace in Imports field not imported from: ‘testthat’
     All declared Imports should be used.
Flavors: r-devel-linux-x86_64-fedora-clang, r-devel-linux-x86_64-fedora-gcc, r-patched-solaris-x86, r-release-osx-x86_64, r-oldrel-osx-x86_64