CRAN Package Check Results for Package desc

Last updated on 2021-05-08 20:49:03 CEST.

Flavor Version Tinstall Tcheck Ttotal Status Flags
r-devel-linux-x86_64-debian-clang 1.3.0 4.63 43.53 48.16 NOTE
r-devel-linux-x86_64-debian-gcc 1.3.0 4.67 33.68 38.35 NOTE
r-devel-linux-x86_64-fedora-clang 1.3.0 68.72 NOTE
r-devel-linux-x86_64-fedora-gcc 1.3.0 69.22 NOTE
r-devel-windows-ix86+x86_64 1.3.0 7.00 62.00 69.00 NOTE
r-devel-windows-x86_64-gcc10-UCRT 1.3.0 NOTE
r-patched-linux-x86_64 1.3.0 6.39 42.32 48.71 NOTE
r-patched-solaris-x86 1.3.0 79.60 OK
r-release-linux-x86_64 1.3.0 4.54 41.64 46.18 OK
r-release-macos-x86_64 1.3.0 OK
r-release-windows-ix86+x86_64 1.3.0 8.00 48.00 56.00 OK
r-oldrel-macos-x86_64 1.3.0 OK
r-oldrel-windows-ix86+x86_64 1.3.0 9.00 57.00 66.00 OK

Check Details

Version: 1.3.0
Check: LazyData
Result: NOTE
     'LazyData' is specified without a 'data' directory
Flavors: r-devel-linux-x86_64-debian-clang, r-devel-linux-x86_64-debian-gcc, r-devel-linux-x86_64-fedora-clang, r-devel-linux-x86_64-fedora-gcc, r-devel-windows-ix86+x86_64, r-devel-windows-x86_64-gcc10-UCRT, r-patched-linux-x86_64