CRAN Package Check Results for Package desctable

Last updated on 2021-03-05 13:48:21 CET.

Flavor Version Tinstall Tcheck Ttotal Status Flags
r-devel-linux-x86_64-debian-clang 0.1.9 5.70 57.46 63.16 OK
r-devel-linux-x86_64-debian-gcc 0.1.9 4.79 43.05 47.84 OK
r-devel-linux-x86_64-fedora-clang 0.1.9 82.43 NOTE
r-devel-linux-x86_64-fedora-gcc 0.1.9 71.56 OK
r-devel-windows-ix86+x86_64 0.1.9 16.00 76.00 92.00 OK
r-patched-linux-x86_64 0.1.9 OK
r-patched-solaris-x86 0.1.9 97.80 OK
r-release-linux-x86_64 0.1.9 4.82 53.00 57.82 OK
r-release-macos-x86_64 0.1.9 OK
r-release-windows-ix86+x86_64 0.1.9 11.00 57.00 68.00 OK
r-oldrel-macos-x86_64 0.1.9 OK
r-oldrel-windows-ix86+x86_64 0.1.9 9.00 53.00 62.00 OK

Check Details

Version: 0.1.9
Check: Rd cross-references
Result: NOTE
    Undeclared package ‘htmlwidgets’ in Rd xrefs
Flavor: r-devel-linux-x86_64-fedora-clang