CRAN Package Check Results for Package desctable

Last updated on 2018-02-24 07:49:53 CET.

Flavor Version Tinstall Tcheck Ttotal Status Flags
r-devel-linux-x86_64-debian-clang 0.1.1 1.75 39.95 41.70 OK
r-devel-linux-x86_64-debian-gcc 0.1.1 1.94 31.44 33.38 OK
r-devel-linux-x86_64-fedora-clang 0.1.1 50.84 OK
r-devel-linux-x86_64-fedora-gcc 0.1.1 49.51 OK
r-devel-windows-ix86+x86_64 0.1.1 8.00 74.00 82.00 OK
r-patched-linux-x86_64 0.1.1 1.90 43.22 45.12 OK
r-patched-solaris-x86 0.1.1 70.50 OK
r-release-linux-x86_64 0.1.1 1.76 44.39 46.15 OK
r-release-windows-ix86+x86_64 0.1.1 9.00 84.00 93.00 OK
r-release-osx-x86_64 0.1.1 OK
r-oldrel-windows-ix86+x86_64 0.1.1 5.00 55.00 60.00 OK
r-oldrel-osx-x86_64 0.1.0 WARN

Check Details

Version: 0.1.0
Check: re-building of vignette outputs
Result: WARN
    Error in re-building vignettes:
     ...
    Warning in engine$weave(file, quiet = quiet, encoding = enc) :
     Pandoc (>= 1.12.3) and/or pandoc-citeproc not available. Falling back to R Markdown v1.
    
    Attaching package: 'desctable'
    
    The following object is masked from 'package:DT':
    
     datatable
    
    The following objects are masked from 'package:stats':
    
     IQR, chisq.test, fisher.test
    
    PhantomJS not found. You can install it with webshot::install_phantomjs(). If it is installed, please make sure the phantomjs executable can be found via the PATH variable.
    Warning in normalizePath(f2) :
     path[1]="./webshot5fb33084ba6f.png": No such file or directory
    Warning in file(con, "rb") :
     cannot open file './webshot5fb33084ba6f.png': No such file or directory
    Quitting from lines 66-73 (desctable.Rmd)
    Error: processing vignette 'desctable.Rmd' failed with diagnostics:
    cannot open the connection
    Execution halted
Flavor: r-oldrel-osx-x86_64