CRAN Package Check Results for Package desctable

Last updated on 2018-05-25 01:46:29 CEST.

Flavor Version Tinstall Tcheck Ttotal Status Flags
r-devel-linux-x86_64-debian-clang 0.1.1 2.93 33.77 36.70 ERROR
r-devel-linux-x86_64-debian-gcc 0.1.1 2.58 29.67 32.25 ERROR
r-devel-linux-x86_64-fedora-clang 0.1.1 52.97 ERROR
r-devel-linux-x86_64-fedora-gcc 0.1.1 46.59 ERROR
r-devel-windows-ix86+x86_64 0.1.1 6.00 62.00 68.00 ERROR
r-patched-linux-x86_64 0.1.1 2.56 34.43 36.99 ERROR
r-patched-solaris-x86 0.1.1 67.00 ERROR
r-release-linux-x86_64 0.1.1 2.27 34.43 36.70 ERROR
r-release-windows-ix86+x86_64 0.1.1 8.00 80.00 88.00 ERROR
r-release-osx-x86_64 0.1.1 OK
r-oldrel-windows-ix86+x86_64 0.1.1 11.00 62.00 73.00 ERROR
r-oldrel-osx-x86_64 0.1.1 OK

Check Details

Version: 0.1.1
Check: examples
Result: ERROR
    Running examples in ‘desctable-Ex.R’ failed
    The error most likely occurred in:
    
    > base::assign(".ptime", proc.time(), pos = "CheckExEnv")
    > ### Name: desctable
    > ### Title: Generate a statistics table
    > ### Aliases: desctable desctable.default desctable.grouped_df
    >
    > ### ** Examples
    >
    > iris %>%
    + desctable
     N Mean/% sd Med IQR
    1 Sepal.Length 150 NA NA 5.80 1.3
    2 Sepal.Width 150 3.057333 0.4358663 NA NA
    3 Petal.Length 150 NA NA 4.35 3.5
    4 Petal.Width 150 NA NA 1.30 1.5
    5 Species 150 NA NA NA NA
    6 Species: setosa 50 33.333333 NA NA NA
    7 Species: versicolor 50 33.333333 NA NA NA
    8 Species: virginica 50 33.333333 NA NA NA
    >
    > # Does the same as stats_auto here
    > iris %>%
    + desctable(stats = list("N" = length,
    + "%/Mean" = is.factor ~ percent | (is.normal ~ mean),
    + "sd" = is.normal ~ sd,
    + "Med" = is.normal ~ NA | median,
    + "IQR" = is.normal ~ NA | IQR))
     N %/Mean sd Med IQR
    1 Sepal.Length 150 NA NA 5.80 1.3
    2 Sepal.Width 150 3.057333 0.4358663 NA NA
    3 Petal.Length 150 NA NA 4.35 3.5
    4 Petal.Width 150 NA NA 1.30 1.5
    5 Species 150 NA NA NA NA
    6 Species: setosa 50 33.333333 NA NA NA
    7 Species: versicolor 50 33.333333 NA NA NA
    8 Species: virginica 50 33.333333 NA NA NA
    >
    > # With labels
    > mtcars %>% desctable(labels = c(hp = "Horse Power",
    + cyl = "Cylinders",
    + mpg = "Miles per gallon"))
     N Mean sd Med IQR
    1 Miles per gallon 32 20.090625 6.0269481 NA NA
    2 Cylinders 32 NA NA 6.000 4.00000
    3 disp 32 NA NA 196.300 205.17500
    4 Horse Power 32 NA NA 123.000 83.50000
    5 drat 32 3.596563 0.5346787 NA NA
    6 wt 32 NA NA 3.325 1.02875
    7 qsec 32 17.848750 1.7869432 NA NA
    8 vs 32 NA NA 0.000 1.00000
    9 am 32 NA NA 0.000 1.00000
    10 gear 32 NA NA 4.000 1.00000
    11 carb 32 NA NA 2.000 2.00000
    >
    > # With grouping on a factor
    > iris %>%
    + group_by(Species) %>%
    + desctable(stats = stats_default)
    Error in eval(grps[[1]]) : object 'Species' not found
    Calls: %>% ... vars_select_eval -> map_if -> map -> .f -> eval -> eval
    Execution halted
Flavors: r-devel-linux-x86_64-debian-clang, r-devel-linux-x86_64-debian-gcc, r-patched-linux-x86_64, r-release-linux-x86_64

Version: 0.1.1
Check: re-building of vignette outputs
Result: WARN
    Error in re-building vignettes:
     ...
    
    Attaching package: 'desctable'
    
    The following object is masked from 'package:DT':
    
     datatable
    
    The following objects are masked from 'package:stats':
    
     IQR, chisq.test, fisher.test
    
    Quitting from lines 217-222 (desctable.Rmd)
    Error: processing vignette ‘desctable.Rmd’ failed with diagnostics:
    object ‘Species’ not found
    Execution halted
Flavors: r-devel-linux-x86_64-debian-clang, r-devel-linux-x86_64-debian-gcc, r-devel-linux-x86_64-fedora-clang, r-devel-linux-x86_64-fedora-gcc, r-devel-windows-ix86+x86_64, r-patched-linux-x86_64, r-release-linux-x86_64, r-release-windows-ix86+x86_64, r-oldrel-windows-ix86+x86_64

Version: 0.1.1
Check: examples
Result: ERROR
    Running examples in ‘desctable-Ex.R’ failed
    The error most likely occurred in:
    
    > ### Name: desctable
    > ### Title: Generate a statistics table
    > ### Aliases: desctable desctable.default desctable.grouped_df
    >
    > ### ** Examples
    >
    > iris %>%
    + desctable
     N Mean/% sd Med IQR
    1 Sepal.Length 150 NA NA 5.80 1.3
    2 Sepal.Width 150 3.057333 0.4358663 NA NA
    3 Petal.Length 150 NA NA 4.35 3.5
    4 Petal.Width 150 NA NA 1.30 1.5
    5 Species 150 NA NA NA NA
    6 Species: setosa 50 33.333333 NA NA NA
    7 Species: versicolor 50 33.333333 NA NA NA
    8 Species: virginica 50 33.333333 NA NA NA
    >
    > # Does the same as stats_auto here
    > iris %>%
    + desctable(stats = list("N" = length,
    + "%/Mean" = is.factor ~ percent | (is.normal ~ mean),
    + "sd" = is.normal ~ sd,
    + "Med" = is.normal ~ NA | median,
    + "IQR" = is.normal ~ NA | IQR))
     N %/Mean sd Med IQR
    1 Sepal.Length 150 NA NA 5.80 1.3
    2 Sepal.Width 150 3.057333 0.4358663 NA NA
    3 Petal.Length 150 NA NA 4.35 3.5
    4 Petal.Width 150 NA NA 1.30 1.5
    5 Species 150 NA NA NA NA
    6 Species: setosa 50 33.333333 NA NA NA
    7 Species: versicolor 50 33.333333 NA NA NA
    8 Species: virginica 50 33.333333 NA NA NA
    >
    > # With labels
    > mtcars %>% desctable(labels = c(hp = "Horse Power",
    + cyl = "Cylinders",
    + mpg = "Miles per gallon"))
     N Mean sd Med IQR
    1 Miles per gallon 32 20.090625 6.0269481 NA NA
    2 Cylinders 32 NA NA 6.000 4.00000
    3 disp 32 NA NA 196.300 205.17500
    4 Horse Power 32 NA NA 123.000 83.50000
    5 drat 32 3.596563 0.5346787 NA NA
    6 wt 32 NA NA 3.325 1.02875
    7 qsec 32 17.848750 1.7869432 NA NA
    8 vs 32 NA NA 0.000 1.00000
    9 am 32 NA NA 0.000 1.00000
    10 gear 32 NA NA 4.000 1.00000
    11 carb 32 NA NA 2.000 2.00000
    >
    > # With grouping on a factor
    > iris %>%
    + group_by(Species) %>%
    + desctable(stats = stats_default)
    Error in eval(grps[[1]]) : object 'Species' not found
    Calls: %>% ... vars_select_eval -> map_if -> map -> .f -> eval -> eval
    Execution halted
Flavors: r-devel-linux-x86_64-fedora-clang, r-devel-linux-x86_64-fedora-gcc, r-devel-windows-ix86+x86_64, r-patched-solaris-x86, r-release-windows-ix86+x86_64

Version: 0.1.1
Check: re-building of vignette outputs
Result: WARN
    Error in re-building vignettes:
     ...
    Warning in engine$weave(file, quiet = quiet, encoding = enc) :
     Pandoc (>= 1.12.3) and/or pandoc-citeproc not available. Falling back to R Markdown v1.
    
    Attaching package: 'desctable'
    
    The following object is masked from 'package:DT':
    
     datatable
    
    The following objects are masked from 'package:stats':
    
     IQR, chisq.test, fisher.test
    
    Quitting from lines 217-222 (desctable.Rmd)
    Error: processing vignette 'desctable.Rmd' failed with diagnostics:
    object 'Species' not found
    Execution halted
Flavor: r-patched-solaris-x86

Version: 0.1.1
Check: examples
Result: ERROR
    Running examples in 'desctable-Ex.R' failed
    The error most likely occurred in:
    
    > ### Name: desctable
    > ### Title: Generate a statistics table
    > ### Aliases: desctable desctable.default desctable.grouped_df
    >
    > ### ** Examples
    >
    > iris %>%
    + desctable
     N Mean/% sd Med IQR
    1 Sepal.Length 150 NA NA 5.80 1.3
    2 Sepal.Width 150 3.057333 0.4358663 NA NA
    3 Petal.Length 150 NA NA 4.35 3.5
    4 Petal.Width 150 NA NA 1.30 1.5
    5 Species 150 NA NA NA NA
    6 Species: setosa 50 33.333333 NA NA NA
    7 Species: versicolor 50 33.333333 NA NA NA
    8 Species: virginica 50 33.333333 NA NA NA
    >
    > # Does the same as stats_auto here
    > iris %>%
    + desctable(stats = list("N" = length,
    + "%/Mean" = is.factor ~ percent | (is.normal ~ mean),
    + "sd" = is.normal ~ sd,
    + "Med" = is.normal ~ NA | median,
    + "IQR" = is.normal ~ NA | IQR))
     N %/Mean sd Med IQR
    1 Sepal.Length 150 NA NA 5.80 1.3
    2 Sepal.Width 150 3.057333 0.4358663 NA NA
    3 Petal.Length 150 NA NA 4.35 3.5
    4 Petal.Width 150 NA NA 1.30 1.5
    5 Species 150 NA NA NA NA
    6 Species: setosa 50 33.333333 NA NA NA
    7 Species: versicolor 50 33.333333 NA NA NA
    8 Species: virginica 50 33.333333 NA NA NA
    >
    > # With labels
    > mtcars %>% desctable(labels = c(hp = "Horse Power",
    + cyl = "Cylinders",
    + mpg = "Miles per gallon"))
     N Mean sd Med IQR
    1 Miles per gallon 32 20.090625 6.0269481 NA NA
    2 Cylinders 32 NA NA 6.000 4.00000
    3 disp 32 NA NA 196.300 205.17500
    4 Horse Power 32 NA NA 123.000 83.50000
    5 drat 32 3.596563 0.5346787 NA NA
    6 wt 32 NA NA 3.325 1.02875
    7 qsec 32 17.848750 1.7869432 NA NA
    8 vs 32 NA NA 0.000 1.00000
    9 am 32 NA NA 0.000 1.00000
    10 gear 32 NA NA 4.000 1.00000
    11 carb 32 NA NA 2.000 2.00000
    >
    > # With grouping on a factor
    > iris %>%
    + group_by(Species) %>%
    + desctable(stats = stats_default)
    Error in eval(grps[[1]]) : object 'Species' not found
    Calls: %>% ... vars_select_eval -> map_if -> map -> .Call -> .f -> eval -> eval
    Execution halted
Flavor: r-oldrel-windows-ix86+x86_64