CRAN Package Check Results for Package designmatch

Last updated on 2022-01-19 05:48:22 CET.

Flavor Version Tinstall Tcheck Ttotal Status Flags
r-devel-linux-x86_64-debian-clang 0.3.1 6.76 92.41 99.17 NOTE
r-devel-linux-x86_64-debian-gcc 0.3.1 4.72 68.71 73.43 NOTE
r-devel-linux-x86_64-fedora-clang 0.3.1 118.40 NOTE
r-devel-linux-x86_64-fedora-gcc 0.3.1 106.36 NOTE
r-devel-windows-x86_64-new-UL 0.3.1 56.00 108.00 164.00 NOTE
r-devel-windows-x86_64-new-TK 0.3.1 NOTE
r-patched-linux-x86_64 0.3.1 4.66 87.70 92.36 NOTE
r-release-linux-x86_64 0.3.1 NOTE
r-release-macos-arm64 0.3.1 NOTE
r-release-macos-x86_64 0.3.1 NOTE
r-release-windows-ix86+x86_64 0.3.1 11.00 107.00 118.00 NOTE
r-oldrel-macos-x86_64 0.3.1 NOTE
r-oldrel-windows-ix86+x86_64 0.3.1 11.00 106.00 117.00 NOTE

Check Details

Version: 0.3.1
Check: package dependencies
Result: NOTE
    Package which this enhances but not available for checking: 'gurobi'
Flavors: r-devel-linux-x86_64-debian-clang, r-devel-linux-x86_64-debian-gcc, r-patched-linux-x86_64, r-release-linux-x86_64

Version: 0.3.1
Check: package dependencies
Result: NOTE
    Packages which this enhances but not available for checking:
     'gurobi', 'Rcplex'
Flavors: r-devel-linux-x86_64-fedora-clang, r-devel-linux-x86_64-fedora-gcc, r-devel-windows-x86_64-new-UL, r-devel-windows-x86_64-new-TK, r-release-macos-x86_64, r-release-windows-ix86+x86_64, r-oldrel-windows-ix86+x86_64

Version: 0.3.1
Check: package dependencies
Result: NOTE
    Packages which this enhances but not available for checking:
     'gurobi', 'Rcplex', 'Rsymphony'
Flavors: r-release-macos-arm64, r-oldrel-macos-x86_64