CRAN Package Check Results for Package designmatch

Last updated on 2019-08-22 10:47:42 CEST.

Flavor Version Tinstall Tcheck Ttotal Status Flags
r-devel-linux-x86_64-debian-clang 0.3.1 6.02 45.31 51.33 NOTE
r-devel-linux-x86_64-debian-gcc 0.3.1 4.53 35.14 39.67 NOTE
r-devel-linux-x86_64-fedora-clang 0.3.1 60.87 NOTE
r-devel-linux-x86_64-fedora-gcc 0.3.1 59.42 NOTE
r-devel-windows-ix86+x86_64 0.3.1 17.00 76.00 93.00 NOTE
r-patched-linux-x86_64 0.3.1 4.91 44.30 49.21 NOTE
r-patched-solaris-x86 0.3.1 101.40 NOTE
r-release-linux-x86_64 0.3.1 4.89 44.75 49.64 NOTE
r-release-windows-ix86+x86_64 0.3.1 15.00 83.00 98.00 NOTE
r-release-osx-x86_64 0.3.1 NOTE
r-oldrel-windows-ix86+x86_64 0.3.1 11.00 71.00 82.00 NOTE
r-oldrel-osx-x86_64 0.3.1 NOTE

Check Details

Version: 0.3.1
Check: package dependencies
Result: NOTE
    Package which this enhances but not available for checking: 'gurobi'
Flavors: r-devel-linux-x86_64-debian-clang, r-devel-linux-x86_64-debian-gcc, r-patched-linux-x86_64, r-release-linux-x86_64

Version: 0.3.1
Check: package dependencies
Result: NOTE
    Packages which this enhances but not available for checking:
     'gurobi', 'Rcplex'
Flavors: r-devel-linux-x86_64-fedora-clang, r-devel-linux-x86_64-fedora-gcc, r-devel-windows-ix86+x86_64, r-release-windows-ix86+x86_64

Version: 0.3.1
Check: package dependencies
Result: NOTE
    Packages which this enhances but not available for checking:
     'gurobi', 'Rcplex', 'Rmosek', 'Rsymphony'
Flavor: r-patched-solaris-x86

Version: 0.3.1
Check: package dependencies
Result: NOTE
    Packages which this enhances but not available for checking:
     'gurobi', 'Rcplex', 'Rsymphony'
Flavor: r-release-osx-x86_64

Version: 0.3.1
Check: package dependencies
Result: NOTE
    Packages which this enhances but not available for checking:
     'gurobi' 'Rcplex'
Flavor: r-oldrel-windows-ix86+x86_64

Version: 0.3.1
Check: package dependencies
Result: NOTE
    Packages which this enhances but not available for checking:
     ‘gurobi’ ‘Rcplex’ ‘Rmosek’ ‘Rsymphony’
Flavor: r-oldrel-osx-x86_64