CRAN Package Check Results for Package designmatch

Last updated on 2019-03-26 17:47:55 CET.

Flavor Version Tinstall Tcheck Ttotal Status Flags
r-devel-linux-x86_64-debian-clang 0.3.1 5.27 46.49 51.76 NOTE
r-devel-linux-x86_64-debian-gcc 0.3.1 4.35 35.20 39.55 NOTE
r-devel-linux-x86_64-fedora-clang 0.3.1 59.44 NOTE
r-devel-linux-x86_64-fedora-gcc 0.3.1 56.93 NOTE
r-devel-windows-ix86+x86_64 0.3.1 13.00 73.00 86.00 NOTE
r-patched-linux-x86_64 0.3.1 3.99 41.52 45.51 NOTE
r-patched-solaris-x86 0.3.1 95.00 NOTE
r-release-linux-x86_64 0.3.1 4.48 40.90 45.38 NOTE
r-release-windows-ix86+x86_64 0.3.1 10.00 78.00 88.00 NOTE
r-release-osx-x86_64 0.3.1 NOTE
r-oldrel-windows-ix86+x86_64 0.3.1 4.00 83.00 87.00 NOTE
r-oldrel-osx-x86_64 0.3.1 NOTE

Check Details

Version: 0.3.1
Check: package dependencies
Result: NOTE
    Package which this enhances but not available for checking: 'gurobi'
Flavors: r-devel-linux-x86_64-debian-clang, r-devel-linux-x86_64-debian-gcc, r-patched-linux-x86_64, r-release-linux-x86_64

Version: 0.3.1
Check: package dependencies
Result: NOTE
    Packages which this enhances but not available for checking:
     'gurobi', 'Rcplex'
Flavors: r-devel-linux-x86_64-fedora-clang, r-devel-linux-x86_64-fedora-gcc, r-devel-windows-ix86+x86_64

Version: 0.3.1
Check: package dependencies
Result: NOTE
    Packages which this enhances but not available for checking:
     ‘gurobi’ ‘Rcplex’ ‘Rmosek’ ‘Rsymphony’
Flavors: r-patched-solaris-x86, r-release-osx-x86_64, r-oldrel-osx-x86_64

Version: 0.3.1
Check: package dependencies
Result: NOTE
    Packages which this enhances but not available for checking:
     'gurobi' 'Rcplex'
Flavors: r-release-windows-ix86+x86_64, r-oldrel-windows-ix86+x86_64