CRAN Package Check Results for Package designmatch

Last updated on 2019-06-17 21:46:38 CEST.

Flavor Version Tinstall Tcheck Ttotal Status Flags
r-devel-linux-x86_64-debian-clang 0.3.1 5.16 44.69 49.85 NOTE
r-devel-linux-x86_64-debian-gcc 0.3.1 4.66 34.82 39.48 NOTE
r-devel-linux-x86_64-fedora-clang 0.3.1 58.30 NOTE
r-devel-linux-x86_64-fedora-gcc 0.3.1 56.77 NOTE
r-devel-windows-ix86+x86_64 0.3.1 15.00 57.00 72.00 NOTE
r-patched-linux-x86_64 0.3.1 5.93 44.03 49.96 NOTE
r-patched-solaris-x86 0.3.1 102.30 NOTE
r-release-linux-x86_64 0.3.1 4.92 44.56 49.48 NOTE
r-release-windows-ix86+x86_64 0.3.1 10.00 85.00 95.00 NOTE
r-release-osx-x86_64 0.3.1 NOTE
r-oldrel-windows-ix86+x86_64 0.3.1 6.00 74.00 80.00 NOTE
r-oldrel-osx-x86_64 0.3.1 NOTE

Check Details

Version: 0.3.1
Check: package dependencies
Result: NOTE
    Package which this enhances but not available for checking: 'gurobi'
Flavors: r-devel-linux-x86_64-debian-clang, r-devel-linux-x86_64-debian-gcc, r-patched-linux-x86_64, r-release-linux-x86_64

Version: 0.3.1
Check: package dependencies
Result: NOTE
    Packages which this enhances but not available for checking:
     'gurobi', 'Rcplex'
Flavors: r-devel-linux-x86_64-fedora-clang, r-devel-linux-x86_64-fedora-gcc, r-devel-windows-ix86+x86_64, r-release-windows-ix86+x86_64

Version: 0.3.1
Check: package dependencies
Result: NOTE
    Packages which this enhances but not available for checking:
     'gurobi', 'Rcplex', 'Rmosek', 'Rsymphony'
Flavor: r-patched-solaris-x86

Version: 0.3.1
Check: package dependencies
Result: NOTE
    Packages which this enhances but not available for checking:
     'gurobi', 'Rcplex', 'Rsymphony'
Flavor: r-release-osx-x86_64

Version: 0.3.1
Check: package dependencies
Result: NOTE
    Packages which this enhances but not available for checking:
     'gurobi' 'Rcplex'
Flavor: r-oldrel-windows-ix86+x86_64

Version: 0.3.1
Check: package dependencies
Result: NOTE
    Packages which this enhances but not available for checking:
     ‘gurobi’ ‘Rcplex’ ‘Rmosek’ ‘Rsymphony’
Flavor: r-oldrel-osx-x86_64