CRAN Package Check Results for Package designmatch

Last updated on 2019-12-06 05:46:33 CET.

Flavor Version Tinstall Tcheck Ttotal Status Flags
r-devel-linux-x86_64-debian-clang 0.3.1 5.61 47.78 53.39 NOTE
r-devel-linux-x86_64-debian-gcc 0.3.1 5.47 36.24 41.71 NOTE
r-devel-linux-x86_64-fedora-clang 0.3.1 61.25 NOTE
r-devel-linux-x86_64-fedora-gcc 0.3.1 60.99 NOTE
r-devel-windows-ix86+x86_64 0.3.1 11.00 74.00 85.00 NOTE
r-devel-windows-ix86+x86_64-gcc8 0.3.1 12.00 57.00 69.00 NOTE
r-patched-linux-x86_64 0.3.1 4.73 45.06 49.79 NOTE
r-patched-solaris-x86 0.3.1 102.10 NOTE
r-release-linux-x86_64 0.3.1 4.33 44.52 48.85 NOTE
r-release-windows-ix86+x86_64 0.3.1 13.00 53.00 66.00 NOTE
r-release-osx-x86_64 0.3.1 NOTE
r-oldrel-windows-ix86+x86_64 0.3.1 7.00 79.00 86.00 NOTE
r-oldrel-osx-x86_64 0.3.1 NOTE

Check Details

Version: 0.3.1
Check: package dependencies
Result: NOTE
    Package which this enhances but not available for checking: 'gurobi'
Flavors: r-devel-linux-x86_64-debian-clang, r-devel-linux-x86_64-debian-gcc, r-patched-linux-x86_64, r-release-linux-x86_64

Version: 0.3.1
Check: package dependencies
Result: NOTE
    Packages which this enhances but not available for checking:
     'gurobi', 'Rcplex'
Flavors: r-devel-linux-x86_64-fedora-clang, r-devel-linux-x86_64-fedora-gcc, r-devel-windows-ix86+x86_64, r-devel-windows-ix86+x86_64-gcc8, r-release-windows-ix86+x86_64

Version: 0.3.1
Check: package dependencies
Result: NOTE
    Packages which this enhances but not available for checking:
     'gurobi', 'Rcplex', 'Rmosek', 'Rsymphony'
Flavor: r-patched-solaris-x86

Version: 0.3.1
Check: package dependencies
Result: NOTE
    Packages which this enhances but not available for checking:
     'gurobi', 'Rcplex', 'Rsymphony'
Flavor: r-release-osx-x86_64

Version: 0.3.1
Check: package dependencies
Result: NOTE
    Packages which this enhances but not available for checking:
     'gurobi' 'Rcplex'
Flavor: r-oldrel-windows-ix86+x86_64

Version: 0.3.1
Check: package dependencies
Result: NOTE
    Packages which this enhances but not available for checking:
     ‘gurobi’ ‘Rcplex’ ‘Rmosek’ ‘Rsymphony’
Flavor: r-oldrel-osx-x86_64