CRAN Package Check Results for Package designmatch

Last updated on 2018-09-25 06:46:33 CEST.

Flavor Version Tinstall Tcheck Ttotal Status Flags
r-devel-linux-x86_64-debian-clang 0.3.1 4.82 44.62 49.44 NOTE
r-devel-linux-x86_64-debian-gcc 0.3.1 3.66 34.97 38.63 NOTE
r-devel-linux-x86_64-fedora-clang 0.3.1 57.05 NOTE
r-devel-linux-x86_64-fedora-gcc 0.3.1 54.15 NOTE
r-devel-windows-ix86+x86_64 0.3.1 10.00 74.00 84.00 NOTE
r-patched-linux-x86_64 0.3.1 3.41 41.90 45.31 NOTE
r-patched-solaris-x86 0.3.1 92.40 NOTE
r-release-linux-x86_64 0.3.1 4.97 42.66 47.63 NOTE
r-release-windows-ix86+x86_64 0.3.1 7.00 69.00 76.00 NOTE
r-release-osx-x86_64 0.3.1 NOTE
r-oldrel-windows-ix86+x86_64 0.3.1 4.00 91.00 95.00 NOTE
r-oldrel-osx-x86_64 0.3.1 NOTE

Check Details

Version: 0.3.1
Check: package dependencies
Result: NOTE
    Packages which this enhances but not available for checking:
     ‘gurobi’ ‘Rmosek’
Flavors: r-devel-linux-x86_64-debian-clang, r-devel-linux-x86_64-debian-gcc, r-patched-linux-x86_64, r-release-linux-x86_64

Version: 0.3.1
Check: package dependencies
Result: NOTE
    Packages which this enhances but not available for checking:
     ‘gurobi’ ‘Rcplex’ ‘Rmosek’
Flavors: r-devel-linux-x86_64-fedora-clang, r-devel-linux-x86_64-fedora-gcc, r-devel-windows-ix86+x86_64, r-release-windows-ix86+x86_64, r-oldrel-windows-ix86+x86_64

Version: 0.3.1
Check: package dependencies
Result: NOTE
    Packages which this enhances but not available for checking:
     ‘gurobi’ ‘Rcplex’ ‘Rmosek’ ‘Rsymphony’
Flavors: r-patched-solaris-x86, r-release-osx-x86_64, r-oldrel-osx-x86_64