CRAN Package Check Results for Package designmatch

Last updated on 2018-07-18 03:49:16 CEST.

Flavor Version Tinstall Tcheck Ttotal Status Flags
r-devel-linux-x86_64-debian-clang 0.3.1 4.13 44.08 48.21 NOTE
r-devel-linux-x86_64-debian-gcc 0.3.1 3.63 33.98 37.61 NOTE
r-devel-linux-x86_64-fedora-clang 0.3.1 55.12 NOTE
r-devel-linux-x86_64-fedora-gcc 0.3.1 54.66 NOTE
r-devel-windows-ix86+x86_64 0.3.1 11.00 74.00 85.00 NOTE
r-patched-linux-x86_64 0.3.1 3.38 42.54 45.92 NOTE
r-patched-solaris-x86 0.3.1 97.50 NOTE
r-release-linux-x86_64 0.3.1 4.53 42.41 46.94 NOTE
r-release-windows-ix86+x86_64 0.3.1 11.00 72.00 83.00 NOTE
r-release-osx-x86_64 0.3.1 ERROR
r-oldrel-windows-ix86+x86_64 0.3.1 7.00 56.00 63.00 NOTE
r-oldrel-osx-x86_64 0.3.1 ERROR

Check Details

Version: 0.3.1
Check: package dependencies
Result: NOTE
    Packages which this enhances but not available for checking:
     ‘gurobi’ ‘Rmosek’
Flavors: r-devel-linux-x86_64-debian-clang, r-devel-linux-x86_64-debian-gcc, r-patched-linux-x86_64, r-release-linux-x86_64

Version: 0.3.1
Check: package dependencies
Result: NOTE
    Packages which this enhances but not available for checking:
     ‘gurobi’ ‘Rcplex’ ‘Rmosek’
Flavors: r-devel-linux-x86_64-fedora-clang, r-devel-linux-x86_64-fedora-gcc, r-devel-windows-ix86+x86_64, r-release-windows-ix86+x86_64, r-oldrel-windows-ix86+x86_64

Version: 0.3.1
Check: package dependencies
Result: NOTE
    Packages which this enhances but not available for checking:
     ‘gurobi’ ‘Rcplex’ ‘Rmosek’ ‘Rsymphony’
Flavor: r-patched-solaris-x86

Version: 0.3.1
Check: package dependencies
Result: ERROR
    Package required but not available: ‘Rglpk’
    
    Packages which this enhances but not available for checking:
     ‘gurobi’ ‘Rcplex’ ‘Rmosek’ ‘Rsymphony’
    
    See section ‘The DESCRIPTION file’ in the ‘Writing R Extensions’
    manual.
Flavors: r-release-osx-x86_64, r-oldrel-osx-x86_64