CRAN Package Check Results for Package designmatch

Last updated on 2018-12-12 23:48:41 CET.

Flavor Version Tinstall Tcheck Ttotal Status Flags
r-devel-linux-x86_64-debian-clang 0.3.1 4.59 44.46 49.05 NOTE
r-devel-linux-x86_64-debian-gcc 0.3.1 3.78 34.54 38.32 NOTE
r-devel-linux-x86_64-fedora-clang 0.3.1 57.30 NOTE
r-devel-linux-x86_64-fedora-gcc 0.3.1 54.67 NOTE
r-devel-windows-ix86+x86_64 0.3.1 9.00 55.00 64.00 NOTE
r-patched-linux-x86_64 0.3.1 4.25 41.71 45.96 NOTE
r-patched-solaris-x86 0.3.1 94.00 NOTE
r-release-linux-x86_64 0.3.1 4.72 42.32 47.04 NOTE
r-release-windows-ix86+x86_64 0.3.1 11.00 49.00 60.00 NOTE
r-release-osx-x86_64 0.3.1 NOTE
r-oldrel-windows-ix86+x86_64 0.3.1 4.00 72.00 76.00 NOTE
r-oldrel-osx-x86_64 0.3.1 NOTE

Check Details

Version: 0.3.1
Check: package dependencies
Result: NOTE
    Packages which this enhances but not available for checking:
     'gurobi', 'Rmosek'
Flavors: r-devel-linux-x86_64-debian-clang, r-devel-linux-x86_64-debian-gcc

Version: 0.3.1
Check: package dependencies
Result: NOTE
    Packages which this enhances but not available for checking:
     'gurobi', 'Rcplex', 'Rmosek'
Flavors: r-devel-linux-x86_64-fedora-clang, r-devel-linux-x86_64-fedora-gcc, r-devel-windows-ix86+x86_64

Version: 0.3.1
Check: package dependencies
Result: NOTE
    Packages which this enhances but not available for checking:
     ‘gurobi’ ‘Rmosek’
Flavors: r-patched-linux-x86_64, r-release-linux-x86_64

Version: 0.3.1
Check: package dependencies
Result: NOTE
    Packages which this enhances but not available for checking:
     ‘gurobi’ ‘Rcplex’ ‘Rmosek’ ‘Rsymphony’
Flavors: r-patched-solaris-x86, r-release-osx-x86_64, r-oldrel-osx-x86_64

Version: 0.3.1
Check: package dependencies
Result: NOTE
    Packages which this enhances but not available for checking:
     'gurobi' 'Rcplex' 'Rmosek'
Flavors: r-release-windows-ix86+x86_64, r-oldrel-windows-ix86+x86_64