Last updated on 2023-03-20 07:50:52 CET.
Flavor | Version | Tinstall | Tcheck | Ttotal | Status | Flags |
---|---|---|---|---|---|---|
r-devel-linux-x86_64-debian-clang | 0.4.1 | NOTE | ||||
r-devel-linux-x86_64-debian-gcc | 0.4.1 | 4.59 | 34.76 | 39.35 | NOTE | |
r-devel-linux-x86_64-fedora-clang | 0.4.1 | 64.99 | NOTE | |||
r-devel-linux-x86_64-fedora-gcc | 0.4.1 | 60.67 | NOTE | |||
r-devel-windows-x86_64 | 0.4.1 | 28.00 | 76.00 | 104.00 | NOTE | |
r-patched-linux-x86_64 | 0.4.1 | 7.86 | 45.35 | 53.21 | NOTE | |
r-release-linux-x86_64 | 0.4.1 | 4.91 | 44.87 | 49.78 | NOTE | |
r-release-macos-arm64 | 0.4.1 | 22.00 | NOTE | |||
r-release-macos-x86_64 | 0.4.1 | 29.00 | NOTE | |||
r-release-windows-x86_64 | 0.4.1 | 31.00 | 72.00 | 103.00 | NOTE | |
r-oldrel-macos-arm64 | 0.4.1 | 24.00 | NOTE | |||
r-oldrel-macos-x86_64 | 0.4.1 | 33.00 | NOTE | |||
r-oldrel-windows-ix86+x86_64 | 0.4.1 | 14.00 | 67.00 | 81.00 | NOTE |
Version: 0.4.1
Check: package dependencies
Result: NOTE
Package which this enhances but not available for checking: ‘gurobi’
Flavors: r-devel-linux-x86_64-debian-clang, r-devel-linux-x86_64-debian-gcc, r-patched-linux-x86_64, r-release-linux-x86_64
Version: 0.4.1
Check: package dependencies
Result: NOTE
Packages which this enhances but not available for checking:
'gurobi', 'Rcplex'
Flavors: r-devel-linux-x86_64-fedora-clang, r-devel-linux-x86_64-fedora-gcc, r-devel-windows-x86_64, r-release-macos-arm64, r-release-macos-x86_64, r-release-windows-x86_64, r-oldrel-macos-arm64, r-oldrel-macos-x86_64, r-oldrel-windows-ix86+x86_64