Last updated on 2022-06-27 16:51:52 CEST.
Flavor | Version | Tinstall | Tcheck | Ttotal | Status | Flags |
---|---|---|---|---|---|---|
r-devel-linux-x86_64-debian-clang | 0.1.12 | 10.54 | 127.38 | 137.92 | OK | |
r-devel-linux-x86_64-debian-gcc | 0.1.12 | 10.43 | 96.37 | 106.80 | OK | |
r-devel-linux-x86_64-fedora-clang | 0.1.12 | 175.95 | WARN | |||
r-devel-linux-x86_64-fedora-gcc | 0.1.12 | 174.96 | WARN | |||
r-devel-windows-x86_64 | 0.1.12 | 41.00 | 172.00 | 213.00 | OK | |
r-patched-linux-x86_64 | 0.1.12 | 13.32 | 122.46 | 135.78 | OK | |
r-release-linux-x86_64 | 0.1.12 | 12.09 | 121.66 | 133.75 | OK | |
r-release-macos-arm64 | 0.1.12 | 54.00 | NOTE | |||
r-release-macos-x86_64 | 0.1.12 | 86.00 | NOTE | |||
r-release-windows-x86_64 | 0.1.12 | 39.00 | 162.00 | 201.00 | OK | |
r-oldrel-macos-arm64 | 0.1.12 | 67.00 | NOTE | |||
r-oldrel-macos-x86_64 | 0.1.12 | 100.00 | NOTE | |||
r-oldrel-windows-ix86+x86_64 | 0.1.12 | 29.00 | 139.00 | 168.00 | OK |
Version: 0.1.12
Check: package dependencies
Result: WARN
Requires (indirectly) orphaned package: ‘gtools’
Flavors: r-devel-linux-x86_64-fedora-clang, r-devel-linux-x86_64-fedora-gcc
Version: 0.1.12
Check: data for non-ASCII characters
Result: NOTE
Note: found 47 marked UTF-8 strings
Flavors: r-devel-linux-x86_64-fedora-clang, r-devel-linux-x86_64-fedora-gcc, r-release-macos-arm64, r-release-macos-x86_64, r-oldrel-macos-arm64, r-oldrel-macos-x86_64