CRAN Package Check Results for Package detrendr

Last updated on 2018-08-22 08:48:46 CEST.

Flavor Version Tinstall Tcheck Ttotal Status Flags
r-devel-linux-x86_64-debian-clang 0.5.1 100.93 173.01 273.94 NOTE
r-devel-linux-x86_64-debian-gcc 0.5.1 86.43 125.90 212.33 NOTE
r-devel-linux-x86_64-fedora-clang 0.5.1 327.35 NOTE
r-devel-linux-x86_64-fedora-gcc 0.5.1 319.38 NOTE
r-devel-windows-ix86+x86_64 0.5.1 225.00 354.00 579.00 NOTE
r-patched-linux-x86_64 0.5.1 112.27 149.13 261.40 NOTE
r-patched-solaris-x86 0.5.1 469.20 NOTE
r-release-linux-x86_64 0.5.1 107.77 140.46 248.23 NOTE
r-release-windows-ix86+x86_64 0.5.1 327.00 482.00 809.00 NOTE
r-release-osx-x86_64 0.5.1 NOTE
r-oldrel-windows-ix86+x86_64 0.5.1 222.00 361.00 583.00 NOTE
r-oldrel-osx-x86_64 0.5.1 NOTE

Additional issues

clang-UBSAN gcc-UBSAN

Check Details

Version: 0.5.1
Check: for GNU extensions in Makefiles
Result: NOTE
    GNU make is a SystemRequirements.
Flavors: r-devel-linux-x86_64-debian-clang, r-devel-linux-x86_64-debian-gcc, r-devel-linux-x86_64-fedora-clang, r-devel-linux-x86_64-fedora-gcc, r-devel-windows-ix86+x86_64, r-patched-linux-x86_64, r-patched-solaris-x86, r-release-linux-x86_64, r-release-windows-ix86+x86_64, r-release-osx-x86_64, r-oldrel-windows-ix86+x86_64, r-oldrel-osx-x86_64