CRAN Package Check Results for Package detrendr

Last updated on 2019-02-19 21:49:18 CET.

Flavor Version Tinstall Tcheck Ttotal Status Flags
r-devel-linux-x86_64-debian-clang 0.6.0 107.24 369.07 476.31 NOTE
r-devel-linux-x86_64-debian-gcc 0.6.0 78.09 255.29 333.38 NOTE
r-devel-linux-x86_64-fedora-clang 0.6.0 560.39 NOTE
r-devel-linux-x86_64-fedora-gcc 0.6.0 540.52 NOTE
r-devel-windows-ix86+x86_64 0.6.0 313.00 715.00 1028.00 NOTE
r-patched-linux-x86_64 0.6.0 98.16 317.55 415.71 NOTE
r-patched-solaris-x86 0.6.0 718.50 NOTE
r-release-linux-x86_64 0.6.0 96.38 308.84 405.22 NOTE
r-release-windows-ix86+x86_64 0.6.0 224.00 647.00 871.00 NOTE
r-release-osx-x86_64 0.6.0 NOTE
r-oldrel-windows-ix86+x86_64 0.6.0 245.00 588.00 833.00 NOTE
r-oldrel-osx-x86_64 0.6.0 NOTE

Check Details

Version: 0.6.0
Check: for GNU extensions in Makefiles
Result: NOTE
    GNU make is a SystemRequirements.
Flavors: r-devel-linux-x86_64-debian-clang, r-devel-linux-x86_64-debian-gcc, r-devel-linux-x86_64-fedora-clang, r-devel-linux-x86_64-fedora-gcc, r-devel-windows-ix86+x86_64, r-patched-linux-x86_64, r-patched-solaris-x86, r-release-linux-x86_64, r-release-windows-ix86+x86_64, r-release-osx-x86_64, r-oldrel-windows-ix86+x86_64, r-oldrel-osx-x86_64