CRAN Package Check Results for Package detrendr

Last updated on 2018-05-23 15:47:35 CEST.

Flavor Version Tinstall Tcheck Ttotal Status Flags
r-devel-linux-x86_64-debian-clang 0.5.1 102.28 164.39 266.67 NOTE
r-devel-linux-x86_64-debian-gcc 0.5.1 0.29 1.45 1.74 ERROR
r-devel-linux-x86_64-fedora-clang 0.5.1 331.00 NOTE
r-devel-linux-x86_64-fedora-gcc 0.5.1 319.81 NOTE
r-devel-windows-ix86+x86_64 0.5.1 226.00 535.00 761.00 NOTE
r-patched-linux-x86_64 0.5.1 104.82 140.48 245.30 NOTE
r-patched-solaris-x86 0.5.1 473.90 NOTE
r-release-linux-x86_64 0.5.1 102.72 139.14 241.86 NOTE
r-release-windows-ix86+x86_64 0.5.1 322.00 478.00 800.00 NOTE
r-release-osx-x86_64 0.5.1 NOTE
r-oldrel-windows-ix86+x86_64 0.5.1 300.00 507.00 807.00 NOTE
r-oldrel-osx-x86_64 0.5.0 ERROR

Additional issues

clang-UBSAN gcc-UBSAN

Check Details

Version: 0.5.1
Check: for GNU extensions in Makefiles
Result: NOTE
    GNU make is a SystemRequirements.
Flavors: r-devel-linux-x86_64-debian-clang, r-devel-linux-x86_64-fedora-clang, r-devel-linux-x86_64-fedora-gcc, r-devel-windows-ix86+x86_64, r-patched-linux-x86_64, r-patched-solaris-x86, r-release-linux-x86_64, r-release-windows-ix86+x86_64, r-release-osx-x86_64, r-oldrel-windows-ix86+x86_64

Version: 0.5.1
Check: package dependencies
Result: ERROR
    Packages required but not available:
     ‘dplyr’ ‘purrr’ ‘ijtiff’ ‘autothresholdr’ ‘filesstrings’
    
    See section ‘The DESCRIPTION file’ in the ‘Writing R Extensions’
    manual.
Flavor: r-devel-linux-x86_64-debian-gcc

Version: 0.5.1
Check: installed package size
Result: NOTE
     installed size is 6.2Mb
     sub-directories of 1Mb or more:
     libs 5.4Mb
Flavor: r-devel-linux-x86_64-fedora-gcc

Version: 0.5.0
Check: for GNU extensions in Makefiles
Result: NOTE
    GNU make is a SystemRequirements.
Flavor: r-oldrel-osx-x86_64

Version: 0.5.0
Check: tests
Result: ERROR
     Running ‘testthat.R’ [95s/85s]
    Running the tests in ‘tests/testthat.R’ failed.
    Last 13 lines of output:
     Expected match: "The length of `frames_losing` must be the same as the number of frames in `arr3d`."
     Actual message: "c++ exception (unknown reason)"
    
     ── 2. Failure: rboxes derivatives error correctly (@test-utils.R#74) ──────────
     `px_take_mat(mat, mat, 1:2, 3)` threw an error with unexpected message.
     Expected match: "The length of `frames_losing` must be the same as the number of frames in `arr3d`."
     Actual message: "c++ exception (unknown reason)"
    
     ══ testthat results ═══════════════════════════════════════════════════════════
     OK: 209 SKIPPED: 8 FAILED: 2
     1. Failure: rboxes derivatives error correctly (@test-utils.R#70)
     2. Failure: rboxes derivatives error correctly (@test-utils.R#74)
    
     Error: testthat unit tests failed
     Execution halted
Flavor: r-oldrel-osx-x86_64