CRAN Package Check Results for Package detrendr

Last updated on 2018-02-25 17:48:43 CET.

Flavor Version Tinstall Tcheck Ttotal Status Flags
r-devel-linux-x86_64-debian-clang 0.4.0 69.32 158.77 228.09 NOTE
r-devel-linux-x86_64-debian-gcc 0.4.0 55.32 111.75 167.07 NOTE
r-devel-linux-x86_64-fedora-clang 0.4.0 278.35 NOTE
r-devel-linux-x86_64-fedora-gcc 0.4.0 260.56 NOTE
r-devel-windows-ix86+x86_64 0.4.0 207.00 415.00 622.00 NOTE
r-patched-linux-x86_64 0.4.0 68.10 156.14 224.24 NOTE
r-patched-solaris-x86 0.4.0 475.10 ERROR
r-release-linux-x86_64 0.4.0 70.96 156.36 227.32 NOTE
r-release-windows-ix86+x86_64 0.4.0 211.00 464.00 675.00 NOTE
r-release-osx-x86_64 0.4.0 ERROR
r-oldrel-windows-ix86+x86_64 0.4.0 140.00 327.00 467.00 NOTE
r-oldrel-osx-x86_64 0.2.0 ERROR

Additional issues

clang-UBSAN gcc-UBSAN

Check Details

Version: 0.4.0
Check: for GNU extensions in Makefiles
Result: NOTE
    GNU make is a SystemRequirements.
Flavors: r-devel-linux-x86_64-debian-clang, r-devel-linux-x86_64-debian-gcc, r-devel-linux-x86_64-fedora-clang, r-devel-linux-x86_64-fedora-gcc, r-devel-windows-ix86+x86_64, r-patched-linux-x86_64, r-patched-solaris-x86, r-release-linux-x86_64, r-release-windows-ix86+x86_64, r-release-osx-x86_64, r-oldrel-windows-ix86+x86_64

Version: 0.4.0
Check: tests
Result: ERROR
     Running ‘testthat.R’ [278s/234s]
    Running the tests in ‘tests/testthat.R’ failed.
    Complete output:
     > library(testthat)
     > library(detrendr)
     >
     > test_check("detrendr")
     ── 1. Failure: best_tau works (@test-best_params.R#10) ────────────────────────
     round(best_tau(img, seed = 7)) not equal to 6618.
     1/1 mismatches
     [1] NA - 6618 == NA
    
     ── 2. Failure: best_l works (@test-best_params.R#22) ──────────────────────────
     round(best_tau(img, seed = 7)) not equal to 28372.
     1/1 mismatches
     [1] NA - 28372 == NA
    
     ── 3. Failure: best_l works (@test-best_params.R#27) ──────────────────────────
     `best_l(img)` did not throw an error.
    
     ══ testthat results ═══════════════════════════════════════════════════════════
     OK: 75 SKIPPED: 0 FAILED: 3
     1. Failure: best_tau works (@test-best_params.R#10)
     2. Failure: best_l works (@test-best_params.R#22)
     3. Failure: best_l works (@test-best_params.R#27)
    
     Error: testthat unit tests failed
     Execution halted
Flavor: r-patched-solaris-x86

Version: 0.4.0
Check: tests
Result: ERROR
     Running ‘testthat.R’ [79s/71s]
    Running the tests in ‘tests/testthat.R’ failed.
    Last 13 lines of output:
     > library(testthat)
     > library(detrendr)
     >
     > test_check("detrendr")
     ── 1. Failure: cpp smoothing functions work (@test-smooth.R#12) ───────────────
     `weighted_smooth(v, rep(1, 20))` threw an error with unexpected message.
     Expected match: "must be odd"
     Actual message: "c++ exception (unknown reason)"
    
     ══ testthat results ═══════════════════════════════════════════════════════════
     OK: 77 SKIPPED: 0 FAILED: 1
     1. Failure: cpp smoothing functions work (@test-smooth.R#12)
    
     Error: testthat unit tests failed
     Execution halted
Flavor: r-release-osx-x86_64

Version: 0.2.0
Check: package dependencies
Result: ERROR
    Package required but not available: ‘ijtiff’
    
    See section ‘The DESCRIPTION file’ in the ‘Writing R Extensions’
    manual.
Flavor: r-oldrel-osx-x86_64