CRAN Package Check Results for Package detrendr

Last updated on 2018-11-14 18:47:47 CET.

Flavor Version Tinstall Tcheck Ttotal Status Flags
r-devel-linux-x86_64-debian-clang 0.6.0 113.71 363.95 477.66 NOTE
r-devel-linux-x86_64-debian-gcc 0.6.0 89.69 272.51 362.20 NOTE
r-devel-linux-x86_64-fedora-clang 0.6.0 461.53 NOTE
r-devel-linux-x86_64-fedora-gcc 0.6.0 528.25 NOTE
r-devel-windows-ix86+x86_64 0.6.0 246.00 532.00 778.00 NOTE
r-patched-linux-x86_64 0.6.0 106.84 321.30 428.14 NOTE
r-patched-solaris-x86 0.6.0 695.90 NOTE
r-release-linux-x86_64 0.6.0 113.35 331.24 444.59 NOTE
r-release-windows-ix86+x86_64 0.6.0 277.00 602.00 879.00 NOTE
r-release-osx-x86_64 0.6.0 NOTE
r-oldrel-windows-ix86+x86_64 0.6.0 327.00 704.00 1031.00 NOTE
r-oldrel-osx-x86_64 0.6.0 NOTE

Additional issues

clang-UBSAN gcc-UBSAN

Check Details

Version: 0.6.0
Check: for GNU extensions in Makefiles
Result: NOTE
    GNU make is a SystemRequirements.
Flavors: r-devel-linux-x86_64-debian-clang, r-devel-linux-x86_64-debian-gcc, r-devel-linux-x86_64-fedora-clang, r-devel-linux-x86_64-fedora-gcc, r-devel-windows-ix86+x86_64, r-patched-linux-x86_64, r-patched-solaris-x86, r-release-linux-x86_64, r-release-windows-ix86+x86_64, r-release-osx-x86_64, r-oldrel-windows-ix86+x86_64, r-oldrel-osx-x86_64