CRAN Package Check Results for Package detzrcr

Last updated on 2018-05-24 02:48:16 CEST.

Flavor Version Tinstall Tcheck Ttotal Status Flags
r-devel-linux-x86_64-debian-clang 0.2.2 2.86 25.07 27.93 OK
r-devel-linux-x86_64-debian-gcc 0.2.2 1.79 21.77 23.56 OK
r-devel-linux-x86_64-fedora-clang 0.2.2 36.24 NOTE
r-devel-linux-x86_64-fedora-gcc 0.2.2 34.49 NOTE
r-devel-windows-ix86+x86_64 0.2.2 5.00 49.00 54.00 OK
r-patched-linux-x86_64 0.2.2 3.05 26.49 29.54 OK
r-patched-solaris-x86 0.2.2 52.80 NOTE
r-release-linux-x86_64 0.2.2 2.65 26.50 29.15 OK
r-release-windows-ix86+x86_64 0.2.2 7.00 50.00 57.00 OK
r-release-osx-x86_64 0.2.2 NOTE
r-oldrel-windows-ix86+x86_64 0.2.2 9.00 57.00 66.00 OK
r-oldrel-osx-x86_64 0.2.2 NOTE

Check Details

Version: 0.2.2
Check: dependencies in R code
Result: NOTE
    Namespace in Imports field not imported from: ‘utils’
     All declared Imports should be used.
Flavors: r-devel-linux-x86_64-fedora-clang, r-devel-linux-x86_64-fedora-gcc, r-patched-solaris-x86, r-release-osx-x86_64, r-oldrel-osx-x86_64