CRAN Package Check Results for Package detzrcr

Last updated on 2022-08-15 13:51:57 CEST.

Flavor Version Tinstall Tcheck Ttotal Status Flags
r-devel-linux-x86_64-debian-clang 0.3.1 3.95 35.34 39.29 NOTE
r-devel-linux-x86_64-debian-gcc 0.3.1 3.20 27.39 30.59 NOTE
r-devel-linux-x86_64-fedora-clang 0.3.1 58.35 NOTE
r-devel-linux-x86_64-fedora-gcc 0.3.1 57.98 NOTE
r-devel-windows-x86_64 0.3.1 19.00 66.00 85.00 NOTE
r-patched-linux-x86_64 0.3.1 3.76 33.07 36.83 NOTE
r-release-linux-x86_64 0.3.1 3.84 33.79 37.63 NOTE
r-release-macos-arm64 0.3.1 21.00 NOTE
r-release-macos-x86_64 0.3.1 35.00 NOTE
r-release-windows-x86_64 0.3.1 36.00 65.00 101.00 NOTE
r-oldrel-macos-arm64 0.3.1 26.00 NOTE
r-oldrel-macos-x86_64 0.3.1 33.00 NOTE
r-oldrel-windows-ix86+x86_64 0.3.1 10.00 58.00 68.00 NOTE

Check Details

Version: 0.3.1
Check: LazyData
Result: NOTE
     'LazyData' is specified without a 'data' directory
Flavors: r-devel-linux-x86_64-debian-clang, r-devel-linux-x86_64-debian-gcc, r-devel-linux-x86_64-fedora-clang, r-devel-linux-x86_64-fedora-gcc, r-devel-windows-x86_64, r-patched-linux-x86_64, r-release-linux-x86_64, r-release-macos-arm64, r-release-macos-x86_64, r-release-windows-x86_64, r-oldrel-macos-arm64, r-oldrel-macos-x86_64, r-oldrel-windows-ix86+x86_64

Version: 0.3.1
Check: dependencies in R code
Result: NOTE
    Namespaces in Imports field not imported from:
     ‘DT’ ‘utils’
     All declared Imports should be used.
Flavors: r-devel-linux-x86_64-fedora-clang, r-devel-linux-x86_64-fedora-gcc, r-release-macos-arm64, r-release-macos-x86_64, r-oldrel-macos-arm64, r-oldrel-macos-x86_64