CRAN Package Check Results for Package detzrcr

Last updated on 2018-02-24 22:47:23 CET.

Flavor Version Tinstall Tcheck Ttotal Status Flags
r-devel-linux-x86_64-debian-clang 0.2.1 2.26 26.20 28.46 OK
r-devel-linux-x86_64-debian-gcc 0.2.1 2.11 21.06 23.17 OK
r-devel-linux-x86_64-fedora-clang 0.2.1 36.10 NOTE
r-devel-linux-x86_64-fedora-gcc 0.2.1 33.03 NOTE
r-devel-windows-ix86+x86_64 0.2.1 6.00 55.00 61.00 OK
r-patched-linux-x86_64 0.2.1 1.38 27.10 28.48 OK
r-patched-solaris-x86 0.2.1 44.70 NOTE
r-release-linux-x86_64 0.2.1 1.68 26.92 28.60 OK
r-release-windows-ix86+x86_64 0.2.1 6.00 53.00 59.00 OK
r-release-osx-x86_64 0.2.1 NOTE
r-oldrel-windows-ix86+x86_64 0.2.1 4.00 39.00 43.00 OK
r-oldrel-osx-x86_64 0.2.0 NOTE

Check Details

Version: 0.2.1
Check: dependencies in R code
Result: NOTE
    Namespace in Imports field not imported from: ‘utils’
     All declared Imports should be used.
Flavors: r-devel-linux-x86_64-fedora-clang, r-devel-linux-x86_64-fedora-gcc, r-patched-solaris-x86, r-release-osx-x86_64

Version: 0.2.0
Check: dependencies in R code
Result: NOTE
    Namespace in Imports field not imported from: ‘utils’
     All declared Imports should be used.
Flavor: r-oldrel-osx-x86_64