CRAN Package Check Results for Package detzrcr

Last updated on 2019-02-21 01:50:39 CET.

Flavor Version Tinstall Tcheck Ttotal Status Flags
r-devel-linux-x86_64-debian-clang 0.2.3 2.75 28.62 31.37 OK
r-devel-linux-x86_64-debian-gcc 0.2.3 2.70 22.68 25.38 OK
r-devel-linux-x86_64-fedora-clang 0.2.3 38.85 NOTE
r-devel-linux-x86_64-fedora-gcc 0.2.3 35.98 NOTE
r-devel-windows-ix86+x86_64 0.2.3 9.00 54.00 63.00 OK
r-patched-linux-x86_64 0.2.3 OK
r-patched-solaris-x86 0.2.3 51.20 NOTE
r-release-linux-x86_64 0.2.3 OK
r-release-windows-ix86+x86_64 0.2.3 5.00 61.00 66.00 OK
r-release-osx-x86_64 0.2.3 NOTE
r-oldrel-windows-ix86+x86_64 0.2.3 4.00 43.00 47.00 OK
r-oldrel-osx-x86_64 0.2.3 NOTE

Check Details

Version: 0.2.3
Check: dependencies in R code
Result: NOTE
    Namespace in Imports field not imported from: ‘utils’
     All declared Imports should be used.
Flavors: r-devel-linux-x86_64-fedora-clang, r-devel-linux-x86_64-fedora-gcc, r-patched-solaris-x86, r-release-osx-x86_64, r-oldrel-osx-x86_64