CRAN Package Check Results for Package detzrcr

Last updated on 2018-11-18 12:46:18 CET.

Flavor Version Tinstall Tcheck Ttotal Status Flags
r-devel-linux-x86_64-debian-clang 0.2.3 2.96 28.01 30.97 OK
r-devel-linux-x86_64-debian-gcc 0.2.3 2.12 22.84 24.96 OK
r-devel-linux-x86_64-fedora-clang 0.2.3 36.73 NOTE
r-devel-linux-x86_64-fedora-gcc 0.2.3 34.84 NOTE
r-devel-windows-ix86+x86_64 0.2.3 6.00 43.00 49.00 OK
r-patched-linux-x86_64 0.2.3 2.68 26.68 29.36 OK
r-patched-solaris-x86 0.2.3 52.20 NOTE
r-release-linux-x86_64 0.2.3 2.83 27.02 29.85 OK
r-release-windows-ix86+x86_64 0.2.3 8.00 41.00 49.00 OK
r-release-osx-x86_64 0.2.3 NOTE
r-oldrel-windows-ix86+x86_64 0.2.3 4.00 48.00 52.00 OK
r-oldrel-osx-x86_64 0.2.3 NOTE

Check Details

Version: 0.2.3
Check: dependencies in R code
Result: NOTE
    Namespace in Imports field not imported from: ‘utils’
     All declared Imports should be used.
Flavors: r-devel-linux-x86_64-fedora-clang, r-devel-linux-x86_64-fedora-gcc, r-patched-solaris-x86, r-release-osx-x86_64, r-oldrel-osx-x86_64