CRAN Package Check Results for Package detzrcr

Last updated on 2018-08-20 15:51:35 CEST.

Flavor Version Tinstall Tcheck Ttotal Status Flags
r-devel-linux-x86_64-debian-clang 0.2.3 2.21 28.51 30.72 OK
r-devel-linux-x86_64-debian-gcc 0.2.3 2.03 22.93 24.96 OK
r-devel-linux-x86_64-fedora-clang 0.2.3 37.13 NOTE
r-devel-linux-x86_64-fedora-gcc 0.2.3 35.21 NOTE
r-devel-windows-ix86+x86_64 0.2.3 7.00 58.00 65.00 OK
r-patched-linux-x86_64 0.2.3 2.96 26.69 29.65 OK
r-patched-solaris-x86 0.2.3 52.90 NOTE
r-release-linux-x86_64 0.2.3 2.75 26.89 29.64 OK
r-release-windows-ix86+x86_64 0.2.3 6.00 60.00 66.00 OK
r-release-osx-x86_64 0.2.3 NOTE
r-oldrel-windows-ix86+x86_64 0.2.3 4.00 59.00 63.00 OK
r-oldrel-osx-x86_64 0.2.3 NOTE

Check Details

Version: 0.2.3
Check: dependencies in R code
Result: NOTE
    Namespace in Imports field not imported from: ‘utils’
     All declared Imports should be used.
Flavors: r-devel-linux-x86_64-fedora-clang, r-devel-linux-x86_64-fedora-gcc, r-patched-solaris-x86, r-release-osx-x86_64, r-oldrel-osx-x86_64