CRAN Package Check Results for Package devtools

Last updated on 2019-01-24 06:47:04 CET.

Flavor Version Tinstall Tcheck Ttotal Status Flags
r-devel-linux-x86_64-debian-clang 2.0.1 7.42 114.77 122.19 NOTE
r-devel-linux-x86_64-debian-gcc 2.0.1 5.96 87.80 93.76 NOTE
r-devel-linux-x86_64-fedora-clang 2.0.1 143.09 NOTE
r-devel-linux-x86_64-fedora-gcc 2.0.1 134.38 NOTE
r-devel-windows-ix86+x86_64 2.0.1 16.00 232.00 248.00 OK
r-patched-linux-x86_64 2.0.1 7.12 104.79 111.91 OK
r-patched-solaris-x86 2.0.1 195.80 ERROR
r-release-linux-x86_64 2.0.1 6.80 103.83 110.63 OK
r-release-windows-ix86+x86_64 2.0.1 11.00 222.00 233.00 OK
r-release-osx-x86_64 2.0.1 ERROR
r-oldrel-windows-ix86+x86_64 2.0.1 12.00 185.00 197.00 NOTE
r-oldrel-osx-x86_64 2.0.1 ERROR

Check Details

Version: 2.0.1
Check: package dependencies
Result: NOTE
    Package suggested but not available for checking: ‘BiocInstaller’
Flavors: r-devel-linux-x86_64-debian-clang, r-devel-linux-x86_64-debian-gcc, r-devel-linux-x86_64-fedora-clang, r-devel-linux-x86_64-fedora-gcc

Version: 2.0.1
Check: tests
Result: ERROR
     Running ‘test-that.R’ [104s/149s]
    Running the tests in ‘tests/test-that.R’ failed.
    Complete output:
     > library(testthat)
     > test_check("devtools")
     Loading required package: devtools
     Error : pandoc version 1.12.3 or higher is required and was not found (see the help page ?rmarkdown::pandoc_available).
     ── 1. Error: Package readme can be built (@test-build-readme.R#8) ────────────
     pandoc version 1.12.3 or higher is required and was not found (see the help page ?rmarkdown::pandoc_available).
     1: build_readme("testReadme") at testthat/test-build-readme.R:8
     2: callr::r(build, args = list(pkg_path = pkg$path, readme_path = readme_path, ... = ...,
     quiet = quiet), show = TRUE, spinner = FALSE)
     3: get_result(output = out, options)
    
     ══ testthat results ═══════════════════════════════════════════════════════════
     OK: 42 SKIPPED: 11 FAILED: 1
     1. Error: Package readme can be built (@test-build-readme.R#8)
    
     Error: testthat unit tests failed
     Execution halted
Flavor: r-patched-solaris-x86

Version: 2.0.1
Check: tests
Result: ERROR
     Running ‘test-that.R’ [86s/91s]
    Running the tests in ‘tests/test-that.R’ failed.
    Last 13 lines of output:
     Loading required package: devtools
     Error : pandoc version 1.12.3 or higher is required and was not found (see the help page ?rmarkdown::pandoc_available).
     ── 1. Error: Package readme can be built (@test-build-readme.R#8) ────────────
     pandoc version 1.12.3 or higher is required and was not found (see the help page ?rmarkdown::pandoc_available).
     1: build_readme("testReadme") at testthat/test-build-readme.R:8
     2: callr::r(build, args = list(pkg_path = pkg$path, readme_path = readme_path, ... = ...,
     quiet = quiet), show = TRUE, spinner = FALSE)
     3: get_result(output = out, options)
    
     ══ testthat results ═══════════════════════════════════════════════════════════
     OK: 42 SKIPPED: 11 FAILED: 1
     1. Error: Package readme can be built (@test-build-readme.R#8)
    
     Error: testthat unit tests failed
     Execution halted
Flavor: r-release-osx-x86_64

Version: 2.0.1
Check: package dependencies
Result: NOTE
    Package suggested but not available for checking: 'BiocManager'
Flavors: r-oldrel-windows-ix86+x86_64, r-oldrel-osx-x86_64

Version: 2.0.1
Check: tests
Result: ERROR
     Running ‘test-that.R’ [96s/99s]
    Running the tests in ‘tests/test-that.R’ failed.
    Last 13 lines of output:
     Loading required package: devtools
     Error : pandoc version 1.12.3 or higher is required and was not found (see the help page ?rmarkdown::pandoc_available).
     ── 1. Error: Package readme can be built (@test-build-readme.R#8) ────────────
     pandoc version 1.12.3 or higher is required and was not found (see the help page ?rmarkdown::pandoc_available).
     1: build_readme("testReadme") at testthat/test-build-readme.R:8
     2: callr::r(build, args = list(pkg_path = pkg$path, readme_path = readme_path, ... = ...,
     quiet = quiet), show = TRUE, spinner = FALSE)
     3: get_result(output = out, options)
    
     ══ testthat results ═══════════════════════════════════════════════════════════
     OK: 42 SKIPPED: 11 FAILED: 1
     1. Error: Package readme can be built (@test-build-readme.R#8)
    
     Error: testthat unit tests failed
     Execution halted
Flavor: r-oldrel-osx-x86_64