CRAN Package Check Results for Package devtools

Last updated on 2018-05-27 10:50:10 CEST.

Flavor Version Tinstall Tcheck Ttotal Status Flags
r-devel-linux-x86_64-debian-clang 1.13.5 7.58 128.24 135.82 OK
r-devel-linux-x86_64-debian-gcc 1.13.5 7.71 101.07 108.78 OK
r-devel-linux-x86_64-fedora-clang 1.13.5 152.11 OK
r-devel-linux-x86_64-fedora-gcc 1.13.5 144.82 OK
r-devel-windows-ix86+x86_64 1.13.5 13.00 150.00 163.00 ERROR
r-patched-linux-x86_64 1.13.5 7.48 125.86 133.34 OK
r-patched-solaris-x86 1.13.5 172.10 OK
r-release-linux-x86_64 1.13.5 7.37 123.18 130.55 OK
r-release-windows-ix86+x86_64 1.13.5 18.00 220.00 238.00 ERROR
r-release-osx-x86_64 1.13.5 ERROR
r-oldrel-windows-ix86+x86_64 1.13.5 12.00 148.00 160.00 ERROR
r-oldrel-osx-x86_64 1.13.5 OK

Check Details

Version: 1.13.5
Check: tests
Result: ERROR
     Running 'has-devel.R' [2s]
     Running 'test-that.R' [70s]
    Running the tests in 'tests/test-that.R' failed.
    Complete output:
     > library(testthat)
     > test_check("devtools")
     Loading required package: devtools
    
     Attaching package: 'devtools'
    
     The following object is masked from 'package:testthat':
    
     setup
    
     -- 1. Failure: remote_sha.github_remote returns expected value if remote does ex
     remote_sha(github_remote("hadley/devtools@v1.8.0")) not equal to "ad9aac7b9a522354e1ff363a86f389e32cec181b".
     1/1 mismatches
     x[1]: NA
     y[1]: "ad9aac7b9a522354e1ff363a86f389e32cec181b"
    
    
     == testthat results ===========================================================
     OK: 400 SKIPPED: 10 FAILED: 1
     1. Failure: remote_sha.github_remote returns expected value if remote does exist (@test-remotes.r#75)
    
     Error: testthat unit tests failed
     Execution halted
Flavor: r-devel-windows-ix86+x86_64

Version: 1.13.5
Check: tests
Result: ERROR
     Running 'has-devel.R' [3s]
     Running 'test-that.R' [118s]
    Running the tests in 'tests/test-that.R' failed.
    Complete output:
     > library(testthat)
     > test_check("devtools")
     Loading required package: devtools
    
     Attaching package: 'devtools'
    
     The following object is masked from 'package:testthat':
    
     setup
    
     -- 1. Failure: remote_sha.github_remote returns expected value if remote does ex
     remote_sha(github_remote("hadley/devtools@v1.8.0")) not equal to "ad9aac7b9a522354e1ff363a86f389e32cec181b".
     1/1 mismatches
     x[1]: NA
     y[1]: "ad9aac7b9a522354e1ff363a86f389e32cec181b"
    
    
     == testthat results ===========================================================
     OK: 400 SKIPPED: 10 FAILED: 1
     1. Failure: remote_sha.github_remote returns expected value if remote does exist (@test-remotes.r#75)
    
     Error: testthat unit tests failed
     Execution halted
Flavor: r-release-windows-ix86+x86_64

Version: 1.13.5
Check: tests
Result: ERROR
     Running ‘has-devel.R’ [1s/2s]
     Running ‘test-that.R’ [136s/203s]
    Running the tests in ‘tests/test-that.R’ failed.
    Last 13 lines of output:
     setup
    
     ── 1. Failure: remote_sha.github_remote returns expected value if remote does ex
     remote_sha(github_remote("hadley/devtools@v1.8.0")) not equal to "ad9aac7b9a522354e1ff363a86f389e32cec181b".
     1/1 mismatches
     x[1]: NA
     y[1]: "ad9aac7b9a522354e1ff363a86f389e32cec181b"
    
    
     ══ testthat results ═══════════════════════════════════════════════════════════
     OK: 393 SKIPPED: 10 FAILED: 1
     1. Failure: remote_sha.github_remote returns expected value if remote does exist (@test-remotes.r#75)
    
     Error: testthat unit tests failed
     Execution halted
Flavor: r-release-osx-x86_64

Version: 1.13.5
Check: tests
Result: ERROR
     Running 'has-devel.R' [3s]
     Running 'test-that.R' [102s]
    Running the tests in 'tests/test-that.R' failed.
    Complete output:
     > library(testthat)
     > test_check("devtools")
     Loading required package: devtools
    
     Attaching package: 'devtools'
    
     The following object is masked from 'package:testthat':
    
     setup
    
     -- 1. Failure: remote_sha.github_remote returns expected value if remote does ex
     remote_sha(github_remote("hadley/devtools@v1.8.0")) not equal to "ad9aac7b9a522354e1ff363a86f389e32cec181b".
     1/1 mismatches
     x[1]: NA
     y[1]: "ad9aac7b9a522354e1ff363a86f389e32cec181b"
    
    
     == testthat results ===========================================================
     OK: 400 SKIPPED: 10 FAILED: 1
     1. Failure: remote_sha.github_remote returns expected value if remote does exist (@test-remotes.r#75)
    
     Error: testthat unit tests failed
     Execution halted
Flavor: r-oldrel-windows-ix86+x86_64