CRAN Package Check Results for Package devtools

Last updated on 2018-10-18 14:47:16 CEST.

Flavor Version Tinstall Tcheck Ttotal Status Flags
r-devel-linux-x86_64-debian-clang 1.13.6 8.06 119.20 127.26 ERROR
r-devel-linux-x86_64-debian-gcc 1.13.6 ERROR
r-devel-linux-x86_64-fedora-clang 1.13.6 157.73 ERROR
r-devel-linux-x86_64-fedora-gcc 1.13.6 147.32 ERROR
r-devel-windows-ix86+x86_64 1.13.6 15.00 189.00 204.00 ERROR
r-patched-linux-x86_64 1.13.6 7.01 115.34 122.35 OK
r-patched-solaris-x86 1.13.6 165.90 OK
r-release-linux-x86_64 1.13.6 7.25 115.04 122.29 OK
r-release-windows-ix86+x86_64 1.13.6 14.00 222.00 236.00 OK
r-release-osx-x86_64 1.13.6 OK
r-oldrel-windows-ix86+x86_64 1.13.6 8.00 213.00 221.00 OK
r-oldrel-osx-x86_64 1.13.6 OK

Check Details

Version: 1.13.6
Check: tests
Result: ERROR
     Running ‘has-devel.R’ [1s/2s]
     Running ‘test-that.R’ [53s/81s]
    Running the tests in ‘tests/test-that.R’ failed.
    Complete output:
     > library(testthat)
     > test_check("devtools")
     Loading required package: devtools
    
     Attaching package: 'devtools'
    
     The following object is masked from 'package:testthat':
    
     setup
    
     ── 1. Error: load_all() compiles and loads DLLs (@test-dll.r#43) ──────────────
     object 'nativeRoutines' not found
     1: load_all("testDllLoad", reset = TRUE, quiet = TRUE) at testthat/test-dll.r:43
     2: load_dll(pkg)
    
     ── 2. Error: Specific functions from DLLs listed in NAMESPACE can be called (@te
     object 'nativeRoutines' not found
     1: load_all("testDllLoad", quiet = TRUE) at testthat/test-dll.r:81
     2: load_dll(pkg)
    
     ── 3. Error: load_all() can compile and load DLLs linked to Rcpp (@test-dll.r#10
     object 'nativeRoutines' not found
     1: load_all("testDllRcpp", reset = TRUE, quiet = TRUE) at testthat/test-dll.r:109
     2: load_dll(pkg)
    
    
     ══ testthat results ═══════════════════════════════════════════════════════════
     OK: 381 SKIPPED: 11 FAILED: 3
     1. Error: load_all() compiles and loads DLLs (@test-dll.r#43)
     2. Error: Specific functions from DLLs listed in NAMESPACE can be called (@test-dll.r#81)
     3. Error: load_all() can compile and load DLLs linked to Rcpp (@test-dll.r#109)
    
     Error: testthat unit tests failed
     Execution halted
Flavor: r-devel-linux-x86_64-debian-clang

Version: 1.13.6
Check: tests
Result: ERROR
     Running ‘has-devel.R’ [1s/2s]
     Running ‘test-that.R’ [41s/92s]
    Running the tests in ‘tests/test-that.R’ failed.
    Complete output:
     > library(testthat)
     > test_check("devtools")
     Loading required package: devtools
    
     Attaching package: 'devtools'
    
     The following object is masked from 'package:testthat':
    
     setup
    
     ── 1. Error: load_all() compiles and loads DLLs (@test-dll.r#43) ──────────────
     object 'nativeRoutines' not found
     1: load_all("testDllLoad", reset = TRUE, quiet = TRUE) at testthat/test-dll.r:43
     2: load_dll(pkg)
    
     ── 2. Error: Specific functions from DLLs listed in NAMESPACE can be called (@te
     object 'nativeRoutines' not found
     1: load_all("testDllLoad", quiet = TRUE) at testthat/test-dll.r:81
     2: load_dll(pkg)
    
     ── 3. Error: load_all() can compile and load DLLs linked to Rcpp (@test-dll.r#10
     object 'nativeRoutines' not found
     1: load_all("testDllRcpp", reset = TRUE, quiet = TRUE) at testthat/test-dll.r:109
     2: load_dll(pkg)
    
    
     ══ testthat results ═══════════════════════════════════════════════════════════
     OK: 381 SKIPPED: 11 FAILED: 3
     1. Error: load_all() compiles and loads DLLs (@test-dll.r#43)
     2. Error: Specific functions from DLLs listed in NAMESPACE can be called (@test-dll.r#81)
     3. Error: load_all() can compile and load DLLs linked to Rcpp (@test-dll.r#109)
    
     Error: testthat unit tests failed
     Execution halted
Flavor: r-devel-linux-x86_64-debian-gcc

Version: 1.13.6
Check: tests
Result: ERROR
     Running ‘has-devel.R’
     Running ‘test-that.R’ [68s/93s]
    Running the tests in ‘tests/test-that.R’ failed.
    Complete output:
     > library(testthat)
     > test_check("devtools")
     Loading required package: devtools
    
     Attaching package: 'devtools'
    
     The following object is masked from 'package:testthat':
    
     setup
    
     ── 1. Error: load_all() compiles and loads DLLs (@test-dll.r#43) ──────────────
     object 'nativeRoutines' not found
     1: load_all("testDllLoad", reset = TRUE, quiet = TRUE) at testthat/test-dll.r:43
     2: load_dll(pkg)
    
     ── 2. Error: Specific functions from DLLs listed in NAMESPACE can be called (@te
     object 'nativeRoutines' not found
     1: load_all("testDllLoad", quiet = TRUE) at testthat/test-dll.r:81
     2: load_dll(pkg)
    
     ── 3. Error: load_all() can compile and load DLLs linked to Rcpp (@test-dll.r#10
     object 'nativeRoutines' not found
     1: load_all("testDllRcpp", reset = TRUE, quiet = TRUE) at testthat/test-dll.r:109
     2: load_dll(pkg)
    
    
     ══ testthat results ═══════════════════════════════════════════════════════════
     OK: 381 SKIPPED: 11 FAILED: 3
     1. Error: load_all() compiles and loads DLLs (@test-dll.r#43)
     2. Error: Specific functions from DLLs listed in NAMESPACE can be called (@test-dll.r#81)
     3. Error: load_all() can compile and load DLLs linked to Rcpp (@test-dll.r#109)
    
     Error: testthat unit tests failed
     Execution halted
Flavor: r-devel-linux-x86_64-fedora-clang

Version: 1.13.6
Check: tests
Result: ERROR
     Running ‘has-devel.R’
     Running ‘test-that.R’ [61s/100s]
    Running the tests in ‘tests/test-that.R’ failed.
    Complete output:
     > library(testthat)
     > test_check("devtools")
     Loading required package: devtools
    
     Attaching package: 'devtools'
    
     The following object is masked from 'package:testthat':
    
     setup
    
     ── 1. Error: load_all() compiles and loads DLLs (@test-dll.r#43) ──────────────
     object 'nativeRoutines' not found
     1: load_all("testDllLoad", reset = TRUE, quiet = TRUE) at testthat/test-dll.r:43
     2: load_dll(pkg)
    
     ── 2. Error: Specific functions from DLLs listed in NAMESPACE can be called (@te
     object 'nativeRoutines' not found
     1: load_all("testDllLoad", quiet = TRUE) at testthat/test-dll.r:81
     2: load_dll(pkg)
    
     ── 3. Error: load_all() can compile and load DLLs linked to Rcpp (@test-dll.r#10
     object 'nativeRoutines' not found
     1: load_all("testDllRcpp", reset = TRUE, quiet = TRUE) at testthat/test-dll.r:109
     2: load_dll(pkg)
    
    
     ══ testthat results ═══════════════════════════════════════════════════════════
     OK: 381 SKIPPED: 11 FAILED: 3
     1. Error: load_all() compiles and loads DLLs (@test-dll.r#43)
     2. Error: Specific functions from DLLs listed in NAMESPACE can be called (@test-dll.r#81)
     3. Error: load_all() can compile and load DLLs linked to Rcpp (@test-dll.r#109)
    
     Error: testthat unit tests failed
     Execution halted
Flavor: r-devel-linux-x86_64-fedora-gcc

Version: 1.13.6
Check: tests
Result: ERROR
     Running 'has-devel.R' [3s]
     Running 'test-that.R' [116s]
    Running the tests in 'tests/test-that.R' failed.
    Complete output:
     > library(testthat)
     > test_check("devtools")
     Loading required package: devtools
    
     Attaching package: 'devtools'
    
     The following object is masked from 'package:testthat':
    
     setup
    
     -- 1. Error: load_all() compiles and loads DLLs (@test-dll.r#43) --------------
     object 'nativeRoutines' not found
     1: load_all("testDllLoad", reset = TRUE, quiet = TRUE) at testthat/test-dll.r:43
     2: load_dll(pkg)
    
     -- 2. Error: Specific functions from DLLs listed in NAMESPACE can be called (@te
     object 'nativeRoutines' not found
     1: load_all("testDllLoad", quiet = TRUE) at testthat/test-dll.r:81
     2: load_dll(pkg)
    
     -- 3. Error: load_all() can compile and load DLLs linked to Rcpp (@test-dll.r#10
     object 'nativeRoutines' not found
     1: load_all("testDllRcpp", reset = TRUE, quiet = TRUE) at testthat/test-dll.r:109
     2: load_dll(pkg)
    
    
     == testthat results ===========================================================
     OK: 388 SKIPPED: 11 FAILED: 3
     1. Error: load_all() compiles and loads DLLs (@test-dll.r#43)
     2. Error: Specific functions from DLLs listed in NAMESPACE can be called (@test-dll.r#81)
     3. Error: load_all() can compile and load DLLs linked to Rcpp (@test-dll.r#109)
    
     Error: testthat unit tests failed
     Execution halted
Flavor: r-devel-windows-ix86+x86_64