CRAN Package Check Results for Package dexter

Last updated on 2018-08-20 11:48:37 CEST.

Flavor Version Tinstall Tcheck Ttotal Status Flags
r-devel-linux-x86_64-debian-clang 0.8.0 14.10 242.82 256.92 OK
r-devel-linux-x86_64-debian-gcc 0.8.0 11.77 184.10 195.87 OK
r-devel-linux-x86_64-fedora-clang 0.8.0 299.33 OK
r-devel-linux-x86_64-fedora-gcc 0.8.0 295.33 OK
r-devel-windows-ix86+x86_64 0.8.0 48.00 401.00 449.00 OK
r-patched-linux-x86_64 0.8.0 13.50 239.17 252.67 OK
r-patched-solaris-x86 0.8.0 378.00 OK
r-release-linux-x86_64 0.8.0 12.51 235.48 247.99 OK
r-release-windows-ix86+x86_64 0.8.0 45.00 419.00 464.00 OK
r-release-osx-x86_64 0.8.0 OK
r-oldrel-windows-ix86+x86_64 0.8.0 27.00 354.00 381.00 ERROR
r-oldrel-osx-x86_64 0.8.0 OK

Check Details

Version: 0.8.0
Check: running tests for arch ‘x64’
Result: ERROR
     Running 'testthat.R' [21s]
    Running the tests in 'tests/testthat.R' failed.
    Complete output:
     > library(testthat)
     > library(dexter)
     Loading required package: RSQLite
     >
     > test_check("dexter")
     ==
     ==
     ==
     ==
    
     rules_changed: 1
     rules_added: 0
     ==
     ==
     ================================================================================
Flavor: r-oldrel-windows-ix86+x86_64

Version: 0.8.0
Check: re-building of vignette outputs
Result: WARN
    Error in re-building vignettes:
     ...
    Quitting from lines 33-35 (DIF_vignette.Rmd)
    Error: processing vignette 'DIF_vignette.Rmd' failed with diagnostics:
    'rho' must be an environment not pairlist: detected in C-level eval
    Execution halted
Flavor: r-oldrel-windows-ix86+x86_64