CRAN Package Check Results for Package dexter

Last updated on 2018-05-26 00:46:28 CEST.

Flavor Version Tinstall Tcheck Ttotal Status Flags
r-devel-linux-x86_64-debian-clang 0.7.0 13.32 264.20 277.52 OK
r-devel-linux-x86_64-debian-gcc 0.7.0 10.42 199.18 209.60 OK
r-devel-linux-x86_64-fedora-clang 0.7.0 320.07 NOTE
r-devel-linux-x86_64-fedora-gcc 0.7.0 319.90 NOTE
r-devel-windows-ix86+x86_64 0.7.0 36.00 335.00 371.00 OK
r-patched-linux-x86_64 0.7.0 14.37 261.99 276.36 OK
r-patched-solaris-x86 0.7.0 24.80 ERROR
r-release-linux-x86_64 0.7.0 12.35 257.13 269.48 OK
r-release-windows-ix86+x86_64 0.7.0 49.00 425.00 474.00 OK
r-release-osx-x86_64 0.7.0 NOTE
r-oldrel-windows-ix86+x86_64 0.7.0 45.00 357.00 402.00 OK
r-oldrel-osx-x86_64 0.6.0 NOTE

Check Details

Version: 0.7.0
Check: data for non-ASCII characters
Result: NOTE
     Note: found 109 marked UTF-8 strings
Flavors: r-devel-linux-x86_64-fedora-clang, r-devel-linux-x86_64-fedora-gcc, r-release-osx-x86_64

Version: 0.7.0
Check: whether package can be installed
Result: ERROR
    Installation failed.
Flavor: r-patched-solaris-x86

Version: 0.6.0
Check: data for non-ASCII characters
Result: NOTE
     Note: found 109 marked UTF-8 strings
Flavor: r-oldrel-osx-x86_64